-- Table structure for table `news_files`
--

CREATE TABLE `news_files` (
  `id` int unsigned NOT NULL AUTO_INCREMENT COMMENT 'ID',
  `news_group_id` int unsigned NOT NULL COMMENT '修理依頼ID',
  `file_id` bigint unsigned DEFAULT NULL COMMENT 'ファイルID',
  `created_at` datetime NOT NULL DEFAULT CURRENT_TIMESTAMP COMMENT '作成日時',
  `updated_at` datetime NOT NULL DEFAULT CURRENT_TIMESTAMP COMMENT '更新日時',
  `deleted_at` datetime DEFAULT NULL COMMENT '削除日時',
  PRIMARY KEY (`id`),
  KEY `news_news_group_id_index` (`news_group_id`),
  KEY `news_files_file_id_index` (`file_id`),
  CONSTRAINT `news_files_file_id_foreign` FOREIGN KEY (`file_id`) REFERENCES `files` (`id`)
) ENGINE=InnoDB AUTO_INCREMENT=3 DEFAULT CHARSET=utf8mb4 COLLATE=utf8mb4_unicode_ci;

--
-- Dumping data for table `news_files`
--

INSERT INTO `news_files` VALUES (1,1,86,'2023-09-08 22:52:04','2023-09-08 22:52:04',NULL),(2,1,87,'2023-09-08 22:52:04','2023-09-08 22:52:04',NULL);

--
-- Table structure for table `news_group_sequences`
--

CREATE TABLE `news_group_sequences` (
  `id` int unsigned NOT NULL AUTO_INCREMENT COMMENT 'ID',
  `created_at` datetime NOT NULL DEFAULT CURRENT_TIMESTAMP COMMENT '作成日時',
  `updated_at` datetime NOT NULL DEFAULT CURRENT_TIMESTAMP COMMENT '更新日時',
  `deleted_at` datetime DEFAULT NULL COMMENT '削除日時',
  PRIMARY KEY (`id`)
) ENGINE=InnoDB AUTO_INCREMENT=58 DEFAULT CHARSET=utf8mb4 COLLATE=utf8mb4_unicode_ci;

--
-- Dumping data for table `news_group_sequences`
--

INSERT INTO `news_group_sequences` VALUES (1,'2023-09-08 22:52:04','2023-09-08 22:52:04',NULL),(2,'2023-10-15 14:36:25','2023-10-15 14:36:25',NULL),(3,'2023-10-15 14:49:51','2023-10-15 14:49:51',NULL),(4,'2023-10-15 14:56:38','2023-10-15 14:56:38',NULL),(5,'2023-10-15 15:15:44','2023-10-15 15:15:44',NULL),(6,'2023-10-15 22:01:42','2023-10-15 22:01:42',NULL),(7,'2023-10-19 08:43:42','2023-10-19 08:43:42',NULL),(8,'2023-10-19 08:44:05','2023-10-19 08:44:05',NULL),(9,'2023-10-21 15:37:17','2023-10-21 15:37:17',NULL),(10,'2023-10-21 15:38:41','2023-10-21 15:38:41',NULL),(11,'2023-10-21 15:43:45','2023-10-21 15:43:45',NULL),(12,'2023-10-21 15:47:21','2023-10-21 15:47:21',NULL),(13,'2023-10-21 15:48:03','2023-10-21 15:48:03',NULL),(14,'2023-10-21 15:50:55','2023-10-21 15:50:55',NULL),(15,'2023-10-21 15:53:27','2023-10-21 15:53:27',NULL),(16,'2023-10-21 15:54:12','2023-10-21 15:54:12',NULL),(17,'2023-10-22 07:07:56','2023-10-22 07:07:56',NULL),(18,'2023-10-22 07:12:18','2023-10-22 07:12:18',NULL),(19,'2023-10-22 08:53:44','2023-10-22 08:53:44',NULL),(20,'2023-10-22 10:10:31','2023-10-22 10:10:31',NULL),(21,'2023-10-22 10:11:25','2023-10-22 10:11:25',NULL),(23,'2023-10-22 10:24:49','2023-10-22 10:24:49',NULL),(24,'2023-10-22 10:27:56','2023-10-22 10:27:56',NULL),(25,'2023-10-22 10:30:51','2023-10-22 10:30:51',NULL),(26,'2023-10-22 10:53:55','2023-10-22 10:53:55',NULL),(27,'2023-10-22 10:54:15','2023-10-22 10:54:15',NULL),(30,'2023-10-22 16:22:22','2023-10-22 16:22:22',NULL),(31,'2023-10-22 21:30:42','2023-10-22 21:30:42',NULL),(32,'2023-10-23 23:30:08','2023-10-23 23:30:08',NULL),(33,'2023-10-23 23:30:38','2023-10-23 23:30:38',NULL),(34,'2023-10-25 09:12:31','2023-10-25 09:12:31',NULL),(35,'2023-10-25 09:35:59','2023-10-25 09:35:59',NULL),(36,'2023-10-25 09:41:27','2023-10-25 09:41:27',NULL),(37,'2023-10-26 09:14:49','2023-10-26 09:14:49',NULL),(38,'2023-10-26 09:30:52','2023-10-26 09:30:52',NULL),(39,'2023-10-26 09:44:18','2023-10-26 09:44:18',NULL),(40,'2023-10-26 13:36:48','2023-10-26 13:36:48',NULL),(41,'2023-10-26 13:38:10','2023-10-26 13:38:10',NULL),(42,'2023-10-29 11:42:36','2023-10-29 11:42:36',NULL),(43,'2023-10-29 16:36:35','2023-10-29 16:36:35',NULL),(44,'2023-10-29 16:38:09','2023-10-29 16:38:09',NULL),(45,'2023-11-03 21:18:18','2023-11-03 21:18:18',NULL),(46,'2023-11-03 21:20:48','2023-11-03 21:20:48',NULL),(47,'2023-12-04 14:22:56','2023-12-04 14:22:56',NULL),(48,'2023-12-09 13:20:08','2023-12-09 13:20:08',NULL),(49,'2023-12-20 14:06:24','2023-12-20 14:06:24',NULL),(50,'2024-02-25 20:20:03','2024-02-25 20:20:03',NULL),(51,'2024-03-21 21:23:37','2024-03-21 21:23:37',NULL),(52,'2024-04-10 23:20:04','2024-04-10 23:20:04',NULL),(53,'2024-04-11 20:17:57','2024-04-11 20:17:57',NULL),(54,'2024-04-13 21:48:32','2024-04-13 21:48:32',NULL),(55,'2024-04-15 22:12:43','2024-04-15 22:12:43',NULL),(56,'2024-06-02 13:43:20','2024-06-02 13:43:20',NULL),(57,'2024-07-09 20:45:40','2024-07-09 20:45:40',NULL);

--
-- Table structure for table `oasys_functions`
--

CREATE TABLE `oasys_functions` (
  `id` int NOT NULL AUTO_INCREMENT COMMENT 'ID',
  `name` varchar(255) CHARACTER SET utf8mb4 COLLATE utf8mb4_unicode_ci NOT NULL COMMENT '機能名',
  `name_ja` varchar(255) CHARACTER SET utf8mb4 COLLATE utf8mb4_unicode_ci NOT NULL COMMENT '機能名(日本語)',
  `created_at` datetime NOT NULL DEFAULT CURRENT_TIMESTAMP COMMENT '作成日時',
  `updated_at` datetime NOT NULL DEFAULT CURRENT_TIMESTAMP ON UPDATE CURRENT_TIMESTAMP COMMENT '更新日時',
  `deleted_at` datetime DEFAULT NULL COMMENT '削除日時',
  PRIMARY KEY (`id`)
) ENGINE=InnoDB AUTO_INCREMENT=17 DEFAULT CHARSET=utf8mb4 COLLATE=utf8mb4_unicode_ci;

--
-- Dumping data for table `oasys_functions`
--

INSERT INTO `oasys_functions` VALUES (1,'employees','営業アカウント','2023-07-20 08:44:29','2024-03-06 12:04:15',NULL),(2,'clinics','医院','2023-07-20 08:44:29','2024-03-06 12:04:15',NULL),(3,'repair-requests','修理依頼','2023-07-20 08:44:29','2024-03-06 12:04:15',NULL),(4,'rental-items','貸用品','2023-07-20 08:44:29','2024-03-06 12:04:15',NULL),(5,'transportation','出荷回収','2023-07-20 08:44:29','2024-03-06 12:04:15',NULL),(6,'employee-auths','営業アカウントパスワード変更','2023-07-20 08:44:29','2024-03-06 12:04:15',NULL),(7,'clinics-all','医院(閲覧)','2023-07-20 08:44:29','2024-03-06 12:04:15',NULL),(8,'repair-request-all','修理依頼(閲覧)','2023-07-20 08:44:29','2024-03-06 12:04:15',NULL),(9,'equipments','機器','2023-09-17 08:32:25','2024-03-06 12:04:15',NULL),(10,'equipments-customize','オーダーメイド設定','2023-09-17 08:32:25','2024-03-06 12:04:15',NULL),(11,'news','お知らせ','2023-09-17 08:32:25','2024-03-06 12:04:15',NULL),(12,'ariticles','規約改定日時','2023-09-17 08:32:25','2024-03-06 12:04:15',NULL),(13,'clinic-relations','医院関連付け','2023-09-17 08:32:25','2024-03-06 12:04:15',NULL),(14,'consumables','消耗品','2023-09-17 08:32:25','2024-03-06 12:04:15',NULL),(15,'maintenance','定期メンテナンス','2023-09-17 08:32:25','2024-03-06 12:04:15',NULL),(16,'event','スケジュール','2024-01-27 13:50:10','2024-03-06 12:04:15',NULL);

--
-- Table structure for table `operation_permissions`
--

CREATE TABLE `operation_permissions` (
  `id` int NOT NULL AUTO_INCREMENT COMMENT 'ID',
  `position_id` int NOT NULL COMMENT '役職ID',
  `affiliate_id` int NOT NULL COMMENT '部署/課ID',
  `oasys_function_id` int NOT NULL COMMENT '機能ID',
  `operation_type_id` int NOT NULL COMMENT '操作種別ID',
  `created_at` datetime NOT NULL DEFAULT CURRENT_TIMESTAMP COMMENT '作成日時',
  `updated_at` datetime NOT NULL DEFAULT CURRENT_TIMESTAMP ON UPDATE CURRENT_TIMESTAMP COMMENT '更新日時',
  `deleted_at` datetime DEFAULT NULL COMMENT '削除日時',
  PRIMARY KEY (`id`),
  KEY `operation_permissions_position_id_foreign` (`position_id`),
  KEY `operation_permissions_affiliate_id_foreign` (`affiliate_id`),
  KEY `operation_permissions_oasys_function_id_foreign` (`oasys_function_id`),
  KEY `operation_permissions_operation_type_id_foreign` (`operation_type_id`),
  CONSTRAINT `operation_permissions_affiliate_id_foreign` FOREIGN KEY (`affiliate_id`) REFERENCES `affiliates` (`id`),
  CONSTRAINT `operation_permissions_oasys_function_id_foreign` FOREIGN KEY (`oasys_function_id`) REFERENCES `oasys_functions` (`id`),
  CONSTRAINT `operation_permissions_operation_type_id_foreign` FOREIGN KEY (`operation_type_id`) REFERENCES `operation_types` (`id`),
  CONSTRAINT `operation_permissions_position_id_foreign` FOREIGN KEY (`position_id`) REFERENCES `positions` (`id`)
) ENGINE=InnoDB AUTO_INCREMENT=64 DEFAULT CHARSET=utf8mb4 COLLATE=utf8mb4_unicode_ci;

--
-- Dumping data for table `operation_permissions`
--

INSERT INTO `operation_permissions` VALUES (1,9,291,1,3,'2023-07-20 08:44:38','2023-09-17 20:40:58',NULL),(2,9,291,2,3,'2023-07-20 08:44:38','2023-09-17 20:40:58',NULL),(3,9,291,3,3,'2023-07-20 08:44:38','2023-09-17 20:40:58',NULL),(4,9,291,4,3,'2023-07-20 08:44:38','2023-09-17 20:40:58',NULL),(5,9,291,5,3,'2023-07-20 08:44:38','2023-09-17 20:40:58',NULL),(6,9,291,6,3,'2023-07-20 08:44:38','2023-09-17 20:40:58',NULL),(7,9,291,7,1,'2023-07-20 08:44:38','2023-09-17 20:40:58',NULL),(8,9,291,8,1,'2023-07-20 08:44:38','2023-09-17 20:40:58',NULL),(9,3,286,3,1,'2023-07-20 08:44:38','2023-09-19 16:19:21',NULL),(10,3,286,4,1,'2023-07-20 08:44:38','2023-09-19 16:19:21',NULL),(11,3,286,5,1,'2023-07-20 08:44:38','2023-09-19 16:19:21',NULL),(12,3,287,3,1,'2023-07-20 08:44:38','2023-09-19 16:19:21',NULL),(13,3,287,4,1,'2023-07-20 08:44:38','2023-09-19 16:19:21',NULL),(14,3,287,5,1,'2023-07-20 08:44:38','2023-09-19 16:19:21',NULL),(15,5,292,3,2,'2023-07-20 08:44:38','2023-09-19 16:19:21',NULL),(16,7,292,7,1,'2023-07-20 08:44:38','2023-09-17 09:01:39',NULL),(17,7,292,8,1,'2023-07-20 08:44:38','2023-09-17 09:01:39',NULL),(18,9,291,12,3,'2023-09-17 09:02:14','2023-09-17 09:02:14',NULL),(19,9,291,9,3,'2023-09-17 09:02:14','2023-09-17 09:02:14',NULL),(20,9,291,11,3,'2023-09-17 09:02:14','2023-09-17 09:02:14',NULL),(21,9,291,13,3,'2023-09-17 09:02:14','2023-09-17 09:02:14',NULL),(22,9,291,14,3,'2023-09-17 09:02:14','2023-09-17 09:02:14',NULL),(23,9,291,15,3,'2023-09-17 09:02:14','2023-09-17 09:02:14',NULL),(24,9,291,10,3,'2023-09-17 09:02:14','2023-09-17 09:02:14',NULL),(25,3,286,13,1,'2023-09-17 09:02:14','2023-09-19 16:19:21',NULL),(26,3,286,14,1,'2023-09-17 09:02:14','2023-09-19 16:19:21',NULL),(27,3,286,15,1,'2023-09-17 09:02:14','2023-09-19 16:19:21',NULL),(28,3,287,13,1,'2023-09-17 09:02:14','2023-09-19 16:19:21',NULL),(29,3,287,14,1,'2023-09-17 09:02:14','2023-09-19 16:19:21',NULL),(30,3,287,15,1,'2023-09-17 09:02:14','2023-09-19 16:19:21',NULL),(31,5,292,11,3,'2023-09-17 09:02:14','2023-09-25 21:50:12',NULL),(32,5,292,13,2,'2023-09-17 09:02:14','2023-09-25 21:50:12',NULL),(33,5,292,14,2,'2023-09-17 09:02:14','2023-09-25 21:50:12',NULL),(34,5,292,15,2,'2023-09-17 09:02:14','2023-09-25 21:50:12',NULL),(35,3,290,10,3,'2023-09-17 09:02:14','2023-09-17 09:02:14',NULL),(36,9,291,12,3,'2023-09-17 18:02:24','2023-09-17 18:02:24',NULL),(37,9,291,9,3,'2023-09-17 18:02:24','2023-09-17 18:02:24',NULL),(38,9,291,11,3,'2023-09-17 18:02:24','2023-09-17 18:02:24',NULL),(39,9,291,13,3,'2023-09-17 18:02:24','2023-09-17 18:02:24',NULL),(40,9,291,14,3,'2023-09-17 18:02:24','2023-09-17 18:02:24',NULL),(41,9,291,15,3,'2023-09-17 18:02:24','2023-09-17 18:02:24',NULL),(42,9,291,10,3,'2023-09-17 18:02:24','2023-09-17 18:02:24',NULL),(43,3,286,13,1,'2023-09-17 18:02:24','2023-09-19 16:19:21',NULL),(44,3,286,14,1,'2023-09-17 18:02:24','2023-09-19 16:19:21',NULL),(45,3,286,15,1,'2023-09-17 18:02:24','2023-09-19 16:19:21',NULL),(46,3,287,13,1,'2023-09-17 18:02:24','2023-09-19 16:19:21',NULL),(47,3,287,14,1,'2023-09-17 18:02:24','2023-09-19 16:19:21',NULL),(48,3,287,15,1,'2023-09-17 18:02:24','2023-09-19 16:19:21',NULL),(49,5,292,11,3,'2023-09-17 18:02:24','2023-09-25 21:50:12',NULL),(50,5,292,13,2,'2023-09-17 18:02:24','2023-09-25 21:50:12',NULL),(51,5,292,14,2,'2023-09-17 18:02:24','2023-09-25 21:50:12',NULL),(52,5,292,15,2,'2023-09-17 18:02:24','2023-09-25 21:50:12',NULL),(53,3,290,10,3,'2023-09-17 18:02:24','2023-09-17 18:02:24',NULL),(54,3,292,3,1,'2023-09-19 15:27:45','2023-09-19 15:27:45',NULL),(55,3,292,4,1,'2023-09-19 15:27:45','2023-09-19 15:27:45',NULL),(56,3,292,5,1,'2023-09-19 15:27:45','2023-09-19 15:27:45',NULL),(57,5,292,4,2,'2023-09-19 15:27:45','2023-09-19 15:27:45',NULL),(58,5,292,5,2,'2023-09-19 15:27:45','2023-09-19 15:27:45',NULL),(59,9,291,16,3,'2024-01-27 14:01:05','2024-01-27 14:01:05',NULL),(60,3,292,16,3,'2024-01-27 14:01:05','2024-01-27 14:01:05',NULL),(61,3,286,16,3,'2024-01-27 14:01:05','2024-01-27 14:01:05',NULL),(62,3,287,16,3,'2024-01-27 14:01:05','2024-01-27 14:01:05',NULL),(63,7,292,4,3,'2024-02-03 22:57:40','2024-02-03 22:57:40',NULL);

--
-- Table structure for table `operation_types`
--

CREATE TABLE `operation_types` (
  `id` int NOT NULL AUTO_INCREMENT COMMENT 'ID',
  `operation` varchar(255) CHARACTER SET utf8mb4 COLLATE utf8mb4_unicode_ci NOT NULL COMMENT '操作名',
  `operation_ja` varchar(255) CHARACTER SET utf8mb4 COLLATE utf8mb4_unicode_ci NOT NULL COMMENT '操作名（日本語）',
  `created_at` datetime NOT NULL DEFAULT CURRENT_TIMESTAMP COMMENT '作成日時',
  `updated_at` datetime NOT NULL DEFAULT CURRENT_TIMESTAMP ON UPDATE CURRENT_TIMESTAMP COMMENT '更新日時',
  `deleted_at` datetime DEFAULT NULL COMMENT '削除日時',
  PRIMARY KEY (`id`)
) ENGINE=InnoDB AUTO_INCREMENT=5 DEFAULT CHARSET=utf8mb4 COLLATE=utf8mb4_unicode_ci;

--
-- Dumping data for table `operation_types`
--

INSERT INTO `operation_types` VALUES (1,'view','閲覧','2023-07-20 08:44:34','2023-07-20 08:44:34',NULL),(2,'edit','登録・編集','2023-07-20 08:44:34','2023-07-20 08:44:34',NULL),(3,'delete','削除','2023-07-20 08:44:34','2023-07-20 08:44:34',NULL),(4,'data_create','データ作成・編集','2023-09-17 08:59:10','2023-09-17 08:59:10',NULL);

--
-- Table structure for table `orders`
--

CREATE TABLE `orders` (
  `id` int unsigned NOT NULL AUTO_INCREMENT COMMENT 'ID',
  `user_id` int NOT NULL COMMENT 'ユーザーID',
  `credit_brand_name` enum('VISA','MASTER','JCB','AMEX','DINERS') CHARACTER SET utf8mb4 COLLATE utf8mb4_unicode_ci DEFAULT NULL,
  `order_type` enum('REPAIR_REQUEST','PRODUCT') CHARACTER SET utf8mb4 COLLATE utf8mb4_unicode_ci NOT NULL,
  `total_price` int NOT NULL COMMENT '合計金額',
  `payment_price` int NOT NULL COMMENT '支払い金額',
  `tracking_id` varchar(100) CHARACTER SET utf8mb4 COLLATE utf8mb4_unicode_ci DEFAULT NULL COMMENT 'トラッキングID',
  `payment_status` enum('UNFINISHED','COMPLETE','ERROR','CANCEL') CHARACTER SET utf8mb4 COLLATE utf8mb4_unicode_ci NOT NULL,
  `deleted_at` datetime DEFAULT NULL COMMENT '削除日時',
  `created_at` datetime NOT NULL DEFAULT CURRENT_TIMESTAMP COMMENT '作成日時',
  `updated_at` datetime NOT NULL DEFAULT CURRENT_TIMESTAMP COMMENT '更新日時',
  PRIMARY KEY (`id`)
) ENGINE=InnoDB AUTO_INCREMENT=76 DEFAULT CHARSET=utf8mb4 COLLATE=utf8mb4_unicode_ci;

--
-- Dumping data for table `orders`
--

INSERT INTO `orders` VALUES (31,1,'MASTER','REPAIR_REQUEST',22605,22605,'00003154688653','COMPLETE',NULL,'2023-07-06 22:42:00','2023-07-06 22:51:10'),(32,1,NULL,'REPAIR_REQUEST',22605,22605,NULL,'UNFINISHED',NULL,'2023-07-06 23:09:02','2023-07-06 23:09:02'),(33,31,'VISA','REPAIR_REQUEST',22605,22605,'00003154692168','COMPLETE',NULL,'2023-07-07 07:38:12','2023-07-07 07:41:06'),(34,31,NULL,'REPAIR_REQUEST',22605,22605,NULL,'UNFINISHED',NULL,'2023-07-07 07:47:23','2023-07-07 07:47:23'),(35,31,'VISA','REPAIR_REQUEST',22605,22605,'00003154692338','COMPLETE',NULL,'2023-07-07 08:13:33','2023-07-07 08:13:37'),(36,31,'VISA','REPAIR_REQUEST',5500,5500,'00003154735678','COMPLETE',NULL,'2023-07-11 12:38:44','2023-07-11 12:38:52'),(37,31,'VISA','REPAIR_REQUEST',25905,25905,'00003154754820','COMPLETE',NULL,'2023-07-13 00:12:06','2023-07-13 00:12:15'),(38,31,'VISA','REPAIR_REQUEST',22605,22605,'00003154754864','COMPLETE',NULL,'2023-07-13 00:17:45','2023-07-13 00:18:13'),(39,31,'VISA','REPAIR_REQUEST',27500,27500,'00003154757965','COMPLETE',NULL,'2023-07-13 08:07:14','2023-07-13 08:07:25'),(40,31,'VISA','REPAIR_REQUEST',22605,22605,'00003154758001','COMPLETE',NULL,'2023-07-13 08:09:51','2023-07-13 08:09:54'),(41,31,NULL,'REPAIR_REQUEST',22605,22605,NULL,'UNFINISHED',NULL,'2023-07-13 08:59:32','2023-07-13 08:59:32'),(42,31,NULL,'REPAIR_REQUEST',22605,22605,NULL,'UNFINISHED',NULL,'2023-07-13 09:00:40','2023-07-13 09:00:40'),(43,31,'VISA','REPAIR_REQUEST',22605,22605,'00003154769761','COMPLETE',NULL,'2023-07-13 15:30:03','2023-07-13 15:30:12'),(44,31,'VISA','REPAIR_REQUEST',22605,22605,'00003154771066','COMPLETE',NULL,'2023-07-13 16:42:00','2023-07-13 16:42:53'),(45,31,'VISA','REPAIR_REQUEST',22605,22605,'00003154771082','COMPLETE',NULL,'2023-07-13 16:44:49','2023-07-13 16:44:54'),(46,31,'VISA','REPAIR_REQUEST',22605,22605,'00003154772064','COMPLETE',NULL,'2023-07-13 18:14:24','2023-07-13 18:14:30'),(47,31,'VISA','REPAIR_REQUEST',22605,22605,'00003154775633','COMPLETE',NULL,'2023-07-13 23:04:49','2023-07-13 23:04:53'),(48,31,'VISA','REPAIR_REQUEST',5500,5500,'00003154969470','COMPLETE',NULL,'2023-07-14 22:50:04','2023-07-14 22:50:10'),(49,31,NULL,'REPAIR_REQUEST',22605,22605,NULL,'UNFINISHED',NULL,'2023-07-21 22:52:22','2023-07-21 22:52:22'),(50,34,NULL,'REPAIR_REQUEST',22605,22605,NULL,'UNFINISHED',NULL,'2023-07-21 22:55:06','2023-07-21 22:55:06'),(51,31,NULL,'REPAIR_REQUEST',22605,22605,NULL,'UNFINISHED',NULL,'2023-07-24 09:46:02','2023-07-24 09:46:02'),(52,44,NULL,'REPAIR_REQUEST',25905,25905,NULL,'UNFINISHED',NULL,'2023-08-18 21:43:53','2023-08-18 21:43:53'),(53,42,NULL,'REPAIR_REQUEST',27500,27500,NULL,'UNFINISHED',NULL,'2023-08-18 21:50:12','2023-08-18 21:50:12'),(54,31,'MASTER','REPAIR_REQUEST',22605,22605,'00003155798316','COMPLETE',NULL,'2023-08-27 09:16:48','2023-08-27 09:16:57'),(55,44,'MASTER','REPAIR_REQUEST',25905,25905,'00003155798320','COMPLETE',NULL,'2023-08-27 09:21:45','2023-08-27 09:21:51'),(56,31,'MASTER','REPAIR_REQUEST',25905,25905,'00003155987607','COMPLETE',NULL,'2023-09-12 08:40:41','2023-09-12 08:40:46'),(57,31,NULL,'REPAIR_REQUEST',18425,18425,NULL,'UNFINISHED',NULL,'2023-10-29 11:43:25','2023-10-29 11:43:25'),(58,31,'MASTER','REPAIR_REQUEST',25905,25905,'00003156572297','COMPLETE',NULL,'2023-10-29 12:01:52','2023-10-29 12:01:57'),(59,31,'MASTER','REPAIR_REQUEST',22605,22605,'00003156572985','COMPLETE',NULL,'2023-10-29 15:50:18','2023-10-29 15:50:22'),(60,31,'MASTER','REPAIR_REQUEST',22605,22605,'00003156953109','COMPLETE',NULL,'2023-12-20 14:08:22','2023-12-20 14:08:29'),(61,31,NULL,'REPAIR_REQUEST',22605,22605,NULL,'UNFINISHED',NULL,'2024-01-17 22:42:56','2024-01-17 22:42:56'),(62,31,NULL,'REPAIR_REQUEST',22605,22605,NULL,'UNFINISHED',NULL,'2024-02-25 20:09:32','2024-02-25 20:09:32'),(63,31,NULL,'REPAIR_REQUEST',3000,3000,NULL,'UNFINISHED',NULL,'2024-04-11 19:14:59','2024-04-11 19:14:59'),(64,31,NULL,'REPAIR_REQUEST',3000,3000,NULL,'UNFINISHED',NULL,'2024-04-11 19:28:12','2024-04-11 19:28:12'),(65,31,'MASTER','REPAIR_REQUEST',3000,3000,'00003158181006','COMPLETE',NULL,'2024-04-11 19:37:35','2024-04-11 19:37:47'),(66,31,'VISA','REPAIR_REQUEST',3000,3000,'00003158181135','COMPLETE',NULL,'2024-04-11 20:01:19','2024-04-11 20:11:25'),(67,31,'VISA','REPAIR_REQUEST',5500,5500,'00003158181154','COMPLETE',NULL,'2024-04-11 20:18:43','2024-04-11 20:18:51'),(68,31,NULL,'REPAIR_REQUEST',3000,3000,NULL,'UNFINISHED',NULL,'2024-04-11 20:23:35','2024-04-11 20:23:35'),(69,31,'VISA','REPAIR_REQUEST',3000,3000,'00003158181168','COMPLETE',NULL,'2024-04-11 20:25:58','2024-04-11 20:26:03'),(70,31,NULL,'REPAIR_REQUEST',3000,3000,NULL,'UNFINISHED',NULL,'2024-04-11 20:54:27','2024-04-11 20:54:27'),(71,31,NULL,'REPAIR_REQUEST',3000,3000,NULL,'UNFINISHED',NULL,'2024-04-11 20:54:44','2024-04-11 20:54:44'),(72,31,NULL,'REPAIR_REQUEST',19800,19800,NULL,'UNFINISHED',NULL,'2024-04-15 10:53:51','2024-04-15 10:53:51'),(73,31,'VISA','REPAIR_REQUEST',19800,19800,'00003158213906','COMPLETE',NULL,'2024-04-15 10:55:56','2024-04-15 10:56:02'),(74,31,'VISA','REPAIR_REQUEST',19800,19800,'00003158214194','COMPLETE',NULL,'2024-04-15 11:09:13','2024-04-15 11:09:20'),(75,31,'VISA','REPAIR_REQUEST',3300,3300,'00003158226986','COMPLETE',NULL,'2024-04-16 14:24:35','2024-04-16 14:24:47');

--
-- Table structure for table `osada_holidays`
--

CREATE TABLE `osada_holidays` (
  `id` bigint unsigned NOT NULL AUTO_INCREMENT COMMENT 'ID',
  `name` varchar(255) CHARACTER SET utf8mb4 COLLATE utf8mb4_unicode_ci NOT NULL COMMENT '名称',
  `holiday_date` datetime DEFAULT NULL COMMENT '休日日付',
  `created_at` datetime NOT NULL DEFAULT CURRENT_TIMESTAMP COMMENT '作成日時',
  `updated_at` datetime NOT NULL DEFAULT CURRENT_TIMESTAMP COMMENT '更新日時',
  `deleted_at` datetime DEFAULT NULL COMMENT '削除日時',
  PRIMARY KEY (`id`)
) ENGINE=InnoDB AUTO_INCREMENT=9 DEFAULT CHARSET=utf8mb4 COLLATE=utf8mb4_unicode_ci;

--
-- Dumping data for table `osada_holidays`
--

INSERT INTO `osada_holidays` VALUES (1,'夏季休暇','2023-08-09 00:00:00','2023-07-04 18:01:55','2023-07-04 18:01:55',NULL),(2,'夏季休暇','2023-08-10 00:00:00','2023-07-04 18:01:55','2023-07-04 18:01:55',NULL),(3,'夏季休暇','2023-08-11 00:00:00','2023-07-04 18:01:55','2023-07-04 18:01:55',NULL),(4,'夏季休暇','2023-08-12 00:00:00','2023-07-04 18:01:55','2023-07-04 18:01:55',NULL),(5,'夏季休暇','2023-08-13 00:00:00','2023-07-04 18:01:55','2023-07-04 18:01:55',NULL),(6,'夏季休暇','2023-08-14 00:00:00','2023-07-04 18:01:55','2023-07-04 18:01:55',NULL),(7,'夏季休暇','2023-08-15 00:00:00','2023-07-04 18:01:55','2023-07-04 18:01:55',NULL),(8,'夏季休暇','2023-08-16 00:00:00','2023-07-04 18:01:55','2023-07-04 18:01:55',NULL);

--
-- Table structure for table `own_osada_consumables`
--

CREATE TABLE `own_osada_consumables` (
  `id` int unsigned NOT NULL AUTO_INCREMENT COMMENT '医院保有機器消耗品ID',
  `own_osada_equipment_id` int unsigned NOT NULL COMMENT '医院保有OSADA製機器ID',
  `consumable_id` int unsigned NOT NULL COMMENT '消耗品ID',
  `replacement_interval_month` tinyint unsigned NOT NULL COMMENT '交換間隔(月)',
  `last_replaced_at` datetime DEFAULT NULL COMMENT '前回交換日時',
  `next_replacement_at` datetime NOT NULL COMMENT '次回交換予定日時',
  `is_applying_purchase` tinyint NOT NULL DEFAULT '0' COMMENT '購入依頼中フラグ',
  `created_at` datetime NOT NULL DEFAULT CURRENT_TIMESTAMP COMMENT '作成日時',
  `updated_at` datetime NOT NULL DEFAULT CURRENT_TIMESTAMP COMMENT '更新日時',
  `deleted_at` datetime DEFAULT NULL COMMENT '削除日時',
  PRIMARY KEY (`id`),
  KEY `own_osada_consumables_own_osada_equipment_id_foreign` (`own_osada_equipment_id`),
  KEY `own_osada_consumables_consumable_id_foreign` (`consumable_id`),
  CONSTRAINT `own_osada_consumables_consumable_id_foreign` FOREIGN KEY (`consumable_id`) REFERENCES `consumables` (`id`),
  CONSTRAINT `own_osada_consumables_own_osada_equipment_id_foreign` FOREIGN KEY (`own_osada_equipment_id`) REFERENCES `own_osada_equipments` (`id`)
) ENGINE=InnoDB DEFAULT CHARSET=utf8mb4 COLLATE=utf8mb4_unicode_ci;

--
-- Dumping data for table `own_osada_consumables`
--


--
-- Table structure for table `own_osada_equipments`
--

CREATE TABLE `own_osada_equipments` (
  `id` int unsigned NOT NULL AUTO_INCREMENT COMMENT 'ID',
  `clinic_id` int unsigned NOT NULL COMMENT '医院ID',
  `equipment_type_id` int unsigned NOT NULL COMMENT '形式ID',
  `alias` varchar(255) CHARACTER SET utf8mb4 COLLATE utf8mb4_unicode_ci DEFAULT NULL COMMENT '医院別名称',
  `serial_number` varchar(255) CHARACTER SET utf8mb4 COLLATE utf8mb4_unicode_ci DEFAULT NULL COMMENT '製造番号',
  `image_file_id` bigint unsigned DEFAULT NULL COMMENT '画像ファイルID',
  `bought_at` datetime DEFAULT NULL COMMENT '購入日時',
  `created_at` datetime NOT NULL DEFAULT CURRENT_TIMESTAMP COMMENT '作成日時',
  `updated_at` datetime NOT NULL DEFAULT CURRENT_TIMESTAMP ON UPDATE CURRENT_TIMESTAMP COMMENT '更新日時',
  `deleted_at` datetime DEFAULT NULL COMMENT '削除日時',
  PRIMARY KEY (`id`),
  KEY `own_osada_equipments_clinic_id_foreign` (`clinic_id`),
  KEY `own_osada_equipments_equipment_type_id_foreign` (`equipment_type_id`),
  KEY `own_osada_equipments_image_file_id_foreign` (`image_file_id`),
  CONSTRAINT `own_osada_equipments_clinic_id_foreign` FOREIGN KEY (`clinic_id`) REFERENCES `clinics` (`id`),
  CONSTRAINT `own_osada_equipments_equipment_type_id_foreign` FOREIGN KEY (`equipment_type_id`) REFERENCES `equipment_types` (`id`),
  CONSTRAINT `own_osada_equipments_image_file_id_foreign` FOREIGN KEY (`image_file_id`) REFERENCES `files` (`id`)
) ENGINE=InnoDB AUTO_INCREMENT=89 DEFAULT CHARSET=utf8mb4 COLLATE=utf8mb4_unicode_ci;

--
-- Dumping data for table `own_osada_equipments`
--

INSERT INTO `own_osada_equipments` VALUES (1,12,24,NULL,'3RNCD9AC4R7J',NULL,NULL,'2023-07-02 12:40:52','2023-07-02 12:40:52',NULL),(2,3,37,NULL,'QYADCSUTCODZ',NULL,NULL,'2023-07-02 12:40:52','2023-07-02 12:40:52',NULL),(3,18,176,NULL,'BIEAPGXM8MFNL',NULL,NULL,'2023-07-02 12:40:52','2023-07-02 12:40:52',NULL),(4,11,183,NULL,'2RJDDWQPZF4Q',NULL,NULL,'2023-07-02 12:40:52','2023-07-02 12:40:52',NULL),(5,25,83,NULL,'XWSIGWVGYL887',NULL,NULL,'2023-07-02 12:40:52','2023-07-02 12:40:52',NULL),(6,5,98,NULL,'GYK4LINQZD9C',NULL,NULL,'2023-07-02 12:40:52','2023-07-02 12:40:52',NULL),(7,1,55,NULL,'ZO0ZB507208G',NULL,NULL,'2023-07-02 12:40:52','2023-07-02 12:40:52',NULL),(8,28,7,NULL,'A3CEAU3VVNNAZ',NULL,NULL,'2023-07-02 12:40:52','2023-07-02 12:40:52',NULL),(9,30,139,NULL,'157TUJFDP27K',NULL,NULL,'2023-07-02 12:40:52','2023-07-02 12:40:52',NULL),(10,20,148,NULL,'554CSI7VVOXYE',NULL,NULL,'2023-07-02 12:40:52','2023-07-02 12:40:52',NULL),(11,17,120,NULL,'VQ5REZSHA93W',NULL,NULL,'2023-07-02 12:40:52','2023-07-02 12:40:52',NULL),(12,6,233,NULL,'JOYI2YSXCCMQ',NULL,NULL,'2023-07-02 12:40:52','2023-07-02 12:40:52',NULL),(13,19,198,NULL,'46V4GOV3LJ96G',NULL,NULL,'2023-07-02 12:40:52','2023-07-02 12:40:52',NULL),(14,7,155,NULL,'1HJ3C7Z3DWNS',NULL,NULL,'2023-07-02 12:40:52','2023-07-02 12:40:52',NULL),(15,23,161,NULL,'6HPINOZS8DI67',NULL,NULL,'2023-07-02 12:40:52','2023-07-02 12:40:52',NULL),(16,28,208,NULL,'L5CHS7KZ1J1Y5',NULL,NULL,'2023-07-02 12:40:52','2023-07-02 12:40:52',NULL),(17,13,52,NULL,'LML0J80XB3MQ',NULL,NULL,'2023-07-02 12:40:52','2023-07-02 12:40:52',NULL),(18,26,20,NULL,'A5Q0AJJ8BMW0',NULL,NULL,'2023-07-02 12:40:52','2023-07-02 12:40:52',NULL),(19,8,239,NULL,'HKJCRNOPMI38',NULL,NULL,'2023-07-02 12:40:52','2023-07-02 12:40:52',NULL),(20,1,138,NULL,'D5SZHXTEMTE2L',NULL,NULL,'2023-07-02 12:40:52','2023-07-02 12:40:52',NULL),(22,26,6,NULL,NULL,NULL,NULL,'2023-07-02 20:15:04','2023-07-02 20:15:04',NULL),(23,26,129,NULL,NULL,NULL,NULL,'2023-07-02 20:17:42','2023-07-02 20:17:42',NULL),(24,26,129,NULL,NULL,NULL,NULL,'2023-07-02 20:31:30','2023-07-02 20:31:30',NULL),(25,26,63,NULL,'1234567',NULL,NULL,'2023-07-02 20:38:34','2023-07-03 13:06:21',NULL),(26,26,137,NULL,NULL,NULL,NULL,'2023-07-02 20:49:42','2023-07-02 20:49:42',NULL),(27,31,5,NULL,NULL,NULL,NULL,'2023-07-04 11:50:22','2023-07-04 11:50:22',NULL),(29,31,37,'テストG1M',NULL,NULL,NULL,'2023-07-07 09:37:07','2024-06-02 13:06:12',NULL),(30,31,37,NULL,NULL,NULL,NULL,'2023-07-07 16:30:57','2023-07-07 16:30:57',NULL),(31,31,16,NULL,NULL,NULL,NULL,'2023-07-07 16:50:23','2023-07-07 16:50:23',NULL),(32,31,37,NULL,NULL,NULL,NULL,'2023-07-07 16:50:41','2023-07-07 16:50:41',NULL),(33,26,123,NULL,NULL,NULL,NULL,'2023-07-08 00:27:33','2023-07-08 00:27:33',NULL),(34,34,129,NULL,NULL,NULL,NULL,'2023-07-08 00:52:38','2023-07-08 00:52:38',NULL),(35,34,216,NULL,NULL,NULL,NULL,'2023-07-08 00:58:16','2023-07-08 00:58:16',NULL),(36,31,37,NULL,NULL,NULL,NULL,'2023-07-11 19:59:16','2023-07-11 19:59:16',NULL),(37,31,130,NULL,NULL,NULL,NULL,'2023-07-12 07:36:06','2023-07-12 07:36:06',NULL),(38,31,156,NULL,NULL,NULL,NULL,'2023-07-13 08:55:59','2023-07-13 08:55:59',NULL),(39,31,11,NULL,NULL,NULL,NULL,'2023-07-13 15:57:46','2023-07-13 15:57:46',NULL),(40,31,13,NULL,NULL,NULL,NULL,'2023-07-13 16:43:58','2023-07-13 16:43:58',NULL),(41,31,129,NULL,NULL,NULL,NULL,'2023-07-13 18:11:42','2023-07-13 18:11:42',NULL),(42,31,138,NULL,NULL,NULL,NULL,'2023-07-13 23:02:55','2023-07-13 23:02:55',NULL),(43,31,98,NULL,NULL,NULL,NULL,'2023-07-14 22:48:14','2023-07-14 22:48:14',NULL),(44,31,3,NULL,NULL,NULL,NULL,'2023-07-17 23:30:42','2023-07-17 23:30:42',NULL),(45,31,3,NULL,NULL,NULL,NULL,'2023-07-20 07:54:00','2023-07-20 07:54:00',NULL),(46,31,3,NULL,NULL,NULL,NULL,'2023-07-20 13:54:26','2023-07-20 13:54:26',NULL),(47,31,28,NULL,NULL,NULL,NULL,'2023-07-20 13:55:11','2023-07-20 13:55:11',NULL),(48,31,32,NULL,NULL,NULL,NULL,'2023-07-20 18:14:45','2023-07-20 18:14:45',NULL),(49,31,26,NULL,NULL,NULL,NULL,'2023-07-20 19:03:02','2023-07-20 19:03:02',NULL),(50,31,264,NULL,NULL,NULL,NULL,'2023-07-21 22:34:04','2023-07-21 22:34:04',NULL),(51,31,123,NULL,NULL,NULL,NULL,'2023-07-24 20:49:42','2023-07-24 20:49:42',NULL),(52,31,26,NULL,NULL,NULL,NULL,'2023-08-18 21:10:24','2023-08-18 21:10:24',NULL),(53,44,26,NULL,NULL,NULL,NULL,'2023-08-18 21:35:02','2023-08-18 21:35:02',NULL),(54,42,31,NULL,NULL,NULL,NULL,'2023-08-18 21:48:07','2023-08-18 21:48:07',NULL),(55,34,96,NULL,NULL,NULL,NULL,'2023-08-24 09:29:53','2023-08-24 09:29:53',NULL),(56,31,133,NULL,NULL,NULL,NULL,'2023-08-24 16:33:54','2023-08-24 16:33:54',NULL),(57,34,96,NULL,NULL,NULL,NULL,'2023-08-25 15:37:16','2023-08-25 15:37:16',NULL),(58,31,140,NULL,NULL,NULL,NULL,'2023-08-29 15:40:24','2023-08-29 15:40:24',NULL),(59,34,47,NULL,NULL,NULL,NULL,'2023-09-03 10:28:01','2023-09-03 10:28:01',NULL),(60,34,129,NULL,NULL,NULL,NULL,'2023-09-03 10:34:47','2023-09-03 10:34:47',NULL),(61,31,37,NULL,NULL,NULL,NULL,'2023-09-20 21:33:24','2023-09-20 21:33:24',NULL),(62,31,37,NULL,NULL,NULL,NULL,'2023-09-21 10:47:37','2023-09-21 10:47:37',NULL),(63,31,98,NULL,NULL,NULL,NULL,'2023-09-29 22:20:22','2023-09-29 22:20:22',NULL),(64,31,26,NULL,NULL,NULL,NULL,'2023-10-15 21:38:01','2023-10-15 21:38:01',NULL),(65,45,32,NULL,NULL,NULL,NULL,'2023-10-21 08:07:55','2023-10-21 08:07:55',NULL),(66,45,26,NULL,NULL,NULL,NULL,'2023-10-22 16:42:22','2023-10-22 16:42:22',NULL),(67,45,71,NULL,NULL,NULL,NULL,'2023-10-22 17:24:06','2023-10-22 17:24:06',NULL),(68,45,270,NULL,NULL,NULL,NULL,'2023-10-22 17:28:38','2023-10-22 17:28:38',NULL),(69,45,275,NULL,NULL,NULL,NULL,'2023-10-22 19:54:28','2023-10-22 19:54:28',NULL),(70,45,242,NULL,NULL,NULL,NULL,'2023-10-26 08:41:54','2023-10-26 08:41:54',NULL),(72,31,47,NULL,NULL,NULL,NULL,'2023-11-10 21:19:58','2023-11-10 21:19:58',NULL),(73,31,17,NULL,NULL,NULL,NULL,'2023-11-24 11:48:15','2023-11-24 11:48:15',NULL),(74,31,13,NULL,NULL,NULL,NULL,'2023-12-20 14:01:59','2023-12-20 14:01:59',NULL),(75,31,14,NULL,NULL,NULL,NULL,'2023-12-20 14:04:18','2023-12-20 14:04:18',NULL),(77,31,47,NULL,NULL,NULL,NULL,'2024-03-21 21:15:35','2024-03-21 21:15:35',NULL),(78,31,37,NULL,NULL,NULL,NULL,'2024-04-10 00:14:12','2024-04-10 00:14:12',NULL),(79,31,26,NULL,NULL,NULL,NULL,'2024-04-11 12:03:30','2024-04-11 12:03:30',NULL),(80,31,26,NULL,NULL,NULL,NULL,'2024-04-11 19:51:10','2024-04-11 19:51:10',NULL),(81,31,26,NULL,NULL,NULL,NULL,'2024-04-11 20:49:12','2024-04-11 20:49:12',NULL),(82,31,26,NULL,NULL,NULL,NULL,'2024-04-11 22:30:05','2024-04-11 22:30:05',NULL),(83,31,26,NULL,NULL,NULL,NULL,'2024-04-13 09:17:51','2024-04-13 09:17:51',NULL),(84,31,26,NULL,NULL,NULL,NULL,'2024-04-13 14:53:32','2024-04-13 14:53:32',NULL),(85,31,37,'G1Mテスト医院1','G1M123456',NULL,NULL,'2024-06-02 13:27:00','2024-06-02 21:20:36',NULL),(86,31,37,NULL,'123456789',NULL,NULL,'2024-06-03 09:19:55','2024-06-03 09:19:55',NULL),(87,34,66,NULL,NULL,NULL,NULL,'2024-06-12 14:15:12','2024-06-12 14:15:12',NULL),(88,31,284,NULL,'12341234',NULL,NULL,'2024-07-06 20:38:15','2024-07-06 20:38:15',NULL);

--
-- Table structure for table `payment_methods`
--

CREATE TABLE `payment_methods` (
  `id` smallint unsigned NOT NULL AUTO_INCREMENT COMMENT 'ID',
  `method` varchar(255) CHARACTER SET utf8mb4 COLLATE utf8mb4_unicode_ci NOT NULL COMMENT '決済方法名',
  `created_at` datetime NOT NULL DEFAULT CURRENT_TIMESTAMP COMMENT '作成日時',
  `updated_at` datetime NOT NULL DEFAULT CURRENT_TIMESTAMP COMMENT '更新日時',
  `deleted_at` datetime DEFAULT NULL COMMENT '削除日時',
  PRIMARY KEY (`id`)
) ENGINE=InnoDB AUTO_INCREMENT=3 DEFAULT CHARSET=utf8mb4 COLLATE=utf8mb4_unicode_ci;

--
-- Dumping data for table `payment_methods`
--

INSERT INTO `payment_methods` VALUES (1,'クレジットカード','2024-01-16 22:39:35','2024-01-16 22:39:35',NULL),(2,'請求書','2024-01-16 22:39:35','2024-01-16 22:39:35',NULL);

--
-- Table structure for table `positions`
--

CREATE TABLE `positions` (
  `id` int NOT NULL AUTO_INCREMENT COMMENT 'ID',
  `name` varchar(255) CHARACTER SET utf8mb4 COLLATE utf8mb4_unicode_ci NOT NULL COMMENT '役職名',
  `created_at` datetime NOT NULL DEFAULT CURRENT_TIMESTAMP COMMENT '作成日時',
  `updated_at` datetime NOT NULL DEFAULT CURRENT_TIMESTAMP ON UPDATE CURRENT_TIMESTAMP COMMENT '更新日時',
  `deleted_at` datetime DEFAULT NULL COMMENT '削除日時',
  PRIMARY KEY (`id`)
) ENGINE=InnoDB AUTO_INCREMENT=10 DEFAULT CHARSET=utf8mb4 COLLATE=utf8mb4_unicode_ci;

--
-- Dumping data for table `positions`
--

INSERT INTO `positions` VALUES (1,'ゲスト','2023-07-02 12:40:50','2023-08-19 16:56:37',NULL),(2,'低権限ユーザー','2023-07-02 12:40:50','2023-08-19 16:56:37',NULL),(3,'一般社員','2023-07-02 12:40:50','2023-08-19 16:56:37',NULL),(5,'高権限ユーザー','2023-09-19 15:27:45','2023-09-19 15:27:45',NULL),(7,'管理職','2023-08-19 16:56:37','2023-08-19 16:56:37',NULL),(9,'システム管理者','2023-08-19 16:56:37','2023-08-19 16:56:37',NULL);

--
-- Table structure for table `prefectures`
--

CREATE TABLE `prefectures` (
  `name` varchar(255) CHARACTER SET utf8mb4 COLLATE utf8mb4_unicode_ci NOT NULL COMMENT '都道府県名',
  `name_en` varchar(255) CHARACTER SET utf8mb4 COLLATE utf8mb4_unicode_ci DEFAULT NULL COMMENT '都道府県名(英語)',
  `code` varchar(255) CHARACTER SET utf8mb4 COLLATE utf8mb4_unicode_ci NOT NULL COMMENT '都道府県コード',
  `created_at` datetime NOT NULL DEFAULT CURRENT_TIMESTAMP COMMENT '作成日時',
  `updated_at` datetime NOT NULL DEFAULT CURRENT_TIMESTAMP ON UPDATE CURRENT_TIMESTAMP COMMENT '更新日時',
  `deleted_at` datetime DEFAULT NULL COMMENT '削除日時',
  PRIMARY KEY (`code`)
) ENGINE=InnoDB DEFAULT CHARSET=utf8mb4 COLLATE=utf8mb4_unicode_ci;

--
-- Dumping data for table `prefectures`
--

INSERT INTO `prefectures` VALUES ('北海道','Hokkaido Prefecture','01','2023-07-02 12:40:49','2023-10-14 14:34:31',NULL),('青森県','Aomori Prefecture','02','2023-07-02 12:40:49','2023-10-14 14:34:31',NULL),('岩手県','Iwate Prefecture','03','2023-07-02 12:40:49','2023-10-14 14:34:31',NULL),('宮城県','Miyagi Prefecture','04','2023-07-02 12:40:49','2023-10-14 14:34:31',NULL),('秋田県','Akita Prefecture','05','2023-07-02 12:40:49','2023-10-14 14:34:31',NULL),('山形県','Yamagata Prefecture','06','2023-07-02 12:40:49','2023-10-14 14:34:31',NULL),('福島県','Fukushima Prefecture','07','2023-07-02 12:40:49','2023-10-14 14:34:31',NULL),('茨城県','Ibaraki Prefecture','08','2023-07-02 12:40:49','2023-10-14 14:34:31',NULL),('栃木県','Tochigi Prefecture','09','2023-07-02 12:40:49','2023-10-14 14:34:31',NULL),('群馬県','Gunma Prefecture','10','2023-07-02 12:40:49','2023-10-14 14:34:31',NULL),('埼玉県','Saitama Prefecture','11','2023-07-02 12:40:49','2023-10-14 14:34:31',NULL),('千葉県','Chiba Prefecture','12','2023-07-02 12:40:49','2023-10-14 14:34:31',NULL),('東京都','Tokyo Metropolis','13','2023-07-02 12:40:49','2023-10-14 14:34:31',NULL),('神奈川県','Kanagawa Prefecture','14','2023-07-02 12:40:49','2023-10-14 14:34:31',NULL),('新潟県','Niigata Prefecture','15','2023-07-02 12:40:49','2023-10-14 14:34:31',NULL),('富山県','Toyama Prefecture','16','2023-07-02 12:40:49','2023-10-14 14:34:31',NULL),('石川県','Ishikawa Prefecture','17','2023-07-02 12:40:49','2023-10-14 14:34:31',NULL),('福井県','Fukui Prefecture','18','2023-07-02 12:40:49','2023-10-14 14:34:31',NULL),('山梨県','Yamanashi Prefecture','19','2023-07-02 12:40:49','2023-10-14 14:34:31',NULL),('長野県','Nagano Prefecture','20','2023-07-02 12:40:49','2023-10-14 14:34:31',NULL),('岐阜県','Gifu Prefecture','21','2023-07-02 12:40:49','2023-10-14 14:34:31',NULL),('静岡県','Shizuoka Prefecture','22','2023-07-02 12:40:49','2023-10-14 14:34:31',NULL),('愛知県','Aichi Prefecture','23','2023-07-02 12:40:49','2023-10-14 14:34:31',NULL),('三重県','Mie Prefecture','24','2023-07-02 12:40:49','2023-10-14 14:34:31',NULL),('滋賀県','Shiga Prefecture','25','2023-07-02 12:40:49','2023-10-14 14:34:31',NULL),('京都府','Kyoto Prefecture','26','2023-07-02 12:40:49','2023-10-14 14:34:31',NULL),('大阪府','Osaka Prefecture','27','2023-07-02 12:40:49','2023-10-14 14:34:31',NULL),('兵庫県','Hyogo Prefecture','28','2023-07-02 12:40:49','2023-10-14 14:34:31',NULL),('奈良県','Nara Prefecture','29','2023-07-02 12:40:49','2023-10-14 14:34:31',NULL),('和歌山県','Wakayama Prefecture','30','2023-07-02 12:40:49','2023-10-14 14:34:31',NULL),('鳥取県','Tottori Prefecture','31','2023-07-02 12:40:49','2023-10-14 14:34:31',NULL),('島根県','Shimane Prefecture','32','2023-07-02 12:40:49','2023-10-14 14:34:31',NULL),('岡山県','Okayama Prefecture','33','2023-07-02 12:40:49','2023-10-14 14:34:31',NULL),('広島県','Hiroshima Prefecture','34','2023-07-02 12:40:49','2023-10-14 14:34:31',NULL),('山口県','Yamaguchi Prefecture','35','2023-07-02 12:40:49','2023-10-14 14:34:31',NULL),('徳島県','Tokushima Prefecture','36','2023-07-02 12:40:49','2023-10-14 14:34:31',NULL),('香川県','Kagawa Prefecture','37','2023-07-02 12:40:49','2023-10-14 14:34:31',NULL),('愛媛県','Ehime Prefecture','38','2023-07-02 12:40:49','2023-10-14 14:34:31',NULL),('高知県','Kochi Prefecture','39','2023-07-02 12:40:49','2023-10-14 14:34:31',NULL),('福岡県','Fukuoka Prefecture','40','2023-07-02 12:40:49','2023-10-14 14:34:31',NULL),('佐賀県','Saga Prefecture','41','2023-07-02 12:40:49','2023-10-14 14:34:31',NULL),('長崎県','Nagasaki Prefecture','42','2023-07-02 12:40:49','2023-10-14 14:34:31',NULL),('熊本県','Kumamoto Prefecture','43','2023-07-02 12:40:49','2023-10-14 14:34:31',NULL),('大分県','Oita Prefecture','44','2023-07-02 12:40:49','2023-10-14 14:34:31',NULL),('宮崎県','Miyazaki Prefecture','45','2023-07-02 12:40:49','2023-10-14 14:34:31',NULL),('鹿児島県','Kagoshima Prefecture','46','2023-07-02 12:40:49','2023-10-14 14:34:31',NULL),('沖縄県','Okinawa Prefecture','47','2023-07-02 12:40:49','2023-10-14 14:34:31',NULL);

--
-- Table structure for table `rental_item_according_to_types`
--

CREATE TABLE `rental_item_according_to_types` (
  `id` int unsigned NOT NULL AUTO_INCREMENT COMMENT 'ID',
  `equipment_type_id` int unsigned NOT NULL COMMENT '形式ID',
  `rental_equip_type_id` int unsigned NOT NULL COMMENT '貸用品形式ID',
  `is_domestic_dentist` tinyint NOT NULL DEFAULT '0' COMMENT '国内歯科向け',
  `is_veterinarian` tinyint NOT NULL DEFAULT '0' COMMENT '獣医科向け',
  `is_other_medical` tinyint NOT NULL DEFAULT '0' COMMENT 'その他医科向け',
  `is_abroad_dentist` tinyint NOT NULL DEFAULT '0' COMMENT '海外歯科向け',
  `is_portable` tinyint NOT NULL DEFAULT '0' COMMENT '訪問歯科向け',
  `created_at` datetime NOT NULL DEFAULT CURRENT_TIMESTAMP COMMENT '作成日時',
  `updated_at` datetime NOT NULL DEFAULT CURRENT_TIMESTAMP ON UPDATE CURRENT_TIMESTAMP COMMENT '更新日時',
  `deleted_at` datetime DEFAULT NULL COMMENT '削除日時',
  PRIMARY KEY (`id`),
  KEY `rental_item_according_to_types_equipment_type_id_foreign` (`equipment_type_id`),
  KEY `rental_item_according_to_types_rental_equip_type_id_foreign` (`rental_equip_type_id`),
  CONSTRAINT `rental_item_according_to_types_equipment_type_id_foreign` FOREIGN KEY (`equipment_type_id`) REFERENCES `equipment_types` (`id`),
  CONSTRAINT `rental_item_according_to_types_rental_equip_type_id_foreign` FOREIGN KEY (`rental_equip_type_id`) REFERENCES `equipment_types` (`id`)
) ENGINE=InnoDB AUTO_INCREMENT=125 DEFAULT CHARSET=utf8mb4 COLLATE=utf8mb4_unicode_ci;

--
-- Dumping data for table `rental_item_according_to_types`
--

INSERT INTO `rental_item_according_to_types` VALUES (1,26,26,1,0,0,0,0,'2023-07-07 22:05:57','2023-07-07 22:05:57',NULL),(2,27,27,1,0,0,0,1,'2023-07-07 22:05:57','2023-07-07 22:05:57',NULL),(3,28,28,1,0,0,0,0,'2023-07-07 22:05:57','2023-07-07 22:05:57',NULL),(4,34,34,1,0,0,0,0,'2023-07-07 22:05:57','2023-07-07 22:05:57',NULL),(5,37,37,1,0,0,0,0,'2023-07-07 22:05:57','2023-07-07 22:05:57',NULL),(6,38,38,1,0,0,0,1,'2023-07-07 22:05:57','2023-07-07 22:05:57',NULL),(7,39,39,1,0,0,0,0,'2023-07-07 22:05:57','2023-07-07 22:05:57',NULL),(8,40,40,1,0,0,0,0,'2023-07-07 22:05:57','2023-07-07 22:05:57',NULL),(9,42,42,1,0,0,0,0,'2023-07-07 22:05:57','2023-07-07 22:05:57',NULL),(10,44,44,1,1,0,0,0,'2023-07-07 22:05:57','2023-07-07 22:05:57',NULL),(11,47,47,1,0,0,0,0,'2023-07-07 22:05:57','2023-11-02 23:28:51',NULL),(12,49,49,1,0,0,0,0,'2023-07-07 22:05:57','2023-07-07 22:05:57',NULL),(13,51,51,1,0,0,0,0,'2023-07-07 22:05:57','2023-07-07 22:05:57',NULL),(14,51,53,1,0,0,0,0,'2023-07-07 22:05:57','2023-07-07 22:05:57',NULL),(15,51,236,1,0,0,0,0,'2023-07-07 22:05:57','2023-07-07 22:05:57',NULL),(16,53,51,1,0,0,0,0,'2023-07-07 22:05:57','2023-07-07 22:05:57',NULL),(17,53,53,1,0,0,0,0,'2023-07-07 22:05:57','2023-07-07 22:05:57',NULL),(18,53,236,1,0,0,0,0,'2023-07-07 22:05:57','2023-07-07 22:05:57',NULL),(19,54,54,1,1,1,0,0,'2023-07-07 22:05:57','2023-07-07 22:05:57',NULL),(20,57,57,1,0,0,0,0,'2023-07-07 22:05:57','2023-07-07 22:05:57',NULL),(21,58,34,1,0,0,0,0,'2023-07-07 22:05:57','2023-07-07 22:05:57',NULL),(22,36,36,0,1,0,0,0,'2023-07-07 22:05:57','2023-07-07 22:05:57',NULL),(23,46,46,0,0,1,0,0,'2023-07-07 22:05:57','2023-07-07 22:05:57',NULL),(24,46,237,0,1,0,0,0,'2023-07-07 22:05:57','2023-07-07 22:05:57',NULL),(25,238,238,0,1,1,0,0,'2023-07-07 22:05:57','2023-10-06 11:41:42',NULL),(26,50,239,0,1,1,0,0,'2023-07-07 22:05:57','2023-07-07 22:05:57',NULL),(27,55,55,0,1,0,0,0,'2023-07-07 22:05:57','2023-07-07 22:05:57',NULL),(28,56,56,0,0,1,0,0,'2023-07-07 22:05:57','2023-07-07 22:05:57',NULL),(29,57,240,0,1,0,0,0,'2023-07-07 22:05:57','2023-07-07 22:05:57',NULL),(30,59,59,0,1,0,0,0,'2023-07-07 22:05:57','2023-07-07 22:05:57',NULL),(31,97,97,0,1,0,0,0,'2023-07-07 22:05:57','2023-07-07 22:05:57',NULL),(32,98,98,1,0,0,0,0,'2023-07-07 22:05:57','2023-07-07 22:05:57',NULL),(33,99,99,1,0,0,0,1,'2023-07-07 22:05:57','2023-07-07 22:05:57',NULL),(34,100,100,1,0,0,0,0,'2023-07-07 22:05:57','2023-07-07 22:05:57',NULL),(35,101,101,1,0,0,0,1,'2023-07-07 22:05:57','2023-07-07 22:05:57',NULL),(36,102,100,1,0,0,0,0,'2023-07-07 22:05:57','2023-07-07 22:05:57',NULL),(37,103,98,1,0,0,0,0,'2023-07-07 22:05:57','2023-07-07 22:05:57',NULL),(38,86,86,0,1,0,0,0,'2023-07-07 22:05:57','2023-07-07 22:05:57',NULL),(39,96,96,0,1,0,0,0,'2023-07-07 22:05:57','2023-07-07 22:05:57',NULL),(40,112,112,0,1,1,0,0,'2023-07-07 22:05:57','2023-07-07 22:05:57',NULL),(41,113,113,0,1,1,0,0,'2023-07-07 22:05:57','2023-07-07 22:05:57',NULL),(42,114,114,0,1,1,0,0,'2023-07-07 22:05:57','2023-07-07 22:05:57',NULL),(43,115,115,0,1,1,0,0,'2023-07-07 22:05:57','2023-07-07 22:05:57',NULL),(44,116,116,0,1,1,0,0,'2023-07-07 22:05:57','2023-07-07 22:05:57',NULL),(45,123,123,1,0,0,0,0,'2023-07-07 22:05:57','2023-07-07 22:05:57',NULL),(46,123,126,1,0,0,0,0,'2023-07-07 22:05:57','2023-07-07 22:05:57',NULL),(47,124,124,1,0,0,0,0,'2023-07-07 22:05:57','2023-07-07 22:05:57',NULL),(48,126,126,0,0,1,0,0,'2023-07-07 22:05:57','2023-07-07 22:05:57',NULL),(49,126,241,0,0,1,0,0,'2023-07-07 22:05:57','2023-07-07 22:05:57',NULL),(50,127,127,0,1,0,0,0,'2023-07-07 22:05:57','2023-07-07 22:05:57',NULL),(51,132,132,1,0,0,0,0,'2023-07-07 22:05:57','2023-07-07 22:05:57',NULL),(52,133,133,1,0,0,0,0,'2023-07-07 22:05:57','2023-07-07 22:05:57',NULL),(53,134,134,1,0,0,0,0,'2023-07-07 22:05:57','2023-07-07 22:05:57',NULL),(54,135,135,1,0,0,0,0,'2023-07-07 22:05:57','2023-07-07 22:05:57',NULL),(55,136,136,1,0,0,0,0,'2023-07-07 22:05:57','2023-07-07 22:05:57',NULL),(56,140,140,1,0,0,0,0,'2023-07-07 22:05:57','2023-07-07 22:05:57',NULL),(57,143,143,0,0,1,0,0,'2023-07-07 22:05:57','2023-07-07 22:05:57',NULL),(58,148,148,1,0,0,0,0,'2023-07-07 22:05:57','2023-07-07 22:05:57',NULL),(59,149,149,0,1,0,0,0,'2023-07-07 22:05:57','2023-07-07 22:05:57',NULL),(60,242,242,1,0,0,0,0,'2023-07-07 22:05:57','2023-07-07 22:05:57',NULL),(61,152,152,0,1,0,0,0,'2023-07-07 22:05:57','2023-07-07 22:05:57',NULL),(62,154,154,0,0,1,0,0,'2023-07-07 22:05:57','2023-07-07 22:05:57',NULL),(63,155,156,1,0,0,0,0,'2023-07-07 22:05:57','2023-07-07 22:05:57',NULL),(64,156,156,1,0,0,0,0,'2023-07-07 22:05:57','2023-07-07 22:05:57',NULL),(65,157,157,1,0,0,0,0,'2023-07-07 22:05:57','2023-07-07 22:05:57',NULL),(66,159,159,1,0,0,0,0,'2023-07-07 22:05:57','2023-07-07 22:05:57',NULL),(67,161,161,0,1,0,0,0,'2023-07-07 22:05:57','2023-07-07 22:05:57',NULL),(68,166,166,1,0,0,0,0,'2023-07-07 22:05:57','2023-07-07 22:05:57',NULL),(69,167,167,1,0,0,0,0,'2023-07-07 22:05:57','2023-07-07 22:05:57',NULL),(70,167,168,1,0,0,0,0,'2023-07-07 22:05:57','2023-07-07 22:05:57',NULL),(71,168,167,1,0,0,0,0,'2023-07-07 22:05:57','2023-07-07 22:05:57',NULL),(72,168,168,1,0,0,0,0,'2023-07-07 22:05:57','2023-07-07 22:05:57',NULL),(73,169,169,1,0,0,0,0,'2023-07-07 22:05:57','2023-07-07 22:05:57',NULL),(74,170,170,1,0,0,0,0,'2023-07-07 22:05:57','2023-07-07 22:05:57',NULL),(75,173,243,1,0,0,0,0,'2023-07-07 22:05:57','2023-07-07 22:05:57',NULL),(76,173,173,1,0,0,0,0,'2023-07-07 22:05:57','2023-07-07 22:05:57',NULL),(77,173,174,1,0,0,0,0,'2023-07-07 22:05:57','2023-07-07 22:05:57',NULL),(78,174,243,1,0,0,0,0,'2023-07-07 22:05:57','2023-07-07 22:05:57',NULL),(79,174,173,1,0,0,0,0,'2023-07-07 22:05:57','2023-07-07 22:05:57',NULL),(80,174,174,1,0,0,0,0,'2023-07-07 22:05:57','2023-07-07 22:05:57',NULL),(81,176,176,1,0,0,0,0,'2023-07-07 22:05:57','2023-07-07 22:05:57',NULL),(82,177,124,1,0,0,0,0,'2023-07-07 22:05:57','2023-07-07 22:05:57',NULL),(83,179,176,1,0,0,0,0,'2023-07-07 22:05:57','2023-07-07 22:05:57',NULL),(84,180,176,1,0,0,0,0,'2023-07-07 22:05:57','2023-07-07 22:05:57',NULL),(85,184,184,1,0,0,0,0,'2023-07-07 22:05:57','2023-07-07 22:05:57',NULL),(86,185,184,1,0,0,0,0,'2023-07-07 22:05:57','2023-07-07 22:05:57',NULL),(87,192,192,1,0,0,0,0,'2023-07-07 22:05:57','2023-07-07 22:05:57',NULL),(88,193,193,1,0,0,0,0,'2023-07-07 22:05:57','2023-07-07 22:05:57',NULL),(89,194,194,1,0,0,0,0,'2023-07-07 22:05:57','2023-07-07 22:05:57',NULL),(90,195,195,1,0,0,0,0,'2023-07-07 22:05:57','2023-07-07 22:05:57',NULL),(91,196,196,1,0,0,0,0,'2023-07-07 22:05:57','2023-07-07 22:05:57',NULL),(92,197,197,1,0,0,0,0,'2023-07-07 22:05:57','2023-07-07 22:05:57',NULL),(93,208,208,0,1,1,0,0,'2023-07-07 22:05:57','2023-07-07 22:05:57',NULL),(94,209,244,0,1,1,0,0,'2023-07-07 22:05:57','2023-07-07 22:05:57',NULL),(95,210,244,0,1,0,0,0,'2023-07-07 22:05:57','2023-07-07 22:05:57',NULL),(96,211,244,0,1,0,0,0,'2023-07-07 22:05:57','2023-07-07 22:05:57',NULL),(97,217,217,1,0,0,0,0,'2023-07-07 22:05:57','2023-07-07 22:05:57',NULL),(98,218,218,1,0,0,0,0,'2023-07-07 22:05:57','2023-07-07 22:05:57',NULL),(99,218,217,1,0,0,0,0,'2023-07-07 22:05:57','2023-07-07 22:05:57',NULL),(100,219,217,1,0,0,0,0,'2023-07-07 22:05:57','2023-10-17 11:52:22',NULL),(101,219,219,1,0,0,0,0,'2023-07-07 22:05:57','2023-07-07 22:05:57',NULL),(102,220,219,1,0,0,0,0,'2023-07-07 22:05:57','2023-07-07 22:05:57',NULL),(103,220,220,1,1,0,0,0,'2023-07-07 22:05:57','2023-07-07 22:05:57',NULL),(104,220,218,1,0,0,0,0,'2023-07-07 22:05:57','2023-07-07 22:05:57',NULL),(105,220,217,1,0,0,0,0,'2023-07-07 22:05:57','2023-07-07 22:05:57',NULL),(106,221,221,1,0,0,0,0,'2023-07-07 22:05:57','2023-07-07 22:05:57',NULL),(107,147,148,1,0,0,0,0,'2023-07-07 22:05:57','2023-07-07 22:05:57',NULL),(108,235,235,1,0,0,0,0,'2023-07-07 22:05:57','2023-07-07 22:05:57',NULL),(109,70,70,0,1,0,0,0,'2023-07-07 22:05:57','2023-07-07 22:05:57',NULL),(110,151,151,0,1,0,0,0,'2023-07-07 22:05:57','2023-07-07 22:05:57',NULL),(111,153,153,0,1,0,0,0,'2023-07-07 22:05:57','2023-07-07 22:05:57',NULL),(112,160,160,0,1,0,0,0,'2023-07-07 22:05:57','2023-07-07 22:05:57',NULL),(113,238,249,0,1,0,0,0,'2023-10-06 11:43:42','2023-10-17 11:52:17',NULL),(114,47,238,0,1,1,0,0,'2023-10-17 11:51:52','2023-10-17 11:51:52',NULL),(115,47,249,0,1,0,0,0,'2023-10-17 11:51:57','2023-11-02 23:31:12',NULL),(116,249,249,0,1,0,0,0,'2023-10-17 11:52:03','2023-10-17 11:52:03',NULL),(117,250,250,1,0,0,0,0,'2023-10-17 11:52:10','2023-10-17 11:52:10',NULL),(118,250,217,1,0,0,0,0,'2023-10-17 11:52:10','2023-10-17 11:52:10',NULL),(119,250,218,1,0,0,0,0,'2023-10-17 11:52:10','2023-10-17 11:52:10',NULL),(120,250,219,1,0,0,0,0,'2023-10-17 11:52:10','2023-10-17 11:52:10',NULL),(121,47,46,0,0,0,0,1,'2023-11-02 23:38:44','2023-11-02 23:38:44',NULL),(122,47,45,0,0,0,0,1,'2023-11-02 23:39:46','2023-11-02 23:39:46',NULL),(123,47,48,0,0,0,0,1,'2023-11-02 23:40:26','2023-11-02 23:40:26',NULL),(124,67,67,1,0,0,0,1,'2024-02-01 14:23:08','2024-02-01 14:23:08',NULL);

--
-- Table structure for table `rental_items`
--

CREATE TABLE `rental_items` (
  `id` int unsigned NOT NULL AUTO_INCREMENT COMMENT 'ID',
  `equipment_type_id` int unsigned NOT NULL COMMENT '形式ID',
  `management_number` varchar(255) CHARACTER SET utf8mb4 COLLATE utf8mb4_unicode_ci NOT NULL COMMENT '管理番号',
  `current_status` varchar(255) CHARACTER SET utf8mb4 COLLATE utf8mb4_unicode_ci NOT NULL COMMENT 'ステータス',
  `specification` varchar(255) CHARACTER SET utf8mb4 COLLATE utf8mb4_unicode_ci DEFAULT NULL COMMENT '仕様：ポンコツ品など',
  `is_domestic_dentist` tinyint NOT NULL DEFAULT '0' COMMENT '国内歯科向け',
  `is_abroad_dentist` tinyint NOT NULL DEFAULT '0' COMMENT '海外歯科向け',
  `is_veterinary` tinyint NOT NULL DEFAULT '0' COMMENT '獣医科向け',
  `is_other_medical` tinyint NOT NULL DEFAULT '0' COMMENT 'その他医科向け',
  `is_others` tinyint NOT NULL DEFAULT '0' COMMENT 'その他向け',
  `created_at` datetime NOT NULL DEFAULT CURRENT_TIMESTAMP COMMENT '作成日時',
  `created_by` int DEFAULT NULL COMMENT '作成者',
  `updated_at` datetime NOT NULL DEFAULT CURRENT_TIMESTAMP ON UPDATE CURRENT_TIMESTAMP COMMENT '更新日時',
  `updated_by` int DEFAULT NULL COMMENT '更新者',
  `deleted_at` datetime DEFAULT NULL COMMENT '削除日時',
  `deleted_by` int DEFAULT NULL COMMENT '削除者',
  PRIMARY KEY (`id`),
  KEY `rental_items_equipment_type_id_foreign` (`equipment_type_id`),
  KEY `rental_items_created_by_foreign` (`created_by`),
  KEY `rental_items_updated_by_foreign` (`updated_by`),
  KEY `rental_items_deleted_by_foreign` (`deleted_by`),
  CONSTRAINT `rental_items_created_by_foreign` FOREIGN KEY (`created_by`) REFERENCES `employees` (`id`),
  CONSTRAINT `rental_items_deleted_by_foreign` FOREIGN KEY (`deleted_by`) REFERENCES `employees` (`id`),
  CONSTRAINT `rental_items_equipment_type_id_foreign` FOREIGN KEY (`equipment_type_id`) REFERENCES `equipment_types` (`id`),
  CONSTRAINT `rental_items_updated_by_foreign` FOREIGN KEY (`updated_by`) REFERENCES `employees` (`id`)
) ENGINE=InnoDB AUTO_INCREMENT=460 DEFAULT CHARSET=utf8mb4 COLLATE=utf8mb4_unicode_ci;

--
-- Dumping data for table `rental_items`
--

INSERT INTO `rental_items` VALUES (1,26,'000286','rent',NULL,1,0,0,0,0,'2023-07-20 09:09:43',NULL,'2023-07-24 20:19:42',1,NULL,NULL),(2,26,'000348','rent',NULL,1,0,0,0,0,'2023-07-20 09:09:43',NULL,'2024-07-07 14:09:28',1,NULL,NULL),(3,26,'000378','rent',NULL,1,0,0,0,0,'2023-07-20 09:09:43',NULL,'2024-04-11 12:05:34',1,NULL,NULL),(4,26,'010067','repairing',NULL,1,0,0,0,0,'2023-07-20 09:09:43',NULL,'2023-07-24 20:19:42',1,NULL,NULL),(5,26,'010246','rent',NULL,1,0,0,0,0,'2023-07-20 09:09:43',NULL,'2024-04-11 19:53:04',1,NULL,NULL),(6,26,'030103','rent',NULL,1,0,0,0,0,'2023-07-20 09:09:43',NULL,'2024-07-07 14:09:27',NULL,NULL,NULL),(7,26,'030475','not_in_use',NULL,1,0,0,0,0,'2023-07-20 09:09:43',NULL,'2023-07-24 20:19:42',1,NULL,NULL),(8,26,'040025','rent',NULL,1,0,0,0,0,'2023-07-20 09:09:43',NULL,'2024-04-16 13:19:12',NULL,NULL,NULL),(9,26,'040283','rent',NULL,1,0,0,0,0,'2023-07-20 09:09:43',NULL,'2024-04-13 16:03:25',1,NULL,NULL),(10,26,'040980','rent',NULL,1,0,0,0,0,'2023-07-20 09:09:43',NULL,'2023-07-20 09:09:43',NULL,NULL,NULL),(11,26,'041480','rent',NULL,1,0,0,0,0,'2023-07-20 09:09:43',NULL,'2023-07-20 09:09:43',NULL,NULL,NULL),(12,26,'041724','available',NULL,1,0,0,0,0,'2023-07-20 09:09:43',NULL,'2023-07-20 09:09:43',NULL,NULL,NULL),(13,26,'051032','available',NULL,1,0,0,0,0,'2023-07-20 09:09:43',NULL,'2023-07-20 09:09:43',NULL,NULL,NULL),(14,28,'010494','rent',NULL,1,0,0,0,0,'2023-07-20 09:09:43',NULL,'2023-07-20 09:09:43',NULL,NULL,NULL),(15,28,'040094','rent',NULL,1,0,0,0,0,'2023-07-20 09:09:43',NULL,'2023-07-20 09:09:43',NULL,NULL,NULL),(16,40,'120301','not_in_use','モータシース破損',1,0,0,0,0,'2023-07-20 09:09:43',NULL,'2023-12-22 20:48:53',NULL,NULL,NULL),(17,40,'160598','rent',NULL,1,0,0,0,0,'2023-07-20 09:09:43',NULL,'2023-07-20 09:09:43',NULL,NULL,NULL),(18,40,'ST3037','rent',NULL,1,0,0,0,0,'2023-07-20 09:09:43',NULL,'2023-07-20 09:09:43',NULL,NULL,NULL),(19,40,'ST3038','rent',NULL,1,0,0,0,0,'2023-07-20 09:09:43',NULL,'2023-07-20 09:09:43',NULL,NULL,NULL),(20,40,'ST3039','rent',NULL,1,0,0,0,0,'2023-07-20 09:09:43',NULL,'2023-07-20 09:09:43',NULL,NULL,NULL),(21,40,'ST3040','rent',NULL,1,0,0,0,0,'2023-07-20 09:09:43',NULL,'2023-07-20 09:09:43',NULL,NULL,NULL),(22,40,'ST3041','rent',NULL,1,0,0,0,0,'2023-07-20 09:09:43',NULL,'2023-07-20 09:09:43',NULL,NULL,NULL),(23,40,'ST3042','rent',NULL,1,0,0,0,0,'2023-07-20 09:09:43',NULL,'2023-07-20 09:09:43',NULL,NULL,NULL),(24,40,'ST3043','rent',NULL,1,0,0,0,0,'2023-07-20 09:09:43',NULL,'2023-07-20 09:09:43',NULL,NULL,NULL),(25,40,'ST3044','rent',NULL,1,0,0,0,0,'2023-07-20 09:09:43',NULL,'2023-07-20 09:09:43',NULL,NULL,NULL),(26,40,'ST3045','rent',NULL,1,0,0,0,0,'2023-07-20 09:09:43',NULL,'2023-07-20 09:09:43',NULL,NULL,NULL),(27,40,'ST3046','rent',NULL,1,0,0,0,0,'2023-07-20 09:09:43',NULL,'2023-07-20 09:09:43',NULL,NULL,NULL),(28,40,'ST3047','rent',NULL,1,0,0,0,0,'2023-07-20 09:09:43',NULL,'2023-07-20 09:09:43',NULL,NULL,NULL),(29,40,'ST3048','rent',NULL,1,0,0,0,0,'2023-07-20 09:09:43',NULL,'2023-07-20 09:09:43',NULL,NULL,NULL),(30,40,'ST3049','available',NULL,1,0,0,0,0,'2023-07-20 09:09:43',NULL,'2023-09-12 08:53:10',1,NULL,NULL),(31,37,'070775','rent',NULL,1,0,0,0,0,'2023-07-20 09:09:43',NULL,'2023-07-20 09:09:43',NULL,NULL,NULL),(32,37,'080069','available',NULL,1,0,0,0,0,'2023-07-20 09:09:43',NULL,'2024-03-21 20:54:09',1,NULL,NULL),(33,37,'090989','available',NULL,1,0,0,0,0,'2023-07-20 09:09:43',NULL,'2024-03-21 20:54:09',1,NULL,NULL),(34,37,'090675','prepared',NULL,1,0,0,0,0,'2023-07-20 09:09:43',NULL,'2023-09-21 10:47:37',1,NULL,NULL),(35,37,'100590','rent',NULL,1,0,0,0,0,'2023-07-20 09:09:43',NULL,'2024-04-11 22:43:44',1,NULL,NULL),(36,37,'100847','rent',NULL,1,0,0,0,0,'2023-07-20 09:09:43',NULL,'2023-07-20 09:09:43',NULL,NULL,NULL),(37,37,'180205','rent',NULL,1,0,0,0,0,'2023-07-20 09:09:43',NULL,'2023-07-20 09:09:43',NULL,NULL,NULL),(38,37,'081687','rent',NULL,1,0,0,0,0,'2023-07-20 09:09:43',NULL,'2023-07-20 09:09:43',NULL,NULL,NULL),(39,37,'150097','rent',NULL,1,0,0,0,0,'2023-07-20 09:09:43',NULL,'2023-07-20 09:09:43',NULL,NULL,NULL),(40,37,'ST3020','rent',NULL,1,0,0,0,0,'2023-07-20 09:09:43',NULL,'2023-07-20 09:09:43',NULL,NULL,NULL),(41,37,'ST3021','rent',NULL,1,0,0,0,0,'2023-07-20 09:09:43',NULL,'2023-07-20 09:09:43',NULL,NULL,NULL),(42,37,'ST3022','available',NULL,1,0,0,0,0,'2023-07-20 09:09:43',NULL,'2023-10-15 14:35:04',1,NULL,NULL),(43,37,'ST3023','rent',NULL,1,0,0,0,0,'2023-07-20 09:09:43',NULL,'2023-07-20 09:09:43',NULL,NULL,NULL),(44,37,'ST3024','rent',NULL,1,0,0,0,0,'2023-07-20 09:09:43',NULL,'2023-07-20 09:09:43',NULL,NULL,NULL),(45,37,'ST3025','rent',NULL,1,0,0,0,0,'2023-07-20 09:09:43',NULL,'2023-07-20 09:09:43',NULL,NULL,NULL),(46,37,'ST3026','rent',NULL,1,0,0,0,0,'2023-07-20 09:09:43',NULL,'2023-07-20 09:09:43',NULL,NULL,NULL),(47,37,'ST3027','rent',NULL,1,0,0,0,0,'2023-07-20 09:09:43',NULL,'2023-07-20 09:09:43',NULL,NULL,NULL),(48,37,'ST3028','rent',NULL,1,0,0,0,0,'2023-07-20 09:09:43',NULL,'2023-07-20 09:09:43',NULL,NULL,NULL),(49,39,'160029','rent',NULL,1,0,0,0,0,'2023-07-20 09:09:43',NULL,'2023-07-20 09:09:43',NULL,NULL,NULL),(50,39,'170028','rent',NULL,1,0,0,0,0,'2023-07-20 09:09:43',NULL,'2023-07-20 09:09:43',NULL,NULL,NULL),(51,42,'130078','rent',NULL,1,0,0,0,0,'2023-07-20 09:09:43',NULL,'2023-12-22 20:48:53',NULL,NULL,NULL),(52,42,'170015','not_in_use','故障中？',1,0,0,0,0,'2023-07-20 09:09:43',NULL,'2023-12-22 20:48:53',NULL,NULL,NULL),(53,42,'ST3052','available',NULL,1,0,0,0,0,'2023-07-20 09:09:43',NULL,'2023-09-12 08:44:41',1,NULL,NULL),(54,58,'020009','rent',NULL,1,0,0,0,0,'2023-07-20 09:09:43',NULL,'2024-04-09 15:17:09',NULL,NULL,NULL),(55,34,'020512','rent',NULL,1,0,0,0,0,'2023-07-20 09:09:43',NULL,'2024-04-09 15:17:09',NULL,NULL,NULL),(56,34,'020263','rent',NULL,1,0,0,0,0,'2023-07-20 09:09:43',NULL,'2023-12-11 21:14:43',1,NULL,NULL),(57,34,'ST3050','rent',NULL,1,0,0,0,0,'2023-07-20 09:09:43',NULL,'2023-07-20 09:09:43',NULL,NULL,NULL),(58,34,'ST3051','rent',NULL,1,0,0,0,0,'2023-07-20 09:09:43',NULL,'2023-07-20 09:09:43',NULL,NULL,NULL),(59,47,'030014','rent',NULL,1,0,0,0,0,'2023-07-20 09:09:43',NULL,'2023-12-11 21:14:43',NULL,NULL,NULL),(60,47,'050245','available',NULL,1,0,0,0,0,'2023-07-20 09:09:43',NULL,'2024-04-09 15:17:10',1,NULL,NULL),(61,47,'170025','available',NULL,1,0,0,0,0,'2023-07-20 09:09:43',NULL,'2024-03-21 20:57:18',1,NULL,NULL),(62,44,'001715','available',NULL,1,0,0,0,0,'2023-07-20 09:09:43',NULL,'2023-12-11 21:14:43',NULL,NULL,NULL),(63,44,'990378','available',NULL,1,0,0,0,0,'2023-07-20 09:09:43',NULL,'2023-09-12 08:53:10',1,NULL,NULL),(64,49,'010016','available',NULL,1,0,0,0,0,'2023-07-20 09:09:43',NULL,'2023-12-11 21:14:43',NULL,NULL,NULL),(65,49,'990544','available',NULL,1,0,0,0,0,'2023-07-20 09:09:43',NULL,'2023-12-11 21:14:43',NULL,NULL,NULL),(66,49,'990546','available',NULL,1,0,0,0,0,'2023-07-20 09:09:43',NULL,'2023-12-22 20:48:53',NULL,NULL,NULL),(67,49,'A000005','rent',NULL,1,0,0,0,0,'2023-07-20 09:09:43',NULL,'2023-07-20 09:09:43',NULL,NULL,NULL),(68,236,'20457','rent',NULL,1,0,0,0,0,'2023-07-20 09:09:43',NULL,'2023-12-11 21:14:43',NULL,NULL,NULL),(69,236,'030318','available',NULL,1,0,0,0,0,'2023-07-20 09:09:43',NULL,'2023-07-20 09:09:43',NULL,NULL,NULL),(70,236,'31282','available',NULL,1,0,0,0,0,'2023-07-20 09:09:43',NULL,'2023-07-20 09:09:43',NULL,NULL,NULL),(71,236,'71475','rent',NULL,1,0,0,0,0,'2023-07-20 09:09:43',NULL,'2023-12-11 21:14:43',NULL,NULL,NULL),(72,236,'040021','available',NULL,1,0,0,0,0,'2023-07-20 09:09:43',NULL,'2023-07-20 09:09:43',NULL,NULL,NULL),(73,51,'80169','available',NULL,1,0,0,0,0,'2023-07-20 09:09:43',NULL,'2023-07-20 09:09:43',NULL,NULL,NULL),(74,53,'140953','rent',NULL,1,0,0,0,0,'2023-07-20 09:09:43',NULL,'2023-07-20 09:09:43',NULL,NULL,NULL),(75,53,'170764','available',NULL,1,0,0,0,0,'2023-07-20 09:09:43',NULL,'2023-07-20 09:09:43',NULL,NULL,NULL),(76,53,'141448','available',NULL,1,0,0,0,0,'2023-07-20 09:09:43',NULL,'2023-12-22 20:48:53',NULL,NULL,NULL),(77,53,'140393','rent',NULL,1,0,0,0,0,'2023-07-20 09:09:43',NULL,'2023-12-11 21:14:43',NULL,NULL,NULL),(78,57,'ST935','rent',NULL,1,0,0,0,0,'2023-07-20 09:09:43',NULL,'2023-12-11 21:14:43',NULL,NULL,NULL),(79,100,'120006','rent',NULL,1,0,0,0,0,'2023-07-20 09:09:43',NULL,'2023-07-20 09:09:43',NULL,NULL,NULL),(80,100,'120002','available',NULL,1,0,0,0,0,'2023-07-20 09:09:43',NULL,'2023-07-20 09:09:43',NULL,NULL,NULL),(81,123,'ST-9952','rent',NULL,1,0,0,0,0,'2023-07-20 09:09:43',NULL,'2023-12-11 21:14:43',1,NULL,NULL),(82,123,'ST-9954','not_in_use','LD不良',1,0,0,0,0,'2023-07-20 09:09:43',NULL,'2023-12-22 20:48:52',NULL,NULL,NULL),(83,126,'ST31','rent',NULL,1,0,0,0,0,'2023-07-20 09:09:43',NULL,'2023-12-11 21:14:43',NULL,NULL,NULL),(84,124,'ST101','rent',NULL,1,0,0,0,0,'2023-07-20 09:09:43',NULL,'2023-12-11 21:14:43',1,NULL,NULL),(85,132,'160002','available',NULL,1,0,0,0,0,'2023-07-20 09:09:43',NULL,'2023-07-20 09:09:43',NULL,NULL,NULL),(86,135,'ST6911','rent',NULL,1,0,0,0,0,'2023-07-20 09:09:43',NULL,'2023-07-20 09:09:43',NULL,NULL,NULL),(87,135,'ST6903','rent',NULL,1,0,0,0,0,'2023-07-20 09:09:43',NULL,'2023-07-20 09:09:43',NULL,NULL,NULL),(88,135,'ST6905','rent',NULL,1,0,0,0,0,'2023-07-20 09:09:43',NULL,'2023-07-20 09:09:43',NULL,NULL,NULL),(89,135,'ST6907','available',NULL,1,0,0,0,0,'2023-07-20 09:09:43',NULL,'2023-07-20 09:09:43',NULL,NULL,NULL),(90,135,'ST6908','rent',NULL,1,0,0,0,0,'2023-07-20 09:09:43',NULL,'2024-04-09 15:17:09',NULL,NULL,NULL),(91,135,'ST9999','rent',NULL,1,0,0,0,0,'2023-07-20 09:09:43',NULL,'2023-07-20 09:09:43',NULL,NULL,NULL),(92,247,'ST320014','repairing',NULL,1,0,0,0,0,'2023-07-20 09:09:43',NULL,'2024-07-07 14:40:03',NULL,NULL,NULL),(93,247,'ST320015','not_in_use',NULL,1,0,0,0,0,'2023-07-20 09:09:43',NULL,'2023-12-22 20:48:52',NULL,NULL,NULL),(94,134,'ST370002','rent',NULL,1,0,0,0,0,'2023-07-20 09:09:43',NULL,'2023-12-22 20:48:52',1,NULL,NULL),(95,136,'ST070024','not_in_use',NULL,1,0,0,0,0,'2023-07-20 09:09:43',NULL,'2023-12-22 20:48:52',NULL,NULL,NULL),(96,136,'ST090035','not_in_use',NULL,1,0,0,0,0,'2023-07-20 09:09:43',NULL,'2023-12-22 20:48:52',NULL,NULL,NULL),(97,136,'ST100026','available',NULL,1,0,0,0,0,'2023-07-20 09:09:43',NULL,'2023-12-22 20:48:52',1,NULL,NULL),(98,140,'ST5436','available',NULL,1,0,0,0,0,'2023-07-20 09:09:43',NULL,'2023-09-12 08:53:10',1,NULL,NULL),(99,140,'ST0486','available',NULL,1,0,0,0,0,'2023-07-20 09:09:43',NULL,'2023-09-12 08:53:30',1,NULL,NULL),(100,140,'ST0461','available',NULL,1,0,0,0,0,'2023-07-20 09:09:43',NULL,'2023-07-20 09:09:43',NULL,NULL,NULL),(101,140,'ST0040','available',NULL,1,0,0,0,0,'2023-07-20 09:09:43',NULL,'2023-09-12 08:46:02',1,NULL,NULL),(102,140,'120228','available',NULL,1,0,0,0,0,'2023-07-20 09:09:43',NULL,'2023-07-20 09:09:43',NULL,NULL,NULL),(103,140,'ST155','available',NULL,1,0,0,0,0,'2023-07-20 09:09:43',NULL,'2023-07-20 09:09:43',NULL,NULL,NULL),(104,148,'ST4758','rent',NULL,1,0,0,0,0,'2023-07-20 09:09:43',NULL,'2023-07-20 09:09:43',NULL,NULL,NULL),(105,242,'ST0062','rent',NULL,1,0,0,0,0,'2023-07-20 09:09:43',NULL,'2023-07-20 09:09:43',NULL,NULL,NULL),(106,242,'ST901','rent',NULL,1,0,0,0,0,'2023-07-20 09:09:43',NULL,'2023-07-20 09:09:43',NULL,NULL,NULL),(107,156,'ST0589','rent',NULL,1,0,0,0,0,'2023-07-20 09:09:43',NULL,'2023-12-11 21:14:43',NULL,NULL,NULL),(108,156,'ST0500','rent',NULL,1,0,0,0,0,'2023-07-20 09:09:43',NULL,'2023-12-11 21:14:43',NULL,NULL,NULL),(109,156,'ST7304','rent',NULL,1,0,0,0,0,'2023-07-20 09:09:43',NULL,'2023-07-20 09:09:43',NULL,NULL,NULL),(110,156,'ST7313','rent',NULL,1,0,0,0,0,'2023-07-20 09:09:43',NULL,'2023-07-20 09:09:43',NULL,NULL,NULL),(111,159,'ST0577','rent',NULL,1,0,0,0,0,'2023-07-20 09:09:43',NULL,'2023-12-22 20:48:53',NULL,NULL,NULL),(112,157,'ST7502','rent',NULL,1,0,0,0,0,'2023-07-20 09:09:43',NULL,'2023-12-22 20:48:53',NULL,NULL,NULL),(113,170,'EEN120002','rent',NULL,1,0,0,0,0,'2023-07-20 09:09:43',NULL,'2023-07-20 09:09:43',NULL,NULL,NULL),(114,170,'EEN140006','rent',NULL,1,0,0,0,0,'2023-07-20 09:09:43',NULL,'2023-07-20 09:09:43',NULL,NULL,NULL),(115,168,'TH001','available',NULL,1,0,0,0,0,'2023-07-20 09:09:43',NULL,'2023-07-20 09:09:43',NULL,NULL,NULL),(116,168,'TH002','rent',NULL,1,0,0,0,0,'2023-07-20 09:09:43',NULL,'2023-07-20 09:09:43',NULL,NULL,NULL),(117,168,'TH035','available',NULL,1,0,0,0,0,'2023-07-20 09:09:43',NULL,'2023-09-12 08:53:46',1,NULL,NULL),(118,168,'TH003','rent',NULL,1,0,0,0,0,'2023-07-20 09:09:43',NULL,'2023-07-20 09:09:43',NULL,NULL,NULL),(119,169,'B22B054','rent',NULL,1,0,0,0,0,'2023-07-20 09:09:43',NULL,'2023-07-20 09:09:43',NULL,NULL,NULL),(120,167,'St320567','rent',NULL,1,0,0,0,0,'2023-07-20 09:09:43',NULL,'2023-07-20 09:09:43',NULL,NULL,NULL),(121,167,'ST-5055','available',NULL,1,0,0,0,0,'2023-07-20 09:09:43',NULL,'2023-07-20 09:09:43',NULL,NULL,NULL),(122,167,'ST5356','rent',NULL,1,0,0,0,0,'2023-07-20 09:09:43',NULL,'2023-12-11 21:14:42',1,NULL,NULL),(123,167,'TH007','rent',NULL,1,0,0,0,0,'2023-07-20 09:09:43',NULL,'2023-07-20 09:09:43',NULL,NULL,NULL),(124,167,'ST806','rent',NULL,1,0,0,0,0,'2023-07-20 09:09:43',NULL,'2023-07-20 09:09:43',NULL,NULL,NULL),(125,167,'TH005','rent',NULL,1,0,0,0,0,'2023-07-20 09:09:43',NULL,'2023-07-20 09:09:43',NULL,NULL,NULL),(126,167,'ST5341','rent',NULL,1,0,0,0,0,'2023-07-20 09:09:43',NULL,'2023-07-20 09:09:43',NULL,NULL,NULL),(127,167,'ST5361','rent',NULL,1,0,0,0,0,'2023-07-20 09:09:43',NULL,'2023-07-20 09:09:43',NULL,NULL,NULL),(128,167,'ST807','available',NULL,1,0,0,0,0,'2023-07-20 09:09:43',NULL,'2023-07-20 09:09:43',NULL,NULL,NULL),(129,167,'ST5353','rent',NULL,1,0,0,0,0,'2023-07-20 09:09:43',NULL,'2023-07-20 09:09:43',NULL,NULL,NULL),(130,167,'ST819','available',NULL,1,0,0,0,0,'2023-07-20 09:09:43',NULL,'2023-09-12 08:45:38',1,NULL,NULL),(131,167,'TH009','rent',NULL,1,0,0,0,0,'2023-07-20 09:09:43',NULL,'2023-07-20 09:09:43',NULL,NULL,NULL),(132,167,'ST5327','rent',NULL,1,0,0,0,0,'2023-07-20 09:09:43',NULL,'2023-07-20 09:09:43',NULL,NULL,NULL),(133,167,'TH030','rent',NULL,1,0,0,0,0,'2023-07-20 09:09:43',NULL,'2023-07-20 09:09:43',NULL,NULL,NULL),(134,167,'TH006','rent',NULL,1,0,0,0,0,'2023-07-20 09:09:43',NULL,'2023-07-20 09:09:43',NULL,NULL,NULL),(135,167,'ST5439','rent',NULL,1,0,0,0,0,'2023-07-20 09:09:43',NULL,'2023-07-20 09:09:43',NULL,NULL,NULL),(136,167,'ST034','rent',NULL,1,0,0,0,0,'2023-07-20 09:09:43',NULL,'2023-07-20 09:09:43',NULL,NULL,NULL),(137,167,'TH033','available',NULL,1,0,0,0,0,'2023-07-20 09:09:43',NULL,'2023-09-12 08:53:19',1,NULL,NULL),(138,167,'TH021','rent',NULL,1,0,0,0,0,'2023-07-20 09:09:43',NULL,'2023-07-20 09:09:43',NULL,NULL,NULL),(139,167,'ST801','rent',NULL,1,0,0,0,0,'2023-07-20 09:09:43',NULL,'2023-07-20 09:09:43',NULL,NULL,NULL),(140,167,'TH024','rent',NULL,1,0,0,0,0,'2023-07-20 09:09:43',NULL,'2023-07-20 09:09:43',NULL,NULL,NULL),(141,167,'ST5388','rent',NULL,1,0,0,0,0,'2023-07-20 09:09:43',NULL,'2023-07-20 09:09:43',NULL,NULL,NULL),(142,167,'TH015','rent',NULL,1,0,0,0,0,'2023-07-20 09:09:43',NULL,'2023-07-20 09:09:43',NULL,NULL,NULL),(143,167,'TH031','rent',NULL,1,0,0,0,0,'2023-07-20 09:09:43',NULL,'2023-07-20 09:09:43',NULL,NULL,NULL),(144,167,'ST813','rent',NULL,1,0,0,0,0,'2023-07-20 09:09:43',NULL,'2023-07-20 09:09:43',NULL,NULL,NULL),(145,167,'ST020','rent',NULL,1,0,0,0,0,'2023-07-20 09:09:43',NULL,'2023-07-20 09:09:43',NULL,NULL,NULL),(146,166,'TH7021','available',NULL,1,0,0,0,0,'2023-07-20 09:09:43',NULL,'2023-07-20 09:09:43',NULL,NULL,NULL),(147,166,'ST442157','rent',NULL,1,0,0,0,0,'2023-07-20 09:09:43',NULL,'2023-07-20 09:09:43',NULL,NULL,NULL),(148,166,'ST432071','available',NULL,1,0,0,0,0,'2023-07-20 09:09:43',NULL,'2023-09-12 08:53:46',1,NULL,NULL),(149,243,'ST-151','not_in_use',NULL,1,0,0,0,0,'2023-07-20 09:09:43',NULL,'2023-12-22 20:48:52',NULL,NULL,NULL),(150,243,'ST-152','not_in_use',NULL,1,0,0,0,0,'2023-07-20 09:09:43',NULL,'2023-12-22 20:48:52',1,NULL,NULL),(151,243,'ST-155','rent',NULL,1,0,0,0,0,'2023-07-20 09:09:43',NULL,'2023-12-22 20:48:52',NULL,NULL,NULL),(152,243,'ST-156','not_in_use',NULL,1,0,0,0,0,'2023-07-20 09:09:43',NULL,'2023-12-22 20:48:52',NULL,NULL,NULL),(153,174,'ＳＴ-205','rent',NULL,1,0,0,0,0,'2023-07-20 09:09:43',NULL,'2023-12-11 21:14:43',NULL,NULL,NULL),(154,174,'ST-206','rent',NULL,1,0,0,0,0,'2023-07-20 09:09:43',NULL,'2023-12-22 20:48:53',NULL,NULL,NULL),(155,174,'ST-215','not_in_use',NULL,1,0,0,0,0,'2023-07-20 09:09:43',NULL,'2023-12-22 20:48:53',NULL,NULL,NULL),(156,174,'ST-217','rent',NULL,1,0,0,0,0,'2023-07-20 09:09:43',NULL,'2023-07-20 09:09:43',NULL,NULL,NULL),(157,176,'ST-011','not_in_use','所在不明',1,0,0,0,0,'2023-07-20 09:09:43',NULL,'2023-12-22 20:48:52',1,NULL,NULL),(158,176,'ST-111','not_in_use','所在不明',1,0,0,0,0,'2023-07-20 09:09:43',NULL,'2023-12-22 20:48:52',NULL,NULL,NULL),(159,176,'ST-112','rent',NULL,1,0,0,0,0,'2023-07-20 09:09:43',NULL,'2023-12-11 21:14:42',NULL,NULL,NULL),(160,176,'ST-113','not_in_use','所在不明',1,0,0,0,0,'2023-07-20 09:09:43',NULL,'2023-12-22 20:48:52',NULL,NULL,NULL),(161,176,'ST-7136','rent',NULL,1,0,0,0,0,'2023-07-20 09:09:43',NULL,'2024-04-09 15:17:09',NULL,NULL,NULL),(162,176,'ST-1999','rent',NULL,1,0,0,0,0,'2023-07-20 09:09:43',NULL,'2023-07-20 09:09:43',NULL,NULL,NULL),(163,177,'ST-001','not_in_use','所在不明',1,0,0,0,0,'2023-07-20 09:09:43',NULL,'2023-12-22 20:48:52',NULL,NULL,NULL),(164,177,'ST-1014','not_in_use','所在不明',1,0,0,0,0,'2023-07-20 09:09:43',NULL,'2023-12-22 20:48:52',NULL,NULL,NULL),(165,177,'ST-1016','rent',NULL,1,0,0,0,0,'2023-07-20 09:09:43',NULL,'2023-07-20 09:09:43',NULL,NULL,NULL),(166,177,'ST002','not_in_use','所在不明',1,0,0,0,0,'2023-07-20 09:09:43',NULL,'2023-12-22 20:48:52',NULL,NULL,NULL),(167,177,'W801135','rent',NULL,1,0,0,0,0,'2023-07-20 09:09:43',NULL,'2023-07-20 09:09:43',NULL,NULL,NULL),(168,184,'0905042','available',NULL,1,0,0,0,0,'2023-07-20 09:09:43',NULL,'2023-09-12 08:53:30',1,NULL,NULL),(169,184,'805958','available',NULL,1,0,0,0,0,'2023-07-20 09:09:43',NULL,'2023-07-20 09:09:43',NULL,NULL,NULL),(170,184,'1203311','rent',NULL,1,0,0,0,0,'2023-07-20 09:09:43',NULL,'2023-07-20 09:09:43',NULL,NULL,NULL),(171,184,'1208353','available',NULL,1,0,0,0,0,'2023-07-20 09:09:43',NULL,'2023-07-20 09:09:43',NULL,NULL,NULL),(172,184,'1110278','rent',NULL,1,0,0,0,0,'2023-07-20 09:09:43',NULL,'2023-07-20 09:09:43',NULL,NULL,NULL),(173,196,'ST147','available',NULL,1,0,0,0,0,'2023-07-20 09:09:43',NULL,'2023-07-20 09:09:43',NULL,NULL,NULL),(174,196,'ST158','not_in_use',NULL,1,0,0,0,0,'2023-07-20 09:09:43',NULL,'2023-12-22 20:48:52',NULL,NULL,NULL),(175,196,'ST160','not_in_use',NULL,1,0,0,0,0,'2023-07-20 09:09:43',NULL,'2023-12-22 20:48:52',NULL,NULL,NULL),(176,196,'ST175','not_in_use',NULL,1,0,0,0,0,'2023-07-20 09:09:43',NULL,'2023-12-22 20:48:52',NULL,NULL,NULL),(177,197,'ST159','rent',NULL,1,0,0,0,0,'2023-07-20 09:09:43',NULL,'2023-07-20 09:09:43',NULL,NULL,NULL),(178,215,'ST-7460','not_in_use',NULL,1,0,0,0,0,'2023-07-20 09:09:43',NULL,'2024-04-09 15:17:09',NULL,NULL,NULL),(179,215,'ST-7461','not_in_use',NULL,1,0,0,0,0,'2023-07-20 09:09:43',NULL,'2023-12-22 20:48:52',NULL,NULL,NULL),(180,215,'ST-7467','rent',NULL,1,0,0,0,0,'2023-07-20 09:09:43',NULL,'2023-12-11 21:12:09',1,NULL,NULL),(181,215,'ST-211018','rent',NULL,1,0,0,0,0,'2023-07-20 09:09:43',NULL,'2023-07-20 09:09:43',NULL,NULL,NULL),(182,215,'ST-0446','not_in_use','故障中',1,0,0,0,0,'2023-07-20 09:09:43',NULL,'2023-12-22 20:48:52',NULL,NULL,NULL),(183,215,'ST-7474','rent',NULL,1,0,0,0,0,'2023-07-20 09:09:43',NULL,'2023-07-20 09:09:43',NULL,NULL,NULL),(184,215,'ST23001','rent',NULL,1,0,0,0,0,'2023-07-20 09:09:43',NULL,'2023-12-11 21:12:09',1,NULL,NULL),(185,235,'ST2518','rent',NULL,1,0,0,0,0,'2023-07-20 09:09:43',NULL,'2023-12-11 21:14:42',1,NULL,NULL),(186,235,'ST2511','not_in_use',NULL,1,0,0,0,0,'2023-07-20 09:09:43',NULL,'2023-12-22 20:48:52',NULL,NULL,NULL),(187,235,'ST2514','rent',NULL,1,0,0,0,0,'2023-07-20 09:09:43',NULL,'2023-12-22 20:48:52',NULL,NULL,NULL),(188,235,'ST2617','available',NULL,1,0,0,0,0,'2023-07-20 09:09:43',NULL,'2023-07-20 09:09:43',NULL,NULL,NULL),(189,217,'ST-0565-1','not_in_use',NULL,1,0,0,0,0,'2023-07-20 09:09:43',NULL,'2023-12-22 20:48:53',NULL,NULL,NULL),(190,218,'ST-7806-1','rent',NULL,1,0,0,0,0,'2023-07-20 09:09:43',NULL,'2024-04-09 15:17:09',NULL,NULL,NULL),(191,217,'ST-7814-1','rent',NULL,1,0,0,0,0,'2023-07-20 09:09:43',NULL,'2023-07-20 09:09:43',NULL,NULL,NULL),(192,217,'ST-7808-1','rent',NULL,1,0,0,0,0,'2023-07-20 09:09:43',NULL,'2023-07-20 09:09:43',NULL,NULL,NULL),(193,217,'ST-7809-1','rent',NULL,1,0,0,0,0,'2023-07-20 09:09:43',NULL,'2023-07-20 09:09:43',NULL,NULL,NULL),(194,217,'ST-7810-1','rent',NULL,1,0,0,0,0,'2023-07-20 09:09:43',NULL,'2023-12-22 20:48:53',NULL,NULL,NULL),(195,217,'ST-7811-1','not_in_use','動作不良',1,0,0,0,0,'2023-07-20 09:09:43',NULL,'2023-12-22 20:48:53',NULL,NULL,NULL),(196,217,'ST-7813','rent',NULL,1,0,0,0,0,'2023-07-20 09:09:43',NULL,'2023-12-11 21:14:43',NULL,NULL,NULL),(197,217,'ST-7815-1','not_in_use','動作不良',1,0,0,0,0,'2023-07-20 09:09:43',NULL,'2023-12-22 20:48:53',NULL,NULL,NULL),(198,217,'ST-7816','rent',NULL,1,0,0,0,0,'2023-07-20 09:09:43',NULL,'2023-07-20 09:09:43',NULL,NULL,NULL),(199,217,'ST-7818-1','rent',NULL,1,0,0,0,0,'2023-07-20 09:09:43',NULL,'2023-07-20 09:09:43',NULL,NULL,NULL),(200,217,'ST-0494-1','not_in_use','ﾀｰﾋﾞﾝ仕様',1,0,0,0,0,'2023-07-20 09:09:43',NULL,'2023-12-22 20:48:53',NULL,NULL,NULL),(201,217,'ST-7812','rent',NULL,1,0,0,0,0,'2023-07-20 09:09:43',NULL,'2023-12-11 21:14:43',NULL,NULL,NULL),(202,217,'ST-7817','not_in_use',NULL,1,0,0,0,0,'2023-07-20 09:09:43',NULL,'2023-12-22 20:48:53',NULL,NULL,NULL),(203,217,'ST-7817-1','rent',NULL,1,0,0,0,0,'2023-07-20 09:09:43',NULL,'2023-12-11 21:14:43',NULL,NULL,NULL),(204,217,'','available',NULL,1,0,0,0,0,'2023-07-20 09:09:43',NULL,'2023-07-20 09:09:43',NULL,NULL,NULL),(205,219,'P380445-2','not_in_use',NULL,1,0,0,0,0,'2023-07-20 09:09:43',NULL,'2023-12-22 20:48:53',NULL,NULL,NULL),(206,219,'ST3055','available',NULL,1,0,0,0,0,'2023-07-20 09:09:43',NULL,'2023-09-12 08:45:38',1,NULL,NULL),(207,219,'','available',NULL,1,0,0,0,0,'2023-07-20 09:09:43',NULL,'2023-07-20 09:09:43',NULL,NULL,NULL),(208,218,'ST-0539','rent',NULL,1,0,0,0,0,'2023-07-20 09:09:43',NULL,'2023-12-22 20:48:53',1,NULL,NULL),(209,218,'ST-7806-1','rent',NULL,1,0,0,0,0,'2023-07-20 09:09:43',NULL,'2023-07-20 09:09:43',NULL,NULL,NULL),(210,218,'ST-7806-2','rent',NULL,1,0,0,0,0,'2023-07-20 09:09:43',NULL,'2023-07-20 09:09:43',NULL,NULL,NULL),(211,218,'ST-7807','rent',NULL,1,0,0,0,0,'2023-07-20 09:09:43',NULL,'2023-12-22 20:48:53',NULL,NULL,NULL),(212,218,'ST-7808-2','not_in_use',NULL,1,0,0,0,0,'2023-07-20 09:09:43',NULL,'2023-12-22 20:48:53',NULL,NULL,NULL),(213,218,'ST-7812-2','rent',NULL,1,0,0,0,0,'2023-07-20 09:09:43',NULL,'2023-12-11 21:14:43',NULL,NULL,NULL),(214,218,'ST-7813-2','not_in_use','動作不良',1,0,0,0,0,'2023-07-20 09:09:43',NULL,'2023-12-22 20:48:53',NULL,NULL,NULL),(215,218,'ST-7821','rent',NULL,1,0,0,0,0,'2023-07-20 09:09:43',NULL,'2023-07-20 09:09:43',NULL,NULL,NULL),(216,218,'ST-7801','rent',NULL,1,0,0,0,0,'2023-07-20 09:09:43',NULL,'2023-07-20 09:09:43',NULL,NULL,NULL),(217,218,'ST-7823','rent',NULL,1,0,0,0,0,'2023-07-20 09:09:43',NULL,'2023-07-20 09:09:43',NULL,NULL,NULL),(218,218,'ST-7801-2','rent',NULL,1,0,0,0,0,'2023-07-20 09:09:43',NULL,'2023-12-22 20:48:53',NULL,NULL,NULL),(219,250,'ST-3804','rent',NULL,1,0,0,0,0,'2023-07-20 09:09:43',NULL,'2023-07-20 09:09:43',NULL,NULL,NULL),(220,250,'ST-3055','available',NULL,1,0,0,0,0,'2023-07-20 09:09:43',NULL,'2023-07-20 09:09:43',NULL,NULL,NULL),(221,221,'EX-5467','not_in_use',NULL,1,0,0,0,0,'2023-07-20 09:09:43',NULL,'2023-12-22 20:48:53',NULL,NULL,NULL),(222,100,'','not_in_use',NULL,1,0,0,0,0,'2023-07-20 09:09:43',NULL,'2023-07-20 09:09:43',NULL,NULL,NULL),(223,100,'','not_in_use',NULL,1,0,0,0,0,'2023-07-20 09:09:43',NULL,'2023-07-20 09:09:43',NULL,NULL,NULL),(224,100,'','not_in_use',NULL,1,0,0,0,0,'2023-07-20 09:09:43',NULL,'2023-07-20 09:09:43',NULL,NULL,NULL),(225,100,'','not_in_use',NULL,1,0,0,0,0,'2023-07-20 09:09:43',NULL,'2023-07-20 09:09:43',NULL,NULL,NULL),(226,100,'','not_in_use',NULL,1,0,0,0,0,'2023-07-20 09:09:43',NULL,'2023-07-20 09:09:43',NULL,NULL,NULL),(227,100,'','not_in_use',NULL,1,0,0,0,0,'2023-07-20 09:09:43',NULL,'2023-07-20 09:09:43',NULL,NULL,NULL),(228,100,'','not_in_use',NULL,1,0,0,0,0,'2023-07-20 09:09:43',NULL,'2023-07-20 09:09:43',NULL,NULL,NULL),(229,100,'','not_in_use',NULL,1,0,0,0,0,'2023-07-20 09:09:43',NULL,'2023-07-20 09:09:43',NULL,NULL,NULL),(230,100,'','not_in_use',NULL,1,0,0,0,0,'2023-07-20 09:09:43',NULL,'2023-07-20 09:09:43',NULL,NULL,NULL),(231,100,'','not_in_use',NULL,1,0,0,0,0,'2023-07-20 09:09:43',NULL,'2023-07-20 09:09:43',NULL,NULL,NULL),(232,158,'','available',NULL,1,0,0,0,0,'2023-07-20 09:09:43',NULL,'2023-09-12 08:53:30',1,NULL,NULL),(233,158,'','not_in_use',NULL,1,0,0,0,0,'2023-07-20 09:09:43',NULL,'2023-07-20 09:09:43',NULL,NULL,NULL),(234,158,'','not_in_use',NULL,1,0,0,0,0,'2023-07-20 09:09:43',NULL,'2023-07-20 09:09:43',NULL,NULL,NULL),(235,158,'','not_in_use',NULL,1,0,0,0,0,'2023-07-20 09:09:43',NULL,'2023-07-20 09:09:43',NULL,NULL,NULL),(236,215,'','not_in_use',NULL,1,0,0,0,0,'2023-07-20 09:09:43',NULL,'2023-07-20 09:09:43',NULL,NULL,NULL),(237,215,'','available',NULL,1,0,0,0,0,'2023-07-20 09:09:43',NULL,'2023-09-12 08:45:18',1,NULL,NULL),(238,100,'1205','available',NULL,1,0,0,0,0,'2023-07-20 09:09:43',NULL,'2023-09-12 08:53:46',1,NULL,NULL),(239,156,'ST0605','rent',NULL,1,0,0,0,0,'2023-07-20 09:09:43',NULL,'2023-12-11 21:14:43',NULL,NULL,NULL),(240,156,'ST0605','not_in_use',NULL,1,0,0,0,0,'2023-07-20 09:09:43',NULL,'2023-07-20 09:09:43',NULL,NULL,NULL),(241,168,'ST820','not_in_use',NULL,1,0,0,0,0,'2023-07-20 09:09:43',NULL,'2023-07-20 09:09:43',NULL,NULL,NULL),(242,167,'ST820','not_in_use',NULL,1,0,0,0,0,'2023-07-20 09:09:43',NULL,'2023-07-20 09:09:43',NULL,NULL,NULL),(243,243,'ST-153','not_in_use',NULL,1,0,0,0,0,'2023-07-20 09:09:43',NULL,'2023-12-22 20:48:52',NULL,NULL,NULL),(244,243,'ST-153','not_in_use',NULL,1,0,0,0,0,'2023-07-20 09:09:43',NULL,'2023-07-20 09:09:43',NULL,NULL,NULL),(245,174,'ST-212','rent',NULL,1,0,0,0,0,'2023-07-20 09:09:43',NULL,'2024-04-09 15:17:09',NULL,NULL,NULL),(246,173,'ST214','rent',NULL,1,0,0,0,0,'2023-07-20 09:09:43',NULL,'2023-12-11 21:14:43',NULL,NULL,NULL),(247,174,'ST-212','not_in_use',NULL,1,0,0,0,0,'2023-07-20 09:09:43',NULL,'2023-07-20 09:09:43',NULL,NULL,NULL),(248,174,'ST-214','rent',NULL,1,0,0,0,0,'2023-07-20 09:09:43',NULL,'2024-04-09 15:17:09',NULL,NULL,NULL),(249,177,'ST131','rent',NULL,1,0,0,0,0,'2023-07-20 09:09:43',NULL,'2024-04-09 15:17:09',NULL,NULL,NULL),(250,196,'ST131','not_in_use',NULL,1,0,0,0,0,'2023-07-20 09:09:43',NULL,'2023-07-20 09:09:43',NULL,NULL,NULL),(251,218,'ST-7804','not_in_use','基板不良',1,0,0,0,0,'2023-07-20 09:09:43',NULL,'2024-04-09 15:17:09',NULL,NULL,NULL),(252,218,'ST-7814','rent',NULL,1,0,0,0,0,'2023-07-20 09:09:43',NULL,'2024-04-09 15:17:09',NULL,NULL,NULL),(253,218,'ST-7804','not_in_use',NULL,1,0,0,0,0,'2023-07-20 09:09:43',NULL,'2023-07-20 09:09:43',NULL,NULL,NULL),(254,218,'ST-7814','not_in_use',NULL,1,0,0,0,0,'2023-07-20 09:09:43',NULL,'2023-07-20 09:09:43',NULL,NULL,NULL),(255,218,'ST-7810','not_in_use',NULL,1,0,0,0,0,'2023-07-20 09:09:43',NULL,'2024-04-09 15:17:09',NULL,NULL,NULL),(256,218,'ST-7810','not_in_use',NULL,1,0,0,0,0,'2023-07-20 09:09:43',NULL,'2023-07-20 09:09:43',NULL,NULL,NULL),(257,220,'DM7824','available',NULL,0,0,1,0,0,'2023-07-20 09:09:43',NULL,'2023-07-20 09:09:43',NULL,NULL,NULL),(258,152,'DM7751','available',NULL,0,0,1,0,0,'2023-07-20 09:09:43',NULL,'2023-07-20 09:09:43',NULL,NULL,NULL),(259,152,'DM7753','available',NULL,0,0,1,0,0,'2023-07-20 09:09:43',NULL,'2023-07-20 09:09:43',NULL,NULL,NULL),(260,152,'DM7754','available',NULL,0,0,1,0,0,'2023-07-20 09:09:43',NULL,'2023-07-20 09:09:43',NULL,NULL,NULL),(261,152,'DM7755','available',NULL,0,0,1,0,0,'2023-07-20 09:09:43',NULL,'2023-07-20 09:09:43',NULL,NULL,NULL),(262,152,'DM7756','available',NULL,0,0,1,0,0,'2023-07-20 09:09:43',NULL,'2023-07-20 09:09:43',NULL,NULL,NULL),(263,251,'ME3.2','available',NULL,0,0,1,0,0,'2023-07-20 09:09:43',NULL,'2023-07-20 09:09:43',NULL,NULL,NULL),(264,161,'ME7319','rent',NULL,0,0,1,0,0,'2023-07-20 09:09:43',NULL,'2023-07-20 09:09:43',NULL,NULL,NULL),(265,161,'DM7401','available',NULL,0,0,1,0,0,'2023-07-20 09:09:43',NULL,'2023-07-20 09:09:43',NULL,NULL,NULL),(266,161,'DM7402','available',NULL,0,0,1,0,0,'2023-07-20 09:09:43',NULL,'2023-07-20 09:09:43',NULL,NULL,NULL),(267,161,'DM7403','available',NULL,0,0,1,0,0,'2023-07-20 09:09:43',NULL,'2023-07-20 09:09:43',NULL,NULL,NULL),(268,161,'DM7404','available',NULL,0,0,1,0,0,'2023-07-20 09:09:43',NULL,'2023-07-20 09:09:43',NULL,NULL,NULL),(269,127,'DM4061','rent',NULL,0,0,1,0,0,'2023-07-20 09:09:43',NULL,'2023-07-20 09:09:43',NULL,NULL,NULL),(270,244,'AT1012280203','available',NULL,0,0,1,0,0,'2023-07-20 09:09:43',NULL,'2023-07-20 09:09:43',NULL,NULL,NULL),(271,208,'DM9001','available',NULL,0,0,1,0,0,'2023-07-20 09:09:43',NULL,'2023-07-20 09:09:43',NULL,NULL,NULL),(272,70,'150097','available',NULL,0,0,1,0,0,'2023-07-20 09:09:43',NULL,'2023-07-20 09:09:43',NULL,NULL,NULL),(273,240,'180013','available',NULL,0,0,1,0,0,'2023-07-20 09:09:43',NULL,'2023-07-20 09:09:43',NULL,NULL,NULL),(274,54,'71','not_in_use',NULL,0,0,1,0,0,'2023-07-20 09:09:43',NULL,'2023-07-20 09:09:43',NULL,NULL,NULL),(275,55,'82','available',NULL,0,0,1,0,0,'2023-07-20 09:09:43',NULL,'2023-07-20 09:09:43',NULL,NULL,NULL),(276,116,'10013','available',NULL,0,0,1,0,0,'2023-07-20 09:09:43',NULL,'2023-07-20 09:09:43',NULL,NULL,NULL),(277,116,'90002','available',NULL,0,0,1,0,0,'2023-07-20 09:09:43',NULL,'2023-07-20 09:09:43',NULL,NULL,NULL),(278,116,'4','available',NULL,0,0,1,0,0,'2023-07-20 09:09:43',NULL,'2023-07-20 09:09:43',NULL,NULL,NULL),(279,114,'4','available',NULL,0,0,1,0,0,'2023-07-20 09:09:43',NULL,'2023-07-20 09:09:43',NULL,NULL,NULL),(280,114,'5','available',NULL,0,0,1,0,0,'2023-07-20 09:09:43',NULL,'2023-07-20 09:09:43',NULL,NULL,NULL),(281,114,'10003','rent',NULL,0,0,1,0,0,'2023-07-20 09:09:43',NULL,'2023-07-20 09:09:43',NULL,NULL,NULL),(282,113,'4','available',NULL,0,0,1,0,0,'2023-07-20 09:09:43',NULL,'2023-07-20 09:09:43',NULL,NULL,NULL),(283,113,'10004','available',NULL,0,0,1,0,0,'2023-07-20 09:09:43',NULL,'2023-07-20 09:09:43',NULL,NULL,NULL),(284,115,'5','available',NULL,0,0,1,0,0,'2023-07-20 09:09:43',NULL,'2023-07-20 09:09:43',NULL,NULL,NULL),(285,115,'10003','available',NULL,0,0,1,0,0,'2023-07-20 09:09:43',NULL,'2023-07-20 09:09:43',NULL,NULL,NULL),(286,115,'10016','available',NULL,0,0,1,0,0,'2023-07-20 09:09:43',NULL,'2023-07-20 09:09:43',NULL,NULL,NULL),(287,115,'60005','available',NULL,0,0,1,0,0,'2023-07-20 09:09:43',NULL,'2023-07-20 09:09:43',NULL,NULL,NULL),(288,115,'130006','available',NULL,0,0,1,0,0,'2023-07-20 09:09:43',NULL,'2023-07-20 09:09:43',NULL,NULL,NULL),(289,115,'140002','available',NULL,0,0,1,0,0,'2023-07-20 09:09:43',NULL,'2023-07-20 09:09:43',NULL,NULL,NULL),(290,115,'140003','available',NULL,0,0,1,0,0,'2023-07-20 09:09:43',NULL,'2023-07-20 09:09:43',NULL,NULL,NULL),(291,44,'S014782','available',NULL,0,0,1,0,0,'2023-07-20 09:09:43',NULL,'2023-07-20 09:09:43',NULL,NULL,NULL),(292,44,'20185','rent',NULL,0,0,1,0,0,'2023-07-20 09:09:43',NULL,'2023-07-20 09:09:43',NULL,NULL,NULL),(293,44,'972027','available',NULL,0,0,1,0,0,'2023-07-20 09:09:43',NULL,'2023-07-20 09:09:43',NULL,NULL,NULL),(294,44,'991162','available',NULL,0,0,1,0,0,'2023-07-20 09:09:43',NULL,'2023-07-20 09:09:43',NULL,NULL,NULL),(295,44,'S021106','rent',NULL,0,0,1,0,0,'2023-07-20 09:09:43',NULL,'2023-07-20 09:09:43',NULL,NULL,NULL),(296,238,'120151','available',NULL,0,0,1,0,0,'2023-07-20 09:09:43',NULL,'2023-07-20 09:09:43',NULL,NULL,NULL),(297,238,'120306','available',NULL,0,0,1,0,0,'2023-07-20 09:09:43',NULL,'2023-07-20 09:09:43',NULL,NULL,NULL),(298,238,'130166','available',NULL,0,0,1,0,0,'2023-07-20 09:09:43',NULL,'2023-07-20 09:09:43',NULL,NULL,NULL),(299,238,'130198','rent',NULL,0,0,1,0,0,'2023-07-20 09:09:43',NULL,'2023-07-20 09:09:43',NULL,NULL,NULL),(300,238,'140088','available',NULL,0,0,1,0,0,'2023-07-20 09:09:43',NULL,'2023-07-20 09:09:43',NULL,NULL,NULL),(301,238,'140186','rent',NULL,0,0,1,0,0,'2023-07-20 09:09:43',NULL,'2023-07-20 09:09:43',NULL,NULL,NULL),(302,238,'210072','available',NULL,0,0,1,0,0,'2023-07-20 09:09:43',NULL,'2023-07-20 09:09:43',NULL,NULL,NULL),(303,238,'210073','rent',NULL,0,0,1,0,0,'2023-07-20 09:09:43',NULL,'2023-07-20 09:09:43',NULL,NULL,NULL),(304,238,'210101','rent',NULL,0,0,1,0,0,'2023-07-20 09:09:43',NULL,'2023-07-20 09:09:43',NULL,NULL,NULL),(305,46,'305','available',NULL,0,0,1,0,0,'2023-07-20 09:09:43',NULL,'2023-07-20 09:09:43',NULL,NULL,NULL),(306,50,'60053','available',NULL,0,0,1,0,0,'2023-07-20 09:09:43',NULL,'2023-07-20 09:09:43',NULL,NULL,NULL),(307,36,'130005','available',NULL,0,0,1,0,0,'2023-07-20 09:09:43',NULL,'2023-07-20 09:09:43',NULL,NULL,NULL),(308,112,'130012','available',NULL,0,0,1,0,0,'2023-07-20 09:09:43',NULL,'2023-07-20 09:09:43',NULL,NULL,NULL),(309,112,'170011','rent',NULL,0,0,1,0,0,'2023-07-20 09:09:43',NULL,'2023-07-20 09:09:43',NULL,NULL,NULL),(310,86,'170543','available',NULL,0,0,1,0,0,'2023-07-20 09:09:43',NULL,'2023-07-20 09:09:43',NULL,NULL,NULL),(311,86,'170566','available',NULL,0,0,1,0,0,'2023-07-20 09:09:43',NULL,'2023-07-20 09:09:43',NULL,NULL,NULL),(312,86,'170573','available',NULL,0,0,1,0,0,'2023-07-20 09:09:43',NULL,'2023-07-20 09:09:43',NULL,NULL,NULL),(313,86,'190215','rent',NULL,0,0,1,0,0,'2023-07-20 09:09:43',NULL,'2023-07-20 09:09:43',NULL,NULL,NULL),(314,86,'190224','rent',NULL,0,0,1,0,0,'2023-07-20 09:09:43',NULL,'2023-07-20 09:09:43',NULL,NULL,NULL),(315,96,'160006','rent',NULL,0,0,1,0,0,'2023-07-20 09:09:43',NULL,'2024-04-11 22:43:44',NULL,NULL,NULL),(316,96,'160013','rent',NULL,0,0,1,0,0,'2023-07-20 09:09:43',NULL,'2023-07-20 09:09:43',NULL,NULL,NULL),(317,96,'180033','rent',NULL,0,0,1,0,0,'2023-07-20 09:09:43',NULL,'2023-07-20 09:09:43',NULL,NULL,NULL),(318,96,'190018','rent',NULL,0,0,1,0,0,'2023-07-20 09:09:43',NULL,'2023-08-02 15:07:01',NULL,NULL,NULL),(319,96,'190020','available',NULL,0,0,1,0,0,'2023-07-20 09:09:43',NULL,'2023-07-20 09:09:43',NULL,NULL,NULL),(320,96,'190048','available',NULL,0,0,1,0,0,'2023-07-20 09:09:43',NULL,'2023-07-20 09:09:43',NULL,NULL,NULL),(321,96,'200021','available',NULL,0,0,1,0,0,'2023-07-20 09:09:43',NULL,'2023-07-20 09:09:43',NULL,NULL,NULL),(322,96,'200022','rent',NULL,0,0,1,0,0,'2023-07-20 09:09:43',NULL,'2023-07-20 09:09:43',NULL,NULL,NULL),(323,59,'359','available',NULL,0,0,1,0,0,'2023-07-20 09:09:43',NULL,'2023-07-20 09:09:43',NULL,NULL,NULL),(324,59,'960041','available',NULL,0,0,1,0,0,'2023-07-20 09:09:43',NULL,'2023-07-20 09:09:43',NULL,NULL,NULL),(325,154,'DM7269','available',NULL,0,0,0,1,0,'2023-07-20 09:09:43',NULL,'2023-07-20 09:09:43',NULL,NULL,NULL),(326,154,'DM7270','rent',NULL,0,0,0,1,0,'2023-07-20 09:09:43',NULL,'2023-07-20 09:09:43',NULL,NULL,NULL),(327,154,'DM7274','available',NULL,0,0,0,1,0,'2023-07-20 09:09:43',NULL,'2023-07-20 09:09:43',NULL,NULL,NULL),(328,126,'DM9934','available',NULL,0,0,0,1,0,'2023-07-20 09:09:43',NULL,'2023-07-20 09:09:43',NULL,NULL,NULL),(329,241,'DM9930','available',NULL,0,0,0,1,0,'2023-07-20 09:09:43',NULL,'2023-07-20 09:09:43',NULL,NULL,NULL),(330,241,'DM9931','rent',NULL,0,0,0,1,0,'2023-07-20 09:09:43',NULL,'2023-07-20 09:09:43',NULL,NULL,NULL),(331,114,'130006','available',NULL,0,0,0,1,0,'2023-07-20 09:09:43',NULL,'2023-07-20 09:09:43',NULL,NULL,NULL),(332,116,'130009','available',NULL,0,0,0,1,0,'2023-07-20 09:09:43',NULL,'2023-07-20 09:09:43',NULL,NULL,NULL),(333,115,'130007','available',NULL,0,0,0,1,0,'2023-07-20 09:09:43',NULL,'2023-07-20 09:09:43',NULL,NULL,NULL),(334,115,'130008','available',NULL,0,0,0,1,0,'2023-07-20 09:09:43',NULL,'2023-07-20 09:09:43',NULL,NULL,NULL),(335,113,'130007','available',NULL,0,0,0,1,0,'2023-07-20 09:09:43',NULL,'2023-07-20 09:09:43',NULL,NULL,NULL),(336,46,'180035','available',NULL,0,0,0,1,0,'2023-07-20 09:09:43',NULL,'2023-07-20 09:09:43',NULL,NULL,NULL),(337,54,'130009','rent',NULL,0,0,0,1,0,'2023-07-20 09:09:43',NULL,'2023-07-20 09:09:43',NULL,NULL,NULL),(338,54,'130013','available',NULL,0,0,0,1,0,'2023-07-20 09:09:43',NULL,'2023-07-20 09:09:43',NULL,NULL,NULL),(339,56,'000308','available',NULL,0,0,0,1,0,'2023-07-20 09:09:43',NULL,'2023-07-20 09:09:43',NULL,NULL,NULL),(340,238,'130157','available',NULL,0,0,0,1,0,'2023-07-20 09:09:43',NULL,'2023-07-20 09:09:43',NULL,NULL,NULL),(341,238,'190392','rent',NULL,0,0,0,1,0,'2023-07-20 09:09:43',NULL,'2023-07-20 09:09:43',NULL,NULL,NULL),(342,238,'180125','rent',NULL,0,0,0,1,0,'2023-07-20 09:09:43',NULL,'2023-07-20 09:09:43',NULL,NULL,NULL),(343,143,'ME5240','rent',NULL,0,0,0,0,0,'2023-07-20 09:09:43',NULL,'2023-07-20 09:09:43',NULL,NULL,NULL),(344,220,'ME7825','not_in_use',NULL,0,0,1,0,0,'2023-07-20 09:09:43',NULL,'2023-07-20 09:09:43',NULL,NULL,NULL),(345,253,'ME3003','not_in_use',NULL,0,0,1,0,0,'2023-07-20 09:09:43',NULL,'2023-07-20 09:09:43',NULL,NULL,NULL),(346,153,'ME7757','not_in_use',NULL,0,0,1,0,0,'2023-07-20 09:09:43',NULL,'2023-07-20 09:09:43',NULL,NULL,NULL),(347,153,'ME7758','not_in_use',NULL,0,0,1,0,0,'2023-07-20 09:09:43',NULL,'2023-07-20 09:09:43',NULL,NULL,NULL),(348,153,'ME7759','not_in_use',NULL,0,0,1,0,0,'2023-07-20 09:09:43',NULL,'2023-07-20 09:09:43',NULL,NULL,NULL),(349,160,'ME7405','not_in_use',NULL,0,0,1,0,0,'2023-07-20 09:09:43',NULL,'2023-07-20 09:09:43',NULL,NULL,NULL),(350,160,'ME7406','not_in_use',NULL,0,0,1,0,0,'2023-07-20 09:09:43',NULL,'2023-07-20 09:09:43',NULL,NULL,NULL),(351,54,'230013','not_in_use',NULL,0,0,1,0,0,'2023-07-20 09:09:43',NULL,'2023-07-20 09:09:43',NULL,NULL,NULL),(352,54,'230014','not_in_use',NULL,0,0,1,0,0,'2023-07-20 09:09:43',NULL,'2023-07-20 09:09:43',NULL,NULL,NULL),(353,249,'230127','not_in_use',NULL,0,0,1,0,0,'2023-07-20 09:09:43',NULL,'2023-07-20 09:09:43',NULL,NULL,NULL),(354,112,'230005','not_in_use',NULL,0,0,0,1,0,'2023-07-20 09:09:43',NULL,'2023-07-20 09:09:43',NULL,NULL,NULL),(355,55,'230001','not_in_use',NULL,0,0,0,1,0,'2023-07-20 09:09:43',NULL,'2023-07-20 09:09:43',NULL,NULL,NULL),(356,57,'230003','not_in_use',NULL,0,0,0,1,0,'2023-07-20 09:09:43',NULL,'2023-07-20 09:09:43',NULL,NULL,NULL),(357,50,'230031','not_in_use',NULL,0,0,0,1,0,'2023-07-20 09:09:43',NULL,'2023-07-20 09:09:43',NULL,NULL,NULL),(358,50,'230032','not_in_use',NULL,0,0,0,1,0,'2023-07-20 09:09:43',NULL,'2023-07-20 09:09:43',NULL,NULL,NULL),(359,238,'230125','not_in_use',NULL,0,0,0,1,0,'2023-07-20 09:09:43',NULL,'2023-07-20 09:09:43',NULL,NULL,NULL),(360,238,'230126','not_in_use',NULL,0,0,0,1,0,'2023-07-20 09:09:43',NULL,'2023-07-20 09:09:43',NULL,NULL,NULL),(361,50,'','not_in_use',NULL,0,0,0,1,0,'2023-07-20 09:09:43',NULL,'2023-07-20 09:09:43',NULL,NULL,NULL),(362,70,'150097','not_in_use',NULL,0,0,0,1,0,'2023-07-20 09:09:43',NULL,'2023-07-20 09:09:43',NULL,NULL,NULL),(363,86,'170543','not_in_use',NULL,0,0,0,1,0,'2023-07-20 09:09:43',NULL,'2023-07-20 09:09:43',NULL,NULL,NULL),(364,26,'testtest','rent',NULL,1,0,0,0,0,'2023-07-24 20:23:14',1,'2023-07-24 20:23:37',1,NULL,NULL),(365,42,'testtest2','not_in_use',NULL,0,1,0,1,0,'2023-07-24 20:24:29',1,'2023-07-24 20:24:29',NULL,NULL,NULL),(366,238,'testSH28S','available',NULL,1,0,0,0,0,'2023-10-15 14:16:34',1,'2023-10-15 14:16:34',NULL,NULL,NULL),(367,176,'ST-0111','rent',NULL,0,0,0,0,0,'2023-12-11 21:34:51',NULL,'2023-12-11 21:34:51',NULL,NULL,NULL),(368,135,'ST030124','not_in_use',NULL,0,0,0,0,0,'2023-12-11 21:34:51',NULL,'2023-12-22 20:48:52',NULL,NULL,NULL),(369,135,'ST060233','not_in_use',NULL,0,0,0,0,0,'2023-12-11 21:34:51',NULL,'2023-12-22 20:48:52',NULL,NULL,NULL),(370,136,'ST070055','not_in_use','処分',0,0,0,0,0,'2023-12-11 21:34:51',NULL,'2023-12-22 20:48:52',NULL,NULL,NULL),(371,243,'ST-154','not_in_use','動作不良',0,0,0,0,0,'2023-12-11 21:34:51',NULL,'2023-12-22 20:48:52',NULL,NULL,NULL),(372,173,'ST-302','not_in_use','基板不良',0,0,0,0,0,'2023-12-11 21:34:51',NULL,'2023-12-22 20:48:52',NULL,NULL,NULL),(373,173,'ST-3003','not_in_use','動作不良',0,0,0,0,0,'2023-12-11 21:34:51',NULL,'2023-12-22 20:48:52',NULL,NULL,NULL),(374,173,'ST-3010','not_in_use','動作不良',0,0,0,0,0,'2023-12-11 21:34:51',NULL,'2023-12-22 20:48:53',NULL,NULL,NULL),(375,173,'ST-3005','not_in_use','巻き取り部のみ',0,0,0,0,0,'2023-12-11 21:34:51',NULL,'2023-12-22 20:48:53',NULL,NULL,NULL),(376,173,'ST-3001','not_in_use','巻き取り部のみ',0,0,0,0,0,'2023-12-11 21:34:51',NULL,'2023-12-22 20:48:53',NULL,NULL,NULL),(377,228,'141181','available',NULL,0,0,0,0,0,'2023-12-11 21:34:51',NULL,'2023-12-11 21:34:51',NULL,NULL,NULL),(378,221,'EX-7844','not_in_use','修理中',0,0,0,0,0,'2023-12-11 21:34:51',NULL,'2023-12-22 20:48:53',NULL,NULL,NULL),(379,155,'ST0354','not_in_use','水取口',0,0,0,0,0,'2023-12-11 21:34:51',NULL,'2023-12-22 20:48:53',NULL,NULL,NULL),(380,156,'ST0532','not_in_use','廃棄',0,0,0,0,0,'2023-12-11 21:34:51',NULL,'2023-12-22 20:48:53',NULL,NULL,NULL),(381,157,'ST7445','not_in_use','修理中',0,0,0,0,0,'2023-12-11 21:34:51',NULL,'2023-12-22 20:48:53',NULL,NULL,NULL),(382,58,'00099','rent',NULL,0,0,0,0,0,'2023-12-11 21:34:51',NULL,'2023-12-11 21:34:51',NULL,NULL,NULL),(383,58,'220009','available',NULL,0,0,0,0,0,'2023-12-11 21:34:51',NULL,'2023-12-11 21:34:51',NULL,NULL,NULL),(384,108,'091358','not_in_use',NULL,0,0,0,0,0,'2023-12-11 21:34:51',NULL,'2023-12-22 20:48:53',NULL,NULL,NULL),(385,108,'171090','not_in_use',NULL,0,0,0,0,0,'2023-12-11 21:34:51',NULL,'2023-12-22 20:48:53',NULL,NULL,NULL),(386,85,'171321','not_in_use',NULL,0,0,0,0,0,'2023-12-11 21:34:51',NULL,'2023-12-22 20:48:53',NULL,NULL,NULL),(387,85,'171343','not_in_use',NULL,0,0,0,0,0,'2023-12-11 21:34:51',NULL,'2023-12-22 20:48:53',NULL,NULL,NULL),(388,85,'171362','not_in_use',NULL,0,0,0,0,0,'2023-12-11 21:34:51',NULL,'2023-12-22 20:48:53',NULL,NULL,NULL),(389,85,'171364','not_in_use',NULL,0,0,0,0,0,'2023-12-11 21:34:51',NULL,'2023-12-22 20:48:53',NULL,NULL,NULL),(390,85,'171457','not_in_use',NULL,0,0,0,0,0,'2023-12-11 21:34:51',NULL,'2023-12-22 20:48:53',NULL,NULL,NULL),(391,40,'130194','available',NULL,0,0,0,0,0,'2023-12-11 21:34:51',NULL,'2023-12-11 21:34:51',NULL,NULL,NULL),(392,40,'140231','rent',NULL,0,0,0,0,0,'2023-12-11 21:34:51',NULL,'2023-12-22 20:48:53',NULL,NULL,NULL),(393,40,'140589','rent',NULL,0,0,0,0,0,'2023-12-11 21:34:51',NULL,'2023-12-11 21:34:51',NULL,NULL,NULL),(394,40,'160462','not_in_use',NULL,0,0,0,0,0,'2023-12-11 21:34:51',NULL,'2023-12-22 20:48:53',NULL,NULL,NULL),(395,40,'140726','not_in_use',NULL,0,0,0,0,0,'2023-12-11 21:34:51',NULL,'2023-12-22 20:48:53',NULL,NULL,NULL),(396,40,'140363','rent',NULL,0,0,0,0,0,'2023-12-11 21:34:51',NULL,'2023-12-11 21:34:51',NULL,NULL,NULL),(397,40,'210252','rent',NULL,0,0,0,0,0,'2023-12-11 21:34:51',NULL,'2023-12-22 20:48:53',NULL,NULL,NULL),(398,215,'ST-3059','not_in_use',NULL,0,0,0,0,0,'2023-12-22 20:48:52',NULL,'2023-12-22 20:48:52',NULL,NULL,NULL),(399,215,'ST-3060','rent',NULL,0,0,0,0,0,'2023-12-22 20:48:52',NULL,'2024-04-09 15:17:09',NULL,NULL,NULL),(400,215,'ST-250348','rent',NULL,0,0,0,0,0,'2023-12-22 20:48:52',NULL,'2023-12-22 20:48:52',NULL,NULL,NULL),(401,215,'ＳＴ－7475','rent',NULL,0,0,0,0,0,'2023-12-22 20:48:52',NULL,'2023-12-22 20:48:52',NULL,NULL,NULL),(402,215,'ＳＴ－7478','rent',NULL,0,0,0,0,0,'2023-12-22 20:48:52',NULL,'2023-12-22 20:48:52',NULL,NULL,NULL),(403,170,'EEN140002','rent',NULL,0,0,0,0,0,'2023-12-22 20:48:52',NULL,'2023-12-22 20:48:52',NULL,NULL,NULL),(404,169,'TOHO018','rent',NULL,0,0,0,0,0,'2023-12-22 20:48:52',NULL,'2023-12-22 20:48:52',NULL,NULL,NULL),(405,176,'ST-2013','rent',NULL,0,0,0,0,0,'2023-12-22 20:48:52',NULL,'2023-12-22 20:48:52',NULL,NULL,NULL),(406,176,'ST2014','rent',NULL,0,0,0,0,0,'2023-12-22 20:48:52',NULL,'2023-12-22 20:48:52',NULL,NULL,NULL),(407,176,'ST7138','rent',NULL,0,0,0,0,0,'2023-12-22 20:48:52',NULL,'2023-12-22 20:48:52',NULL,NULL,NULL),(408,177,'ST1135','rent',NULL,0,0,0,0,0,'2023-12-22 20:48:52',NULL,'2023-12-22 20:48:52',NULL,NULL,NULL),(409,228,'180783','available',NULL,0,0,0,0,0,'2023-12-22 20:48:52',NULL,'2023-12-22 20:48:52',NULL,NULL,NULL),(410,228,'150477','available',NULL,0,0,0,0,0,'2023-12-22 20:48:52',NULL,'2023-12-22 20:48:52',NULL,NULL,NULL),(411,228,'160909','not_in_use',NULL,0,0,0,0,0,'2023-12-22 20:48:52',NULL,'2023-12-22 20:48:52',NULL,NULL,NULL),(412,173,'ST-3857','rent',NULL,0,0,0,0,0,'2023-12-22 20:48:53',NULL,'2023-12-22 20:48:53',NULL,NULL,NULL),(413,174,'DM3906','not_in_use',NULL,0,0,0,0,0,'2023-12-22 20:48:53',NULL,'2023-12-22 20:48:53',NULL,NULL,NULL),(414,217,'ST7804-1','rent',NULL,0,0,0,0,0,'2023-12-22 20:48:53',NULL,'2023-12-22 20:48:53',NULL,NULL,NULL),(415,217,'ST-308-1','rent',NULL,0,0,0,0,0,'2023-12-22 20:48:53',NULL,'2023-12-22 20:48:53',NULL,NULL,NULL),(416,219,'ST-3055-1','rent',NULL,0,0,0,0,0,'2023-12-22 20:48:53',NULL,'2023-12-22 20:48:53',NULL,NULL,NULL),(417,219,'ST-3056-1','not_in_use',NULL,0,0,0,0,0,'2023-12-22 20:48:53',NULL,'2023-12-22 20:48:53',NULL,NULL,NULL),(418,217,'ST-0565','rent',NULL,0,0,0,0,0,'2023-12-22 20:48:53',NULL,'2023-12-22 20:48:53',NULL,NULL,NULL),(419,221,'ST5471','rent',NULL,0,0,0,0,0,'2023-12-22 20:48:53',NULL,'2023-12-22 20:48:53',NULL,NULL,NULL),(420,158,'ST7521','rent',NULL,0,0,0,0,0,'2023-12-22 20:48:53',NULL,'2023-12-22 20:48:53',NULL,NULL,NULL),(421,158,'ST7522','rent',NULL,0,0,0,0,0,'2023-12-22 20:48:53',NULL,'2023-12-22 20:48:53',NULL,NULL,NULL),(422,158,'ST7501','rent',NULL,0,0,0,0,0,'2023-12-22 20:48:53',NULL,'2023-12-22 20:48:53',NULL,NULL,NULL),(423,58,'000099','rent',NULL,0,0,0,0,0,'2023-12-22 20:48:53',NULL,'2023-12-22 20:48:53',NULL,NULL,NULL),(424,58,'020013','rent',NULL,0,0,0,0,0,'2023-12-22 20:48:53',NULL,'2024-04-09 15:17:10',NULL,NULL,NULL),(425,58,'070129','rent',NULL,0,0,0,0,0,'2023-12-22 20:48:53',NULL,'2024-04-09 15:17:10',NULL,NULL,NULL),(426,58,'3050','rent',NULL,0,0,0,0,0,'2023-12-22 20:48:53',NULL,'2024-04-09 15:17:10',NULL,NULL,NULL),(427,58,'3051','not_in_use',NULL,0,0,0,0,0,'2023-12-22 20:48:53',NULL,'2024-04-09 15:17:10',NULL,NULL,NULL),(428,58,'3069','not_in_use',NULL,0,0,0,0,0,'2023-12-22 20:48:53',NULL,'2024-04-09 15:17:10',NULL,NULL,NULL),(429,58,'3070','available',NULL,0,0,0,0,0,'2023-12-22 20:48:53',NULL,'2024-04-09 15:17:10',NULL,NULL,NULL),(430,58,'3071','available',NULL,0,0,0,0,0,'2023-12-22 20:48:53',NULL,'2024-04-09 15:17:10',NULL,NULL,NULL),(431,42,'3052','rent',NULL,0,0,0,0,0,'2023-12-22 20:48:53',NULL,'2023-12-22 20:48:53',NULL,NULL,NULL),(432,42,'3072','rent',NULL,0,0,0,0,0,'2023-12-22 20:48:53',NULL,'2023-12-22 20:48:53',NULL,NULL,NULL),(433,108,'112052','not_in_use',NULL,0,0,0,0,0,'2023-12-22 20:48:53',NULL,'2023-12-22 20:48:53',NULL,NULL,NULL),(434,108,'140148','available',NULL,0,0,0,0,0,'2023-12-22 20:48:53',NULL,'2024-04-09 15:17:10',NULL,NULL,NULL),(435,108,'ST082538','not_in_use',NULL,0,0,0,0,0,'2023-12-22 20:48:53',NULL,'2023-12-22 20:48:53',NULL,NULL,NULL),(436,108,'ST101577','available',NULL,0,0,0,0,0,'2023-12-22 20:48:53',NULL,'2024-04-09 15:17:10',NULL,NULL,NULL),(437,47,'160069','rent',NULL,0,0,0,0,0,'2023-12-22 20:48:53',NULL,'2023-12-22 20:48:53',NULL,NULL,NULL),(438,49,'番号不明','not_in_use',NULL,0,0,0,0,0,'2023-12-22 20:48:53',NULL,'2023-12-22 20:48:53',NULL,NULL,NULL),(439,236,'020457','available',NULL,0,0,0,0,0,'2023-12-22 20:48:53',NULL,'2023-12-22 20:48:53',NULL,NULL,NULL),(440,236,'071475','available',NULL,0,0,0,0,0,'2023-12-22 20:48:53',NULL,'2023-12-22 20:48:53',NULL,NULL,NULL),(441,85,'191120','not_in_use','展示品',0,0,0,0,0,'2023-12-22 20:48:53',NULL,'2023-12-22 20:48:53',NULL,NULL,NULL),(442,40,'3037','rent',NULL,0,0,0,0,0,'2023-12-22 20:48:53',NULL,'2023-12-22 20:48:53',NULL,NULL,NULL),(443,40,'3038','rent',NULL,0,0,0,0,0,'2023-12-22 20:48:53',NULL,'2023-12-22 20:48:53',NULL,NULL,NULL),(444,40,'3039','not_in_use',NULL,0,0,0,0,0,'2023-12-22 20:48:53',NULL,'2023-12-22 20:48:53',NULL,NULL,NULL),(445,40,'3040','not_in_use',NULL,0,0,0,0,0,'2023-12-22 20:48:53',NULL,'2023-12-22 20:48:53',NULL,NULL,NULL),(446,40,'3041','not_in_use',NULL,0,0,0,0,0,'2023-12-22 20:48:53',NULL,'2023-12-22 20:48:53',NULL,NULL,NULL),(447,40,'3042','available',NULL,0,0,0,0,0,'2023-12-22 20:48:53',NULL,'2023-12-22 20:48:53',NULL,NULL,NULL),(448,40,'3043','available',NULL,0,0,0,0,0,'2023-12-22 20:48:53',NULL,'2023-12-22 20:48:53',NULL,NULL,NULL),(449,40,'3044','available',NULL,0,0,0,0,0,'2023-12-22 20:48:53',NULL,'2023-12-22 20:48:53',NULL,NULL,NULL),(450,40,'3045','available',NULL,0,0,0,0,0,'2023-12-22 20:48:53',NULL,'2023-12-22 20:48:53',NULL,NULL,NULL),(451,40,'3046','available',NULL,0,0,0,0,0,'2023-12-22 20:48:53',NULL,'2023-12-22 20:48:53',NULL,NULL,NULL),(452,40,'3047','available',NULL,0,0,0,0,0,'2023-12-22 20:48:53',NULL,'2023-12-22 20:48:53',NULL,NULL,NULL),(453,40,'3048','available',NULL,0,0,0,0,0,'2023-12-22 20:48:53',NULL,'2023-12-22 20:48:53',NULL,NULL,NULL),(454,40,'3049','available',NULL,0,0,0,0,0,'2023-12-22 20:48:53',NULL,'2023-12-22 20:48:53',NULL,NULL,NULL),(455,67,'CS18','available',NULL,1,0,0,0,0,'2024-02-01 14:22:01',NULL,'2024-02-01 14:33:06',NULL,NULL,NULL),(456,169,'ST4158','rent',NULL,0,0,0,0,0,'2024-04-09 15:17:09',NULL,'2024-04-09 15:17:09',NULL,NULL,NULL),(457,34,'150416','rent',NULL,0,0,0,0,0,'2024-04-09 15:17:10',NULL,'2024-04-09 15:17:10',NULL,NULL,NULL),(458,58,'150428','rent',NULL,0,0,0,0,0,'2024-04-09 15:17:10',NULL,'2024-04-09 15:17:10',NULL,NULL,NULL),(459,108,'ST130771','rent',NULL,0,0,0,0,0,'2024-04-09 15:17:10',NULL,'2024-04-09 15:17:10',NULL,NULL,NULL);

--
-- Table structure for table `repair_inquiry_status`
--

CREATE TABLE `repair_inquiry_status` (
  `id` int unsigned NOT NULL AUTO_INCREMENT COMMENT 'ID',
  `repair_request_id` bigint unsigned NOT NULL COMMENT '修理依頼ID',
  `repair_message_root_id` bigint unsigned NOT NULL COMMENT 'お問い合わせメッセージルートID',
  `completed_at` datetime DEFAULT NULL COMMENT 'お問い合わせ対応完了日時',
  `completed_employee_id` int DEFAULT NULL COMMENT 'お問い合わせ対応完了営業側社員ID',
  `completed_employee_name` varchar(255) CHARACTER SET utf8mb4 COLLATE utf8mb4_unicode_ci DEFAULT NULL COMMENT 'お問い合わせ対応完了営業側社員名',
  `created_at` datetime NOT NULL DEFAULT CURRENT_TIMESTAMP COMMENT '作成日時',
  `updated_at` datetime NOT NULL DEFAULT CURRENT_TIMESTAMP COMMENT '更新日時',
  `deleted_at` datetime DEFAULT NULL COMMENT '削除日時',
  PRIMARY KEY (`id`),
  KEY `repair_inquiry_status_completed_employee_id_foreign` (`completed_employee_id`),
  KEY `repair_inquiry_status_repair_request_id_index` (`repair_request_id`),
  KEY `repair_inquiry_status_repair_message_root_id_index` (`repair_message_root_id`),
  CONSTRAINT `repair_inquiry_status_completed_employee_id_foreign` FOREIGN KEY (`completed_employee_id`) REFERENCES `employees` (`id`),
  CONSTRAINT `repair_inquiry_status_repair_message_root_id_foreign` FOREIGN KEY (`repair_message_root_id`) REFERENCES `repair_messages` (`id`),
  CONSTRAINT `repair_inquiry_status_repair_request_id_foreign` FOREIGN KEY (`repair_request_id`) REFERENCES `repair_requests` (`id`)
) ENGINE=InnoDB AUTO_INCREMENT=38 DEFAULT CHARSET=utf8mb4 COLLATE=utf8mb4_unicode_ci;

--
-- Dumping data for table `repair_inquiry_status`
--

INSERT INTO `repair_inquiry_status` VALUES (1,17,2,NULL,NULL,NULL,'2023-11-11 14:37:03','2023-11-11 14:37:03',NULL),(2,7,3,NULL,NULL,NULL,'2023-11-11 14:37:03','2023-11-11 14:37:03',NULL),(3,28,5,NULL,NULL,NULL,'2023-11-11 14:37:03','2023-11-11 14:37:03',NULL),(4,23,7,NULL,NULL,NULL,'2023-11-11 14:37:03','2023-11-11 14:37:03',NULL),(5,2,8,NULL,NULL,NULL,'2023-11-11 14:37:03','2023-11-11 14:37:03',NULL),(6,13,9,NULL,NULL,NULL,'2023-11-11 14:37:03','2023-11-11 14:37:03',NULL),(7,4,10,NULL,NULL,NULL,'2023-11-11 14:37:03','2023-11-11 14:37:03',NULL),(8,13,12,NULL,NULL,NULL,'2023-11-11 14:37:03','2023-11-11 14:37:03',NULL),(9,19,13,NULL,NULL,NULL,'2023-11-11 14:37:03','2023-11-11 14:37:03',NULL),(10,23,14,NULL,NULL,NULL,'2023-11-11 14:37:03','2023-11-11 14:37:03',NULL),(11,27,16,NULL,NULL,NULL,'2023-11-11 14:37:03','2023-11-11 14:37:03',NULL),(12,4,18,NULL,NULL,NULL,'2023-11-11 14:37:03','2023-11-11 14:37:03',NULL),(13,27,19,NULL,NULL,NULL,'2023-11-11 14:37:03','2023-11-11 14:37:03',NULL),(14,21,20,NULL,NULL,NULL,'2023-11-11 14:37:03','2023-11-11 14:37:03',NULL),(15,12,23,NULL,NULL,NULL,'2023-11-11 14:37:03','2023-11-11 14:37:03',NULL),(16,5,24,NULL,NULL,NULL,'2023-11-11 14:37:03','2023-11-11 14:37:03',NULL),(17,21,26,NULL,NULL,NULL,'2023-11-11 14:37:03','2023-11-11 14:37:03',NULL),(18,24,28,NULL,NULL,NULL,'2023-11-11 14:37:03','2023-11-11 14:37:03',NULL),(19,28,30,NULL,NULL,NULL,'2023-11-11 14:37:03','2023-11-11 14:37:03',NULL),(20,36,33,NULL,NULL,NULL,'2023-11-11 14:37:03','2023-11-11 14:37:03',NULL),(21,39,39,NULL,NULL,NULL,'2023-11-11 14:37:03','2023-11-11 14:37:03',NULL),(22,36,42,NULL,NULL,NULL,'2023-11-11 14:37:03','2023-11-11 14:37:03',NULL),(23,36,43,NULL,NULL,NULL,'2023-11-11 14:37:03','2023-11-11 14:37:03',NULL),(24,36,44,NULL,NULL,NULL,'2023-11-11 14:37:03','2023-11-11 14:37:03',NULL),(25,36,45,NULL,NULL,NULL,'2023-11-11 14:37:03','2023-11-11 14:37:03',NULL),(26,72,51,NULL,NULL,NULL,'2023-11-11 14:37:03','2023-11-11 14:37:03',NULL),(27,79,60,NULL,NULL,NULL,'2023-11-11 14:37:03','2023-11-11 14:37:03',NULL),(28,58,65,NULL,NULL,NULL,'2023-11-11 14:37:03','2023-11-11 14:37:03',NULL),(29,38,68,NULL,NULL,NULL,'2023-11-11 14:37:03','2023-11-11 14:37:03',NULL),(33,36,73,NULL,NULL,NULL,'2023-12-01 18:50:46','2023-12-01 18:50:46',NULL),(34,36,74,NULL,NULL,NULL,'2023-12-02 01:05:16','2023-12-02 01:05:16',NULL),(35,36,76,NULL,NULL,NULL,'2023-12-04 13:14:08','2023-12-04 13:14:08',NULL),(36,36,78,NULL,NULL,NULL,'2023-12-05 21:51:50','2023-12-05 21:51:50',NULL),(37,49,80,NULL,NULL,NULL,'2023-12-09 13:21:34','2023-12-09 13:21:34',NULL);

--
-- Table structure for table `repair_messages`
--

CREATE TABLE `repair_messages` (
  `id` bigint unsigned NOT NULL AUTO_INCREMENT COMMENT 'ID',
  `repair_request_id` bigint unsigned NOT NULL COMMENT '修理依頼ID',
  `clinic_staff_id` int unsigned DEFAULT NULL COMMENT '医院従業員ID',
  `sales_employee_id` int DEFAULT NULL COMMENT '営業側社員ID',
  `reply_to_message_id` bigint unsigned DEFAULT NULL COMMENT '返答先お問い合わせメッセージID',
  `comment` text CHARACTER SET utf8mb4 COLLATE utf8mb4_unicode_ci NOT NULL COMMENT '営業側社員ID',
  `read_at` datetime DEFAULT NULL COMMENT '閲覧日時',
  `read_employee_id` int unsigned DEFAULT NULL COMMENT '閲覧営業側社員ID',
  `read_employee_name` varchar(255) CHARACTER SET utf8mb4 COLLATE utf8mb4_unicode_ci DEFAULT NULL COMMENT '閲覧営業側社員名',
  `read_clinic_staff_id` int unsigned DEFAULT NULL COMMENT '閲覧医院従業員ID',
  `read_clinic_staff_name` varchar(255) CHARACTER SET utf8mb4 COLLATE utf8mb4_unicode_ci DEFAULT NULL COMMENT '閲覧医院従業員名',
  `type` tinyint NOT NULL DEFAULT '1' COMMENT '種別',
  `created_at` datetime NOT NULL DEFAULT CURRENT_TIMESTAMP COMMENT '作成日時',
  `updated_at` datetime NOT NULL DEFAULT CURRENT_TIMESTAMP ON UPDATE CURRENT_TIMESTAMP COMMENT '更新日時',
  `deleted_at` datetime DEFAULT NULL COMMENT '削除日時',
  PRIMARY KEY (`id`),
  KEY `repair_messages_repair_request_id_foreign` (`repair_request_id`),
  KEY `repair_messages_clinic_staff_id_foreign` (`clinic_staff_id`),
  KEY `repair_messages_sales_employee_id_foreign` (`sales_employee_id`),
  KEY `repair_messages_reply_to_message_id_foreign` (`reply_to_message_id`),
  CONSTRAINT `repair_messages_clinic_staff_id_foreign` FOREIGN KEY (`clinic_staff_id`) REFERENCES `clinic_staffs` (`id`),
  CONSTRAINT `repair_messages_repair_request_id_foreign` FOREIGN KEY (`repair_request_id`) REFERENCES `repair_requests` (`id`),
  CONSTRAINT `repair_messages_reply_to_message_id_foreign` FOREIGN KEY (`reply_to_message_id`) REFERENCES `repair_messages` (`id`),
  CONSTRAINT `repair_messages_sales_employee_id_foreign` FOREIGN KEY (`sales_employee_id`) REFERENCES `employees` (`id`)
) ENGINE=InnoDB AUTO_INCREMENT=83 DEFAULT CHARSET=utf8mb4 COLLATE=utf8mb4_unicode_ci;

--
-- Dumping data for table `repair_messages`
--

INSERT INTO `repair_messages` VALUES (1,28,NULL,9,NULL,'Rerum occaecati perferendis nam ut ea.','2023-11-11 14:37:03',NULL,NULL,NULL,NULL,2,'2023-07-02 12:40:53','2024-03-06 11:09:38',NULL),(2,17,8,NULL,NULL,'Quasi eos illum qui nesciunt reiciendis.','2023-11-11 14:37:03',NULL,NULL,NULL,NULL,1,'2023-07-02 12:40:53','2023-11-11 14:37:03',NULL),(3,7,7,NULL,NULL,'Sunt quis natus eum consectetur ab.','2023-11-11 14:37:03',NULL,NULL,NULL,NULL,1,'2023-07-02 12:40:53','2023-11-11 14:37:03',NULL),(4,1,NULL,1,NULL,'Iusto occaecati voluptas quidem explicabo.','2023-11-11 14:37:03',NULL,NULL,NULL,NULL,2,'2023-07-02 12:40:53','2024-03-06 11:09:38',NULL),(5,28,24,NULL,NULL,'Itaque similique reprehenderit repudiandae omnis.','2023-11-11 14:37:03',NULL,NULL,NULL,NULL,1,'2023-07-02 12:40:53','2023-11-11 14:37:03',NULL),(6,9,NULL,4,NULL,'Deserunt sit voluptatem rerum magni totam est.','2023-11-11 14:37:03',NULL,NULL,NULL,NULL,2,'2023-07-02 12:40:53','2024-03-06 11:09:38',NULL),(7,23,13,NULL,NULL,'Sed ea est et est sint magnam.','2023-11-11 14:37:03',NULL,NULL,NULL,NULL,1,'2023-07-02 12:40:53','2023-11-11 14:37:03',NULL),(8,2,11,NULL,NULL,'Dolor perspiciatis quibusdam cum perspiciatis distinctio commodi.','2023-11-11 14:37:03',NULL,NULL,NULL,NULL,1,'2023-07-02 12:40:53','2023-11-11 14:37:03',NULL),(9,13,7,NULL,NULL,'Dolores aperiam nihil qui.','2023-11-11 14:37:03',NULL,NULL,NULL,NULL,1,'2023-07-02 12:40:53','2023-11-11 14:37:03',NULL),(10,4,1,NULL,NULL,'Molestiae quia quo quae non illo dolorem.','2023-11-11 14:37:03',NULL,NULL,NULL,NULL,1,'2023-07-02 12:40:53','2023-11-11 14:37:03',NULL),(11,28,NULL,5,NULL,'Veritatis ipsum dolorum voluptas ut corporis nemo.','2023-11-11 14:37:03',NULL,NULL,NULL,NULL,2,'2023-07-02 12:40:53','2024-03-06 11:09:38',NULL),(12,13,20,NULL,NULL,'Facere rerum sunt est iste quo.','2023-11-11 14:37:03',NULL,NULL,NULL,NULL,1,'2023-07-02 12:40:53','2023-11-11 14:37:03',NULL),(13,19,8,NULL,NULL,'Sit voluptatem omnis quod qui blanditiis aliquid.','2023-11-11 14:37:03',NULL,NULL,NULL,NULL,1,'2023-07-02 12:40:53','2023-11-11 14:37:03',NULL),(14,23,8,NULL,NULL,'Qui nesciunt et soluta quis.','2023-11-11 14:37:03',NULL,NULL,NULL,NULL,1,'2023-07-02 12:40:53','2023-11-11 14:37:03',NULL),(15,25,NULL,3,NULL,'Aperiam illo omnis et quod earum.','2023-11-11 14:37:03',NULL,NULL,NULL,NULL,2,'2023-07-02 12:40:53','2024-03-06 11:09:38',NULL),(16,27,20,NULL,NULL,'Eius sunt ut cum quis.','2023-11-11 14:37:03',NULL,NULL,NULL,NULL,1,'2023-07-02 12:40:53','2023-11-11 14:37:03',NULL),(17,14,NULL,11,NULL,'Provident est natus quis laborum.','2023-11-11 14:37:03',NULL,NULL,NULL,NULL,2,'2023-07-02 12:40:53','2024-03-06 11:09:38',NULL),(18,4,1,NULL,NULL,'Aut dolorem ut ea similique perspiciatis.','2023-11-11 14:37:03',NULL,NULL,NULL,NULL,1,'2023-07-02 12:40:53','2023-11-11 14:37:03',NULL),(19,27,20,NULL,NULL,'Sed dolor dolorem ut inventore et saepe facilis.','2023-11-11 14:37:03',NULL,NULL,NULL,NULL,1,'2023-07-02 12:40:53','2023-11-11 14:37:03',NULL),(20,21,24,NULL,NULL,'Deleniti reiciendis est dolores.','2023-11-11 14:37:03',NULL,NULL,NULL,NULL,1,'2023-07-02 12:40:53','2023-11-11 14:37:03',NULL),(21,4,NULL,11,NULL,'Doloribus dolore recusandae nesciunt nesciunt eos dolor quibusdam.','2023-11-11 14:37:03',NULL,NULL,NULL,NULL,2,'2023-07-02 12:40:53','2024-03-06 11:09:38',NULL),(22,7,NULL,1,NULL,'Vitae molestiae odio voluptatum voluptatem beatae dignissimos facilis.','2023-11-11 14:37:03',NULL,NULL,NULL,NULL,2,'2023-07-02 12:40:53','2024-03-06 11:09:38',NULL),(23,12,13,NULL,NULL,'Ipsam sapiente reiciendis minus aut id.','2023-11-11 14:37:03',NULL,NULL,NULL,NULL,1,'2023-07-02 12:40:53','2023-11-11 14:37:03',NULL),(24,5,6,NULL,NULL,'Quia adipisci similique quia optio rerum vitae.','2023-11-11 14:37:03',NULL,NULL,NULL,NULL,1,'2023-07-02 12:40:53','2023-11-11 14:37:03',NULL),(25,21,NULL,5,NULL,'Earum qui sit dolor.','2023-11-11 14:37:03',NULL,NULL,NULL,NULL,2,'2023-07-02 12:40:53','2024-03-06 11:09:38',NULL),(26,21,22,NULL,NULL,'Nobis aliquid sit quia.','2023-11-11 14:37:03',NULL,NULL,NULL,NULL,1,'2023-07-02 12:40:53','2023-11-11 14:37:03',NULL),(27,27,NULL,7,NULL,'Corrupti omnis sit totam sit.','2023-11-11 14:37:03',NULL,NULL,NULL,NULL,2,'2023-07-02 12:40:53','2024-03-06 11:09:38',NULL),(28,24,7,NULL,NULL,'Omnis provident cum ut nesciunt.','2023-11-11 14:37:03',NULL,NULL,NULL,NULL,1,'2023-07-02 12:40:53','2023-11-11 14:37:03',NULL),(29,20,NULL,9,NULL,'Provident dicta eius earum debitis animi.','2023-11-11 14:37:03',NULL,NULL,NULL,NULL,2,'2023-07-02 12:40:53','2024-03-06 11:09:38',NULL),(30,28,24,NULL,NULL,'Dolor quaerat voluptatem sapiente et.','2023-11-11 14:37:03',NULL,NULL,NULL,NULL,1,'2023-07-02 12:40:53','2023-11-11 14:37:03',NULL),(31,14,NULL,1,NULL,'貸用品を発送しました。\r\nご確認ください。','2023-11-11 14:37:03',NULL,NULL,NULL,NULL,2,'2023-07-06 16:18:22','2024-03-06 11:09:38',NULL),(32,36,NULL,1,NULL,'サービスセンターからの連絡です\r\nサービスセンターからの連絡です','2024-02-25 20:03:44',NULL,NULL,46,'阿部島 マネジャ',2,'2023-07-07 08:44:13','2024-03-06 11:09:38',NULL),(33,36,31,NULL,NULL,'お問い合わせです\r\nお問い合わせです','2023-11-11 14:37:03',NULL,NULL,NULL,NULL,1,'2023-07-07 16:20:33','2023-11-11 14:37:03',NULL),(34,36,NULL,1,33,'返信です、\r\n返信です','2024-02-25 20:18:59',NULL,NULL,47,'阿部島 一般',1,'2023-07-07 16:21:38','2024-02-25 20:18:59',NULL),(35,39,NULL,1,NULL,'あいうえお','2023-11-11 14:37:03',NULL,NULL,NULL,NULL,2,'2023-07-07 16:44:40','2024-03-06 11:09:38',NULL),(36,40,NULL,1,NULL,'あいうえお\r\nあいうえお','2023-11-11 14:37:03',NULL,NULL,NULL,NULL,2,'2023-07-07 16:52:38','2024-03-06 11:09:38',NULL),(37,41,NULL,1,NULL,'いえーい\r\nいえーい','2023-11-11 14:37:03',NULL,NULL,NULL,NULL,2,'2023-07-07 16:53:02','2024-03-06 11:09:38',NULL),(38,42,NULL,1,NULL,'テストです\r\nテストです','2023-11-11 14:37:03',NULL,NULL,NULL,NULL,2,'2023-07-11 08:39:41','2024-03-06 11:09:38',NULL),(39,39,31,NULL,NULL,'お問い合わせです\r\nです','2023-11-11 14:37:03',NULL,NULL,NULL,NULL,1,'2023-07-13 09:05:19','2023-11-11 14:37:03',NULL),(40,39,NULL,1,39,'回答です\r\n回答です','2023-11-11 14:37:03',NULL,NULL,NULL,NULL,1,'2023-07-13 09:06:03','2023-11-11 14:37:03',NULL),(41,36,NULL,1,NULL,'２番目のテストです\r\nテストです','2023-11-11 14:37:03',NULL,NULL,NULL,NULL,2,'2023-08-09 22:01:56','2024-03-06 11:09:38',NULL),(42,36,31,NULL,NULL,'お問い合わせです\r\nお問い合わせです','2023-11-11 14:37:03',NULL,NULL,NULL,NULL,1,'2023-10-05 21:08:54','2023-11-11 14:37:03',NULL),(43,36,31,NULL,NULL,'お問い合わせです\r\nお問い合わせです','2023-11-11 14:37:03',NULL,NULL,NULL,NULL,1,'2023-10-05 21:28:56','2023-11-11 14:37:03',NULL),(44,36,31,NULL,NULL,'あいうえお\r\nかきくけこ','2023-11-11 14:37:03',NULL,NULL,NULL,NULL,1,'2023-10-05 21:29:11','2023-11-11 14:37:03',NULL),(45,36,31,NULL,NULL,'ああああ\r\nいいいい','2023-11-11 14:37:03',NULL,NULL,NULL,NULL,1,'2023-10-10 08:39:26','2023-11-11 14:37:03',NULL),(46,72,NULL,1,NULL,'テストメッセージ\r\nテストです','2023-11-11 14:37:03',NULL,NULL,NULL,NULL,2,'2023-10-15 14:36:25','2024-03-06 11:09:38',NULL),(47,72,NULL,1,NULL,'テストメッセージ\r\nテストです','2023-11-11 14:37:03',NULL,NULL,NULL,NULL,2,'2023-10-15 14:49:51','2024-03-06 11:09:38',NULL),(49,72,NULL,1,47,'あいうえお\r\nかきくけこ','2023-11-11 14:37:03',NULL,NULL,NULL,NULL,2,'2023-10-15 14:56:38','2024-03-06 11:09:38',NULL),(50,72,NULL,1,NULL,'テストテストテスト\r\n\r\nテストです、','2023-11-11 14:37:03',NULL,NULL,NULL,NULL,2,'2023-10-15 15:15:44','2024-03-06 11:09:38',NULL),(51,72,31,NULL,NULL,'あいうえお\r\nかきくけこ','2024-03-08 23:41:41',1,'阿部島誉幸',NULL,NULL,1,'2023-10-15 21:56:05','2024-03-08 23:41:41',NULL),(52,72,NULL,1,51,'あかさたな\r\nはまやらわ','2023-11-11 14:37:03',NULL,NULL,NULL,NULL,1,'2023-10-15 22:01:42','2023-11-11 14:37:03',NULL),(53,36,31,NULL,34,'確認です\r\n確認です','2023-11-11 14:37:03',NULL,NULL,NULL,NULL,1,'2023-10-18 15:36:30','2023-11-11 14:37:03',NULL),(54,78,NULL,1,NULL,'お知らせお知らせ\r\n送信送信','2023-11-11 14:37:03',NULL,NULL,NULL,NULL,2,'2023-10-22 21:30:42','2024-03-06 11:09:38',NULL),(55,78,NULL,1,NULL,'お知らせお知らせ','2023-11-11 14:37:03',NULL,NULL,NULL,NULL,2,'2023-10-23 23:30:08','2024-03-06 11:09:38',NULL),(56,78,NULL,1,NULL,'あああああ','2023-11-11 14:37:03',NULL,NULL,NULL,NULL,2,'2023-10-23 23:30:38','2024-03-06 11:09:38',NULL),(57,79,NULL,1,NULL,'あいうえおかきくけこさしすせそたちつてとなにぬねのはひふへほまみむめもやいゆえよらりるれろわいうえをん','2023-11-11 14:37:03',NULL,NULL,NULL,NULL,2,'2023-10-26 09:14:49','2024-03-06 11:09:38',NULL),(58,79,NULL,1,NULL,'あいうえお\r\nかきくけこ\r\nさしすせそ','2023-11-11 14:37:03',NULL,NULL,NULL,NULL,2,'2023-10-26 09:30:52','2024-03-06 11:09:38',NULL),(59,79,NULL,1,NULL,'qwertyuiopasdfghjklzxcvbnmqwertyuiopasdfghjklzxcvbnmqwertyuiopasdfghjklzxcvbnmqwertyuiopasdfghjklzxcvbnm','2023-11-11 14:37:03',NULL,NULL,NULL,NULL,2,'2023-10-26 09:44:18','2024-03-06 11:09:38',NULL),(60,79,45,NULL,NULL,'あいうえおかきくけこさしすせそたちつてとなにぬねのはひふへほまみむめもやいゆえよらりるれろわいうえをん\r\nqwertyuiopasdfghjklzxcvbnmqwertyuiopasdfghjklzxcvbnmqwertyuiopasdfghjklzxcvbnmqwertyuiopasdfghjklzxcvbnm\r\nあいうえお\r\nかきくけこ\r\nさしすせそ','2023-11-11 14:37:03',NULL,NULL,NULL,NULL,1,'2023-10-26 13:36:01','2023-11-11 14:37:03',NULL),(61,79,NULL,1,60,'あいうえおかきくけこさしすせそたちつてとなにぬねのはひふへほまみむめもやいゆえよらりるれろわいうえをん qwertyuiopasdfghjklzxcvbnmqwertyuiopasdfghjklzxcvbnmqwertyuiopasdfghjklzxcvbnmqwertyuiopasdfghjklzxcvbnm あいうえお かきくけこ さしすせそ','2023-11-11 14:37:03',NULL,NULL,NULL,NULL,1,'2023-10-26 13:36:48','2023-11-11 14:37:03',NULL),(62,79,45,NULL,61,'あいうえおかきくけこさしすせそたちつてとなにぬねのはひふへほまみむめもやいゆえよらりるれろわいうえをん qwertyuiopasdfghjklzxcvbnmqwertyuiopasdfghjklzxcvbnmqwertyuiopasdfghjklzxcvbnmqwertyuiopasdfghjklzxcvbnm \r\nあいうえお かきくけこ さしすせそ','2023-11-11 14:37:03',NULL,NULL,NULL,NULL,1,'2023-10-26 13:37:23','2023-11-11 14:37:03',NULL),(63,79,NULL,1,62,'あいうえおかきくけこさしすせそたちつてとなにぬねのはひふへほまみむめもやいゆえよらりるれろわいうえをん\r\n\r\nqwertyuiopasdfghjklzxcvbnmqwertyuiopasdfghjklzxcvbnmqwertyuiopasdfghjklzxcvbnmqwertyuiopasdfghjklzxcvbnm \r\n\r\nあいうえお かきくけこ さしすせそ','2023-11-11 14:37:03',NULL,NULL,NULL,NULL,1,'2023-10-26 13:38:10','2023-11-11 14:37:03',NULL),(64,58,NULL,1,NULL,'あいうえお\r\nかきくけこ','2023-11-11 14:37:03',NULL,NULL,NULL,NULL,2,'2023-10-29 16:36:35','2024-03-06 11:09:38',NULL),(65,58,31,NULL,NULL,'お問い合わせ\r\nお問い合わせ\r\nです','2024-02-25 20:16:05',1,'阿部島誉幸',NULL,NULL,1,'2023-10-29 16:37:51','2024-02-25 20:16:05',NULL),(66,58,NULL,1,65,'あいうえお\r\nかきくけこ','2023-11-11 14:37:03',NULL,NULL,NULL,NULL,1,'2023-10-29 16:38:09','2023-11-11 14:37:03',NULL),(67,66,NULL,1,NULL,'あいうえお\r\nかきくけこ','2023-11-11 14:37:03',NULL,NULL,NULL,NULL,2,'2023-11-03 21:18:18','2024-03-06 11:09:38',NULL),(68,38,31,NULL,NULL,'あいうえお\r\nかきくけこ','2023-11-11 14:37:03',NULL,NULL,NULL,NULL,1,'2023-11-03 21:19:24','2023-11-11 14:37:03',NULL),(69,38,NULL,1,68,'さしすせそ\r\nたちつてと','2023-11-11 14:37:03',NULL,NULL,NULL,NULL,1,'2023-11-03 21:20:48','2023-11-11 14:37:03',NULL),(73,36,31,NULL,NULL,'あああ','2023-12-04 10:05:35',1,'阿部島誉幸',NULL,NULL,1,'2023-12-01 18:50:46','2023-12-04 10:05:35',NULL),(74,36,31,NULL,NULL,'あああ','2023-12-04 10:05:31',1,'阿部島誉幸',NULL,NULL,1,'2023-12-02 01:05:16','2023-12-04 10:05:31',NULL),(75,36,31,NULL,NULL,'aa','2024-02-25 20:19:55',1,'阿部島誉幸',NULL,NULL,1,'2023-12-04 12:28:32','2024-02-25 20:19:55',NULL),(76,36,31,NULL,NULL,'ｂｂｂ','2023-12-05 21:30:34',1,'阿部島誉幸',NULL,NULL,1,'2023-12-04 13:14:08','2023-12-05 21:30:34',NULL),(77,36,NULL,1,76,'返信返信','2023-12-06 09:09:29',NULL,NULL,31,'グランダー　次郎',1,'2023-12-04 14:22:56','2023-12-06 09:09:29',NULL),(78,36,31,NULL,NULL,'aaaa','2023-12-06 09:10:03',1,'阿部島誉幸',NULL,NULL,1,'2023-12-05 21:51:50','2023-12-06 09:10:03',NULL),(79,82,NULL,1,NULL,'あああああ',NULL,NULL,NULL,NULL,NULL,2,'2023-12-09 13:20:08','2024-03-06 11:09:38',NULL),(80,49,31,NULL,NULL,'あかさたな',NULL,NULL,NULL,NULL,NULL,1,'2023-12-09 13:21:34','2023-12-09 13:21:34',NULL),(81,36,47,NULL,75,'あいうえお','2024-02-25 20:19:55',1,'阿部島誉幸',NULL,NULL,1,'2024-02-25 20:05:41','2024-02-25 20:19:55',NULL),(82,36,NULL,1,81,'読みました。','2024-03-22 10:40:08',NULL,NULL,31,'グランダー 次郎',1,'2024-02-25 20:20:03','2024-03-22 10:40:08',NULL);

--
-- Table structure for table `repair_progress`
--

CREATE TABLE `repair_progress` (
  `id` bigint unsigned NOT NULL AUTO_INCREMENT,
  `repair_request_id` bigint unsigned NOT NULL COMMENT '修理依頼ID',
  `employee_id` int DEFAULT NULL COMMENT '作成営業ID',
  `clinic_staff_id` int DEFAULT NULL COMMENT '作成医院スタッフID',
  `progress_type` int unsigned NOT NULL COMMENT '進捗タイプ',
  `status` varchar(255) CHARACTER SET utf8mb4 COLLATE utf8mb4_unicode_ci NOT NULL COMMENT '進捗状況',
  `is_canceled` tinyint(1) NOT NULL DEFAULT '0' COMMENT 'キャンセルフラグ',
  `is_on_site_repair` tinyint(1) NOT NULL DEFAULT '0' COMMENT '現場修理フラグ',
  `is_skipped_progress` tinyint(1) NOT NULL DEFAULT '0' COMMENT '進捗スキップフラグ',
  `created_at` datetime NOT NULL DEFAULT CURRENT_TIMESTAMP COMMENT '作成日時',
  `updated_at` datetime NOT NULL DEFAULT CURRENT_TIMESTAMP ON UPDATE CURRENT_TIMESTAMP COMMENT '更新日時',
  `updated_by` int DEFAULT NULL COMMENT '更新者ID',
  `finished_at` datetime DEFAULT NULL COMMENT '終了日時',
  `finished_by` int DEFAULT NULL COMMENT '終了者ID',
  PRIMARY KEY (`id`),
  KEY `repair_progress_employee_id_foreign` (`employee_id`),
  KEY `repair_progress_updated_by_foreign` (`updated_by`),
  KEY `repair_progress_finished_by_foreign` (`finished_by`),
  CONSTRAINT `repair_progress_employee_id_foreign` FOREIGN KEY (`employee_id`) REFERENCES `employees` (`id`),
  CONSTRAINT `repair_progress_finished_by_foreign` FOREIGN KEY (`finished_by`) REFERENCES `employees` (`id`),
  CONSTRAINT `repair_progress_updated_by_foreign` FOREIGN KEY (`updated_by`) REFERENCES `employees` (`id`)
) ENGINE=InnoDB AUTO_INCREMENT=216 DEFAULT CHARSET=utf8mb4 COLLATE=utf8mb4_unicode_ci;

--
-- Dumping data for table `repair_progress`
--

INSERT INTO `repair_progress` VALUES (1,34,1,NULL,0,'closed',0,0,0,'2023-07-03 10:17:49','2023-07-03 10:17:49',NULL,'2023-07-03 10:17:49',1),(2,36,1,NULL,0,'closed',0,0,0,'2023-07-04 12:29:20','2023-07-04 12:29:20',NULL,'2023-07-04 12:29:20',1),(3,36,1,NULL,1,'closed',0,0,0,'2023-07-05 14:29:33','2023-07-05 14:29:33',NULL,'2023-07-05 14:29:33',NULL),(4,35,1,NULL,0,'closed',0,0,0,'2023-07-06 09:59:38','2023-07-06 09:59:38',NULL,'2023-07-06 09:59:38',NULL),(5,35,1,NULL,1,'closed',0,0,0,'2023-07-06 09:59:41','2023-07-06 09:59:41',NULL,'2023-07-06 09:59:41',NULL),(6,31,NULL,NULL,99,'closed',1,0,0,'2023-07-06 13:27:46','2023-07-06 13:27:46',NULL,'2023-07-06 13:27:46',NULL),(9,36,1,NULL,3,'closed',0,0,0,'2023-07-08 02:32:38','2023-07-08 02:32:38',NULL,'2023-07-08 02:32:38',1),(10,38,1,NULL,0,'closed',0,0,0,'2023-07-07 09:48:49','2023-07-07 09:48:49',NULL,'2023-07-07 09:48:49',NULL),(11,38,1,NULL,1,'closed',0,0,0,'2023-07-07 09:48:52','2023-07-07 09:48:52',NULL,'2023-07-07 09:48:52',NULL),(12,42,1,NULL,0,'closed',0,0,0,'2023-07-08 23:35:58','2023-07-08 23:35:58',NULL,'2023-07-08 23:35:58',NULL),(13,41,1,NULL,0,'closed',0,0,0,'2023-07-09 16:04:04','2023-07-09 16:04:04',NULL,'2023-07-09 16:04:04',NULL),(14,42,1,NULL,1,'closed',0,0,0,'2023-07-10 09:54:12','2023-07-10 09:54:12',NULL,'2023-07-10 09:54:12',NULL),(15,41,1,NULL,1,'closed',0,0,0,'2023-07-11 12:24:47','2023-07-11 12:24:47',NULL,'2023-07-11 12:24:47',NULL),(16,41,1,NULL,2,'open',0,0,0,'2023-07-11 12:25:26','2023-07-11 12:25:26',NULL,NULL,NULL),(17,41,NULL,NULL,99,'closed',1,0,0,'2023-07-11 12:29:12','2023-07-11 12:29:12',NULL,'2023-07-11 12:29:12',NULL),(18,40,1,NULL,0,'closed',0,0,0,'2023-07-11 12:38:10','2023-07-11 12:38:10',NULL,'2023-07-11 12:38:10',NULL),(19,40,1,NULL,1,'closed',0,0,0,'2023-07-11 12:38:14','2023-07-11 12:38:14',NULL,'2023-07-11 12:38:14',NULL),(20,40,NULL,NULL,99,'closed',1,0,0,'2023-07-11 12:38:52','2023-07-11 12:38:52',NULL,'2023-07-11 12:38:52',NULL),(21,45,1,NULL,0,'closed',0,0,0,'2023-07-11 20:16:49','2023-07-11 20:16:49',NULL,'2023-07-11 20:16:49',NULL),(22,39,1,NULL,0,'closed',0,0,0,'2023-07-12 10:53:09','2023-07-12 10:53:09',NULL,'2023-07-12 10:53:09',NULL),(23,39,1,NULL,1,'closed',0,0,0,'2023-07-12 10:53:50','2023-07-12 10:53:50',NULL,'2023-07-12 10:53:50',NULL),(24,39,NULL,NULL,3,'open',0,0,0,'2023-07-13 00:12:15','2023-07-13 00:12:15',NULL,NULL,NULL),(25,45,1,NULL,1,'closed',0,0,0,'2023-07-13 00:17:16','2023-07-13 00:17:16',NULL,'2023-07-13 00:17:16',NULL),(26,45,1,NULL,3,'closed',0,0,0,'2023-07-13 09:56:41','2023-07-13 09:56:41',NULL,'2023-07-13 09:56:41',1),(27,38,1,NULL,3,'closed',0,0,0,'2023-10-28 16:54:51','2023-10-28 16:54:51',NULL,'2023-10-28 16:54:51',1),(28,46,1,NULL,0,'closed',0,0,0,'2023-07-13 08:08:27','2023-07-13 08:08:27',NULL,'2023-07-13 08:08:27',NULL),(29,46,1,NULL,1,'closed',0,0,0,'2023-07-13 08:08:33','2023-07-13 08:08:33',NULL,'2023-07-13 08:08:33',NULL),(30,46,NULL,NULL,3,'open',0,0,0,'2023-07-13 08:09:54','2023-07-13 08:09:54',NULL,NULL,NULL),(31,47,1,NULL,0,'closed',0,0,0,'2023-07-13 08:57:33','2023-07-13 08:57:33',NULL,'2023-07-13 08:57:33',NULL),(32,47,1,NULL,1,'closed',0,0,0,'2023-07-13 08:57:37','2023-07-13 08:57:37',NULL,'2023-07-13 08:57:37',NULL),(33,47,NULL,NULL,3,'open',0,0,0,'2023-07-13 15:30:12','2023-07-13 15:30:12',NULL,NULL,NULL),(34,48,1,NULL,0,'closed',0,0,0,'2023-07-13 16:03:38','2023-07-13 16:03:38',NULL,'2023-07-13 16:03:38',NULL),(35,48,1,NULL,1,'closed',0,0,0,'2023-07-13 16:03:41','2023-07-13 16:03:41',NULL,'2023-07-13 16:03:41',NULL),(36,48,NULL,NULL,3,'open',0,0,0,'2023-07-13 16:42:53','2023-07-13 16:42:53',NULL,NULL,NULL),(37,49,1,NULL,0,'closed',0,0,0,'2023-07-13 16:44:14','2023-07-13 16:44:14',NULL,'2023-07-13 16:44:14',NULL),(38,49,1,NULL,1,'closed',0,0,0,'2023-07-13 16:44:17','2023-07-13 16:44:17',NULL,'2023-07-13 16:44:17',NULL),(39,49,NULL,NULL,3,'open',0,0,0,'2023-07-13 16:44:54','2023-07-13 16:44:54',NULL,NULL,NULL),(40,50,1,NULL,0,'closed',0,0,0,'2023-07-13 18:12:10','2023-07-13 18:12:10',NULL,'2023-07-13 18:12:10',NULL),(41,50,1,NULL,1,'closed',0,0,0,'2023-07-13 18:12:13','2023-07-13 18:12:13',NULL,'2023-07-13 18:12:13',NULL),(42,50,NULL,NULL,3,'open',0,0,0,'2023-07-13 18:14:30','2023-07-13 18:14:30',NULL,NULL,NULL),(43,51,1,NULL,0,'closed',0,0,0,'2023-07-13 23:03:26','2023-07-13 23:03:26',NULL,'2023-07-13 23:03:26',NULL),(44,51,1,NULL,1,'closed',0,0,0,'2023-07-13 23:03:30','2023-07-13 23:03:30',NULL,'2023-07-13 23:03:30',NULL),(45,51,NULL,NULL,3,'open',0,0,0,'2023-07-13 23:04:53','2023-07-13 23:04:53',NULL,NULL,NULL),(46,52,1,NULL,0,'closed',0,0,0,'2023-07-14 22:49:15','2023-07-14 22:49:15',NULL,'2023-07-14 22:49:15',NULL),(47,52,1,NULL,1,'closed',0,0,0,'2023-07-14 22:49:19','2023-07-14 22:49:19',NULL,'2023-07-14 22:49:19',NULL),(48,52,NULL,NULL,99,'closed',1,0,0,'2023-07-14 22:50:10','2023-07-14 22:50:10',NULL,'2023-07-14 22:50:10',NULL),(49,53,NULL,NULL,99,'closed',1,0,0,'2023-07-17 23:31:34','2023-07-17 23:31:34',NULL,'2023-07-17 23:31:34',NULL),(50,54,1,NULL,0,'closed',0,0,0,'2023-07-20 07:56:05','2023-07-20 07:56:05',NULL,'2023-07-20 07:56:05',NULL),(51,54,1,NULL,1,'closed',0,0,0,'2023-07-20 07:56:17','2023-07-20 07:56:17',NULL,'2023-07-20 07:56:17',NULL),(52,55,NULL,31,99,'closed',1,0,0,'2023-07-20 13:54:44','2023-07-20 13:54:44',NULL,'2023-07-20 13:54:44',NULL),(53,56,1,NULL,0,'closed',0,0,0,'2023-07-20 13:55:25','2023-07-20 13:55:25',NULL,'2023-07-20 13:55:25',NULL),(54,56,1,NULL,1,'closed',0,0,0,'2023-07-20 13:55:28','2023-07-20 13:55:28',NULL,'2023-07-20 13:55:28',NULL),(55,56,NULL,31,3,'closed',1,0,0,'2023-07-20 13:55:52','2023-07-20 13:55:52',NULL,'2023-07-20 13:55:52',NULL),(56,58,1,NULL,0,'closed',0,0,0,'2023-07-20 19:04:00','2023-07-20 19:04:00',NULL,'2023-07-20 19:04:00',NULL),(57,58,1,NULL,1,'closed',0,0,0,'2023-07-20 19:04:04','2023-07-20 19:04:04',NULL,'2023-07-20 19:04:04',NULL),(58,59,1,NULL,0,'closed',0,0,0,'2023-07-21 22:46:56','2023-07-21 22:46:56',NULL,'2023-07-21 22:46:56',NULL),(59,59,1,NULL,1,'closed',0,0,0,'2023-07-21 22:47:00','2023-07-21 22:47:00',NULL,'2023-07-21 22:47:00',NULL),(60,43,1,NULL,0,'closed',0,0,0,'2023-07-21 22:53:54','2023-07-21 22:53:54',NULL,'2023-07-21 22:53:54',NULL),(61,43,1,NULL,1,'closed',0,0,0,'2023-07-21 22:53:58','2023-07-21 22:53:58',NULL,'2023-07-21 22:53:58',NULL),(62,57,1,NULL,0,'closed',0,0,0,'2023-07-22 11:31:56','2023-07-22 11:31:56',NULL,'2023-07-22 11:31:56',NULL),(63,57,1,NULL,1,'closed',0,0,0,'2023-07-22 11:32:28','2023-07-22 11:32:28',NULL,'2023-07-22 11:32:28',NULL),(64,57,1,NULL,2,'open',0,0,0,'2023-07-24 09:53:45','2023-07-24 09:53:45',NULL,NULL,NULL),(65,60,1,NULL,0,'closed',0,0,0,'2023-07-25 19:29:37','2023-07-25 19:29:37',NULL,'2023-07-25 19:29:37',NULL),(66,62,1,NULL,0,'closed',0,0,0,'2023-08-18 21:36:41','2023-08-18 21:36:41',NULL,'2023-08-18 21:36:41',NULL),(67,62,1,NULL,1,'closed',0,0,0,'2023-08-18 21:41:31','2023-08-18 21:41:31',NULL,'2023-08-18 21:41:31',NULL),(68,63,1,NULL,0,'closed',0,0,0,'2023-08-18 21:49:02','2023-08-18 21:49:02',NULL,'2023-08-18 21:49:02',NULL),(69,63,1,NULL,1,'closed',0,0,0,'2023-08-18 21:49:06','2023-08-18 21:49:06',NULL,'2023-08-18 21:49:06',NULL),(70,64,1,NULL,0,'closed',0,0,0,'2023-08-24 09:30:20','2023-08-24 09:30:20',NULL,'2023-08-24 09:30:20',NULL),(71,64,1,NULL,1,'closed',0,0,0,'2023-08-24 09:30:23','2023-08-24 09:30:23',NULL,'2023-08-24 09:30:23',NULL),(72,66,1,NULL,0,'closed',0,0,0,'2023-08-26 16:10:21','2023-08-26 16:10:21',NULL,'2023-08-26 16:10:21',NULL),(73,65,1,NULL,0,'closed',0,0,0,'2023-08-26 16:10:29','2023-08-26 16:10:29',NULL,'2023-08-26 16:10:29',NULL),(74,62,1,NULL,2,'open',0,0,0,'2023-08-27 09:13:06','2023-08-27 09:13:06',NULL,NULL,NULL),(75,57,NULL,31,3,'open',0,0,0,'2023-08-27 09:16:57','2023-08-27 09:16:57',NULL,NULL,NULL),(76,62,1,NULL,3,'closed',0,0,0,'2023-08-27 09:22:11','2023-08-27 09:22:11',NULL,'2023-08-27 09:22:11',1),(77,54,1,NULL,2,'open',0,0,0,'2023-08-27 10:30:51','2023-08-27 10:30:51',NULL,NULL,NULL),(78,68,1,NULL,0,'closed',0,0,0,'2023-09-03 10:28:28','2023-09-03 10:28:28',NULL,'2023-09-03 10:28:28',NULL),(79,69,1,NULL,0,'closed',0,0,0,'2023-09-03 10:35:03','2023-09-03 10:35:03',NULL,'2023-09-03 10:35:03',NULL),(80,65,1,NULL,1,'closed',0,0,0,'2023-09-12 08:23:29','2023-09-12 08:23:29',NULL,'2023-09-12 08:23:29',NULL),(81,65,1,NULL,2,'open',0,0,0,'2023-09-12 08:36:04','2023-09-12 08:36:04',NULL,NULL,NULL),(82,65,1,NULL,3,'closed',0,0,0,'2023-09-12 08:57:07','2023-09-12 08:57:07',NULL,'2023-09-12 08:57:07',1),(83,42,1,NULL,2,'open',0,0,0,'2023-09-23 10:47:40','2023-09-23 10:47:40',NULL,NULL,NULL),(84,32,1,NULL,0,'closed',0,0,0,'2023-09-23 20:54:31','2023-09-23 20:54:31',NULL,'2023-09-23 20:54:31',NULL),(85,70,1,NULL,0,'closed',0,0,0,'2023-10-15 14:35:23','2023-10-15 14:35:23',NULL,'2023-10-15 14:35:23',NULL),(86,32,1,NULL,1,'closed',0,0,0,'2023-10-15 15:31:52','2023-10-15 15:31:52',NULL,'2023-10-15 15:31:52',NULL),(87,63,1,NULL,4,'open',0,0,1,'2023-10-15 16:14:06','2023-10-15 16:14:06',NULL,NULL,NULL),(88,35,1,NULL,4,'closed',0,0,0,'2023-10-20 08:58:42','2023-10-20 08:58:42',NULL,'2023-10-20 08:58:42',1),(89,74,1,NULL,0,'closed',0,0,0,'2023-10-21 08:12:07','2023-10-21 08:12:07',NULL,'2023-10-21 08:12:07',NULL),(90,74,1,NULL,1,'closed',0,0,0,'2023-10-21 08:12:57','2023-10-21 08:12:57',NULL,'2023-10-21 08:12:57',NULL),(91,75,1,NULL,0,'closed',0,0,0,'2023-10-22 16:42:53','2023-10-22 16:42:53',NULL,'2023-10-22 16:42:53',NULL),(92,75,1,NULL,1,'closed',0,0,0,'2023-10-22 16:42:58','2023-10-22 16:42:58',NULL,'2023-10-22 16:42:58',NULL),(93,75,1,NULL,4,'open',0,0,1,'2023-10-22 17:20:46','2023-10-22 17:20:46',NULL,NULL,NULL),(94,76,1,NULL,0,'closed',0,0,0,'2023-10-22 17:25:35','2023-10-22 17:25:35',NULL,'2023-10-22 17:25:35',NULL),(95,76,1,NULL,1,'closed',0,0,0,'2023-10-22 17:25:39','2023-10-22 17:25:39',NULL,'2023-10-22 17:25:39',NULL),(96,76,1,NULL,4,'open',0,0,1,'2023-10-22 17:26:45','2023-10-22 17:26:45',NULL,NULL,NULL),(97,77,1,NULL,0,'closed',0,0,0,'2023-10-22 17:29:01','2023-10-22 17:29:01',NULL,'2023-10-22 17:29:01',NULL),(98,77,1,NULL,1,'closed',0,0,0,'2023-10-22 17:29:16','2023-10-22 17:29:16',NULL,'2023-10-22 17:29:16',NULL),(99,77,1,NULL,4,'open',0,0,1,'2023-10-22 17:50:07','2023-10-22 17:50:07',NULL,NULL,NULL),(100,78,1,NULL,0,'closed',0,0,0,'2023-10-22 19:57:15','2023-10-22 19:57:15',NULL,'2023-10-22 19:57:15',NULL),(101,78,1,NULL,1,'closed',0,0,0,'2023-10-22 19:57:21','2023-10-22 19:57:21',NULL,'2023-10-22 19:57:21',NULL),(102,78,1,NULL,4,'open',0,0,1,'2023-10-22 19:59:15','2023-10-22 19:59:15',NULL,NULL,NULL),(103,74,1,NULL,4,'open',0,0,1,'2023-10-26 08:44:15','2023-10-26 08:44:15',NULL,NULL,NULL),(104,79,1,NULL,0,'closed',0,0,0,'2023-10-26 09:03:55','2023-10-26 09:03:55',NULL,'2023-10-26 09:03:55',NULL),(105,79,1,NULL,1,'closed',0,0,0,'2023-10-26 09:04:06','2023-10-26 09:04:06',NULL,'2023-10-26 09:04:06',NULL),(106,79,1,NULL,4,'open',0,0,1,'2023-10-26 09:04:13','2023-10-26 09:04:13',NULL,NULL,NULL),(107,61,1,NULL,0,'closed',0,0,0,'2023-10-29 11:08:53','2023-10-29 11:08:53',NULL,'2023-10-29 11:08:53',NULL),(108,60,1,NULL,1,'closed',0,0,0,'2023-10-29 11:41:35','2023-10-29 11:41:35',NULL,'2023-10-29 11:41:35',NULL),(109,60,1,NULL,3,'closed',0,0,0,'2023-10-29 13:08:11','2023-10-29 13:08:11',NULL,'2023-10-29 13:08:11',1),(110,54,1,NULL,3,'closed',0,0,0,'2023-10-29 15:56:35','2023-10-29 15:56:35',NULL,'2023-10-29 15:56:35',1),(111,59,1,NULL,2,'open',0,0,0,'2023-11-08 23:33:21','2023-11-08 23:33:21',NULL,NULL,NULL),(112,82,1,NULL,0,'closed',0,0,0,'2023-11-24 11:48:59','2023-11-24 11:48:59',NULL,'2023-11-24 11:48:59',NULL),(113,82,1,NULL,1,'closed',0,0,0,'2023-11-24 11:49:05','2023-11-24 11:49:05',NULL,'2023-11-24 11:49:05',NULL),(114,83,1,NULL,0,'closed',0,0,0,'2023-12-20 14:02:20','2023-12-20 14:02:20',NULL,'2023-12-20 14:02:20',NULL),(115,83,1,NULL,1,'closed',0,0,0,'2023-12-20 14:02:25','2023-12-20 14:02:25',NULL,'2023-12-20 14:02:25',NULL),(116,83,1,NULL,4,'open',0,0,1,'2023-12-20 14:03:21','2023-12-20 14:03:21',NULL,NULL,NULL),(117,84,1,NULL,0,'closed',0,0,0,'2023-12-20 14:04:31','2023-12-20 14:04:31',NULL,'2023-12-20 14:04:31',NULL),(118,84,1,NULL,1,'closed',0,0,0,'2023-12-20 14:04:34','2023-12-20 14:04:34',NULL,'2023-12-20 14:04:34',NULL),(119,84,1,NULL,2,'open',0,0,0,'2023-12-20 14:06:45','2023-12-20 14:06:45',NULL,NULL,NULL),(120,84,1,NULL,3,'closed',0,0,0,'2023-12-20 14:08:56','2023-12-20 14:08:56',NULL,'2023-12-20 14:08:56',1),(121,59,NULL,31,3,'closed',1,0,0,'2024-02-08 14:08:50','2024-02-08 14:08:50',NULL,'2024-02-08 14:08:50',NULL),(122,58,1,NULL,2,'open',0,0,0,'2024-02-25 20:09:12','2024-02-25 20:09:12',NULL,NULL,NULL),(123,36,NULL,NULL,3,'open',0,0,0,'2023-07-07 08:13:37','2023-07-07 08:13:37',NULL,NULL,NULL),(124,45,NULL,NULL,3,'open',0,0,0,'2023-07-13 00:18:13','2023-07-13 00:18:13',NULL,NULL,NULL),(125,38,NULL,NULL,3,'open',0,0,0,'2023-07-13 08:07:25','2023-07-13 08:07:25',NULL,NULL,NULL),(126,62,NULL,44,3,'open',0,0,0,'2023-08-27 09:21:51','2023-08-27 09:21:51',NULL,NULL,NULL),(127,65,NULL,31,3,'open',0,0,0,'2023-09-12 08:40:46','2023-09-12 08:40:46',NULL,NULL,NULL),(128,35,1,NULL,4,'open',0,0,1,'2023-10-20 08:57:17','2023-10-20 08:57:17',NULL,NULL,NULL),(129,60,NULL,31,3,'open',0,0,0,'2023-10-29 12:01:57','2023-10-29 12:01:57',NULL,NULL,NULL),(130,54,NULL,31,3,'open',0,0,0,'2023-10-29 15:50:22','2023-10-29 15:50:22',NULL,NULL,NULL),(131,84,NULL,31,3,'open',0,0,0,'2023-12-20 14:08:29','2023-12-20 14:08:29',NULL,NULL,NULL),(132,36,NULL,NULL,4,'open',0,0,0,'2023-07-21 18:24:36','2023-07-21 18:24:36',NULL,NULL,NULL),(133,45,NULL,NULL,4,'open',0,0,0,'2023-09-08 21:55:26','2023-09-08 21:55:26',NULL,NULL,NULL),(134,56,NULL,NULL,4,'open',0,0,0,'2023-09-08 21:55:26','2023-09-08 21:55:26',NULL,NULL,NULL),(135,60,NULL,NULL,4,'open',0,0,0,'2023-10-29 13:08:11','2023-10-29 13:08:11',NULL,NULL,NULL),(136,60,1,NULL,4,'closed',0,0,0,'2023-10-29 13:08:11','2023-10-29 13:08:11',NULL,'2023-10-29 13:08:11',NULL),(137,65,NULL,NULL,4,'open',0,0,0,'2023-09-12 17:50:38','2023-09-12 17:50:38',NULL,NULL,NULL),(138,1,1,NULL,4,'closed',0,1,0,'2023-09-12 08:42:03','2023-09-12 08:42:03',NULL,'2023-09-12 08:42:03',NULL),(139,2,1,NULL,4,'closed',0,1,0,'2023-09-12 08:53:00','2023-09-12 08:53:00',NULL,'2023-09-12 08:53:00',NULL),(140,3,1,NULL,4,'closed',0,1,0,'2023-09-12 08:42:19','2023-09-12 08:42:19',NULL,'2023-09-12 08:42:19',NULL),(141,4,1,NULL,4,'closed',0,1,0,'2023-09-12 08:42:38','2023-09-12 08:42:38',NULL,'2023-09-12 08:42:38',NULL),(142,5,1,NULL,4,'closed',0,1,0,'2023-09-12 08:42:52','2023-09-12 08:42:52',NULL,'2023-09-12 08:42:52',NULL),(143,6,1,NULL,4,'closed',0,1,0,'2023-09-12 08:43:03','2023-09-12 08:43:03',NULL,'2023-09-12 08:43:03',NULL),(144,7,1,NULL,4,'closed',0,1,0,'2023-09-12 08:43:13','2023-09-12 08:43:13',NULL,'2023-09-12 08:43:13',NULL),(145,8,1,NULL,4,'closed',0,1,0,'2023-09-12 08:53:10','2023-09-12 08:53:10',NULL,'2023-09-12 08:53:10',NULL),(146,9,1,NULL,4,'closed',0,1,0,'2023-09-12 08:52:53','2023-09-12 08:52:53',NULL,'2023-09-12 08:52:53',NULL),(147,10,1,NULL,4,'closed',0,1,0,'2023-09-12 08:43:55','2023-09-12 08:43:55',NULL,'2023-09-12 08:43:55',NULL),(148,11,1,NULL,4,'closed',0,1,0,'2023-09-12 08:53:19','2023-09-12 08:53:19',NULL,'2023-09-12 08:53:19',NULL),(149,12,1,NULL,4,'closed',0,1,0,'2023-09-12 08:46:32','2023-09-12 08:46:32',NULL,'2023-09-12 08:46:32',NULL),(150,13,1,NULL,4,'closed',0,1,0,'2023-09-12 08:43:45','2023-09-12 08:43:45',NULL,'2023-09-12 08:43:45',NULL),(151,14,1,NULL,4,'closed',0,1,0,'2023-09-12 08:43:36','2023-09-12 08:43:36',NULL,'2023-09-12 08:43:36',NULL),(152,15,1,NULL,4,'closed',0,1,0,'2023-09-12 08:53:30','2023-09-12 08:53:30',NULL,'2023-09-12 08:53:30',NULL),(153,16,1,NULL,4,'closed',0,1,0,'2023-09-12 08:53:35','2023-09-12 08:53:35',NULL,'2023-09-12 08:53:35',NULL),(154,17,1,NULL,4,'closed',0,1,0,'2023-09-12 08:44:12','2023-09-12 08:44:12',NULL,'2023-09-12 08:44:12',NULL),(155,18,1,NULL,4,'closed',0,1,0,'2023-09-12 08:53:52','2023-09-12 08:53:52',NULL,'2023-09-12 08:53:52',NULL),(156,19,1,NULL,4,'closed',0,1,0,'2023-09-12 08:53:46','2023-09-12 08:53:46',NULL,'2023-09-12 08:53:46',NULL),(157,20,1,NULL,4,'closed',0,1,0,'2023-09-12 08:44:25','2023-09-12 08:44:25',NULL,'2023-09-12 08:44:25',NULL),(158,21,1,NULL,4,'closed',0,1,0,'2023-09-12 08:46:41','2023-09-12 08:46:41',NULL,'2023-09-12 08:46:41',NULL),(159,22,1,NULL,4,'closed',0,1,0,'2023-09-12 08:44:53','2023-09-12 08:44:53',NULL,'2023-09-12 08:44:53',NULL),(160,23,1,NULL,4,'closed',0,1,0,'2023-09-12 08:44:41','2023-09-12 08:44:41',NULL,'2023-09-12 08:44:41',NULL),(161,24,1,NULL,4,'closed',0,1,0,'2023-09-12 08:45:49','2023-09-12 08:45:49',NULL,'2023-09-12 08:45:49',NULL),(162,25,1,NULL,4,'closed',0,1,0,'2023-09-12 08:46:24','2023-09-12 08:46:24',NULL,'2023-09-12 08:46:24',NULL),(163,26,1,NULL,4,'closed',0,1,0,'2023-09-12 08:45:18','2023-09-12 08:45:18',NULL,'2023-09-12 08:45:18',NULL),(164,27,1,NULL,4,'closed',0,1,0,'2023-09-12 08:45:29','2023-09-12 08:45:29',NULL,'2023-09-12 08:45:29',NULL),(165,28,1,NULL,4,'closed',0,1,0,'2023-09-12 08:46:02','2023-09-12 08:46:02',NULL,'2023-09-12 08:46:02',NULL),(166,29,1,NULL,4,'closed',0,1,0,'2023-09-12 08:53:59','2023-09-12 08:53:59',NULL,'2023-09-12 08:53:59',NULL),(167,30,1,NULL,4,'closed',0,1,0,'2023-09-12 08:45:38','2023-09-12 08:45:38',NULL,'2023-09-12 08:45:38',NULL),(168,34,1,NULL,4,'closed',0,1,0,'2023-10-29 16:35:59','2023-10-29 16:35:59',NULL,'2023-10-29 16:35:59',NULL),(169,72,1,NULL,4,'closed',0,1,0,'2023-10-15 15:17:45','2023-10-15 15:17:45',NULL,'2023-10-15 15:17:45',NULL),(172,85,1,NULL,0,'closed',0,0,0,'2024-03-21 21:19:53','2024-03-21 21:19:53',NULL,'2024-03-21 21:19:53',NULL),(173,85,1,NULL,1,'closed',0,0,0,'2024-03-21 21:20:41','2024-03-21 21:20:41',NULL,'2024-03-21 21:20:41',NULL),(174,86,1,NULL,0,'closed',0,0,0,'2024-04-10 01:09:07','2024-04-10 01:09:07',NULL,'2024-04-10 01:09:07',NULL),(175,86,1,NULL,1,'closed',0,0,0,'2024-04-10 03:01:40','2024-04-10 03:01:40',NULL,'2024-04-10 03:01:40',NULL),(176,86,1,NULL,2,'open',0,0,0,'2024-04-11 08:38:03','2024-04-11 08:38:03',NULL,NULL,NULL),(177,86,1,NULL,3,'open',0,0,0,'2024-04-11 09:34:17','2024-04-11 09:34:17',NULL,NULL,NULL),(178,87,1,NULL,0,'closed',0,0,0,'2024-04-11 12:05:19','2024-04-11 12:05:19',NULL,'2024-04-11 12:05:19',NULL),(179,87,1,NULL,1,'closed',0,0,0,'2024-04-11 12:07:18','2024-04-11 12:07:18',NULL,'2024-04-11 12:07:18',NULL),(180,87,NULL,31,3,'closed',1,0,0,'2024-04-11 19:37:47','2024-04-11 19:37:47',NULL,'2024-04-11 19:37:47',NULL),(181,86,NULL,31,3,'closed',1,0,0,'2024-04-11 19:38:34','2024-04-11 19:38:34',NULL,'2024-04-11 19:38:34',NULL),(182,88,1,NULL,0,'closed',0,0,0,'2024-04-11 19:52:49','2024-04-11 19:52:49',NULL,'2024-04-11 19:52:49',NULL),(183,88,1,NULL,1,'closed',0,0,0,'2024-04-11 19:53:07','2024-04-11 19:53:07',NULL,'2024-04-11 19:53:07',NULL),(184,88,NULL,31,3,'closed',1,0,0,'2024-04-11 20:11:25','2024-04-11 20:11:25',NULL,'2024-04-11 20:11:25',NULL),(185,73,1,NULL,0,'closed',0,0,0,'2024-04-11 20:17:01','2024-04-11 20:17:01',NULL,'2024-04-11 20:17:01',NULL),(186,73,1,NULL,1,'closed',0,0,0,'2024-04-11 20:17:04','2024-04-11 20:17:04',NULL,'2024-04-11 20:17:04',NULL),(187,73,1,NULL,2,'open',0,0,0,'2024-04-11 20:18:25','2024-04-11 20:18:25',NULL,NULL,NULL),(188,73,NULL,31,3,'closed',1,0,0,'2024-04-11 20:18:51','2024-04-11 20:18:51',NULL,'2024-04-11 20:18:51',NULL),(189,85,NULL,31,3,'closed',1,0,0,'2024-04-11 20:26:03','2024-04-11 20:26:03',NULL,'2024-04-11 20:26:03',NULL),(190,89,1,NULL,0,'closed',0,0,0,'2024-04-11 20:49:43','2024-04-11 20:49:43',NULL,'2024-04-11 20:49:43',NULL),(191,89,1,NULL,1,'closed',0,0,0,'2024-04-11 20:49:52','2024-04-11 20:49:52',NULL,'2024-04-11 20:49:52',NULL),(192,90,1,NULL,0,'closed',0,0,0,'2024-04-11 22:30:19','2024-04-11 22:30:19',NULL,'2024-04-11 22:30:19',NULL),(193,92,1,NULL,0,'closed',0,0,0,'2024-04-13 16:02:37','2024-04-13 16:02:37',NULL,'2024-04-13 16:02:37',NULL),(194,92,1,NULL,1,'closed',0,0,0,'2024-04-13 16:04:50','2024-04-13 16:04:50',NULL,'2024-04-13 16:04:50',NULL),(195,92,1,NULL,2,'open',0,0,0,'2024-04-13 16:05:00','2024-04-13 16:05:00',NULL,NULL,NULL),(196,92,1,NULL,1,'closed',0,0,0,'2024-04-13 16:40:48','2024-04-13 16:40:48',NULL,'2024-04-13 16:40:48',NULL),(197,92,1,NULL,2,'open',0,0,0,'2024-04-13 16:40:55','2024-04-13 16:40:55',NULL,NULL,NULL),(198,92,NULL,31,3,'open',0,0,0,'2024-04-15 10:56:02','2024-04-15 10:56:02',NULL,NULL,NULL),(199,92,1,NULL,3,'closed',0,0,0,'2024-04-15 11:18:16','2024-04-15 11:18:16',NULL,'2024-04-15 11:18:16',NULL),(200,92,1,NULL,3,'closed',0,0,0,'2024-04-15 19:31:59','2024-04-15 19:31:59',NULL,'2024-04-15 19:31:59',NULL),(201,92,1,NULL,3,'closed',0,0,0,'2024-04-15 19:33:47','2024-04-15 19:33:47',NULL,'2024-04-15 19:33:47',NULL),(202,92,1,NULL,4,'closed',0,0,0,'2024-04-15 19:33:47','2024-04-15 19:33:47',NULL,'2024-04-15 19:33:47',NULL),(203,92,1,NULL,4,'closed',0,0,0,'2024-04-15 21:40:01','2024-04-15 21:40:01',NULL,'2024-04-15 21:40:01',NULL),(204,91,1,NULL,0,'closed',0,0,0,'2024-04-16 13:19:07','2024-04-16 13:19:07',NULL,'2024-04-16 13:19:07',NULL),(205,91,1,NULL,1,'closed',0,0,0,'2024-04-16 13:19:17','2024-04-16 13:19:17',NULL,'2024-04-16 13:19:17',NULL),(206,91,NULL,31,3,'closed',1,0,0,'2024-04-16 14:24:47','2024-04-16 14:24:47',NULL,'2024-04-16 14:24:47',NULL),(207,93,1,NULL,0,'closed',0,0,0,'2024-05-10 11:50:48','2024-05-10 11:50:48',NULL,'2024-05-10 11:50:48',NULL),(208,96,1,NULL,0,'closed',0,0,0,'2024-06-02 13:27:46','2024-06-02 13:27:46',NULL,'2024-06-02 13:27:46',NULL),(209,96,1,NULL,5,'closed',0,1,0,'2024-06-02 13:35:21','2024-06-02 13:35:21',NULL,'2024-06-02 13:35:21',NULL),(210,96,1,NULL,1,'closed',0,0,0,'2024-06-02 13:36:05','2024-06-02 13:36:05',NULL,'2024-06-02 13:36:05',NULL),(211,96,1,NULL,2,'open',0,0,0,'2024-06-02 13:43:20','2024-06-02 13:43:20',NULL,NULL,NULL),(212,96,1,NULL,3,'open',0,0,0,'2024-06-02 13:45:22','2024-06-02 13:45:22',NULL,NULL,NULL),(213,97,1,NULL,0,'closed',0,0,0,'2024-06-03 09:31:25','2024-06-03 09:31:25',NULL,'2024-06-03 09:31:25',NULL),(214,97,1,NULL,5,'closed',0,1,0,'2024-06-03 15:39:17','2024-06-03 15:39:17',NULL,'2024-06-03 15:39:17',NULL),(215,97,1,NULL,1,'closed',0,0,0,'2024-06-03 15:39:54','2024-06-03 15:39:54',NULL,'2024-06-03 15:39:54',NULL);

--
-- Table structure for table `repair_rental_items`
--

CREATE TABLE `repair_rental_items` (
  `id` int unsigned NOT NULL AUTO_INCREMENT COMMENT 'ID',
  `repair_request_id` bigint unsigned NOT NULL COMMENT '修理依頼ID',
  `rental_item_id` int unsigned DEFAULT NULL COMMENT '貸用品ID',
  `employee_id` int DEFAULT NULL COMMENT '社員ID',
  `delivery_worked_at` datetime DEFAULT NULL COMMENT '貸用品出荷作業日時',
  `rental_at` datetime DEFAULT NULL COMMENT '貸与日時',
  `returned_at` datetime DEFAULT NULL COMMENT '返却日時',
  `rental_deadline_at` datetime DEFAULT NULL COMMENT '返却期限日時',
  `canceled_at` datetime DEFAULT NULL COMMENT 'キャンセル日',
  `created_at` datetime NOT NULL DEFAULT CURRENT_TIMESTAMP COMMENT '作成日時',
  `updated_at` datetime NOT NULL DEFAULT CURRENT_TIMESTAMP ON UPDATE CURRENT_TIMESTAMP COMMENT '更新日時',
  `deleted_at` datetime DEFAULT NULL COMMENT '削除日時',
  PRIMARY KEY (`id`),
  KEY `repair_rental_items_repair_request_id_foreign` (`repair_request_id`),
  KEY `repair_rental_items_rental_item_id_foreign` (`rental_item_id`),
  KEY `repair_rental_items_employee_id_foreign` (`employee_id`),
  CONSTRAINT `repair_rental_items_employee_id_foreign` FOREIGN KEY (`employee_id`) REFERENCES `employees` (`id`),
  CONSTRAINT `repair_rental_items_rental_item_id_foreign` FOREIGN KEY (`rental_item_id`) REFERENCES `rental_items` (`id`),
  CONSTRAINT `repair_rental_items_repair_request_id_foreign` FOREIGN KEY (`repair_request_id`) REFERENCES `repair_requests` (`id`)
) ENGINE=InnoDB AUTO_INCREMENT=50 DEFAULT CHARSET=utf8mb4 COLLATE=utf8mb4_unicode_ci;

--
-- Dumping data for table `repair_rental_items`
--

INSERT INTO `repair_rental_items` VALUES (1,19,148,1,NULL,'2014-04-07 02:57:09',NULL,'2019-02-03 15:41:17','2023-09-12 08:53:46','2023-07-02 12:40:52','2023-09-12 08:53:46',NULL),(2,23,53,1,NULL,'1990-06-02 23:22:46','2015-08-15 02:02:15','2022-06-05 14:28:46','2023-09-12 08:44:41','2023-07-02 12:40:52','2023-09-12 08:44:41',NULL),(3,28,101,1,NULL,'1979-06-20 19:49:15','2014-05-15 19:12:51','2008-09-13 18:40:47','2023-09-12 08:46:02','2023-07-02 12:40:52','2023-09-12 08:46:02',NULL),(4,23,3,1,NULL,'2010-07-31 05:33:50',NULL,'2018-02-24 02:24:08','2023-09-12 08:44:41','2023-07-02 12:40:52','2023-09-12 08:44:41',NULL),(5,8,30,1,NULL,'2019-12-14 04:51:35',NULL,'2022-04-04 12:02:40','2023-09-12 08:53:10','2023-07-02 12:40:52','2023-09-12 08:53:10',NULL),(6,19,238,1,NULL,'2023-07-17 00:00:00',NULL,'2008-01-25 22:59:33','2023-09-12 08:53:46','2023-07-02 12:40:52','2023-09-12 08:53:46',NULL),(7,23,157,1,NULL,'2018-01-04 03:31:34','2022-01-08 16:29:45','2019-02-04 23:31:11','2023-09-12 08:44:41','2023-07-02 12:40:52','2023-09-12 08:44:41',NULL),(8,8,63,1,NULL,'1992-07-16 00:56:55','2020-05-27 11:27:17','2012-08-01 20:03:51','2023-09-12 08:53:10','2023-07-02 12:40:52','2023-09-12 08:53:10',NULL),(9,8,98,1,NULL,'2002-07-12 07:06:26',NULL,'2004-11-03 05:38:50','2023-09-12 08:53:10','2023-07-02 12:40:52','2023-09-12 08:53:10',NULL),(10,26,150,1,NULL,'1981-07-18 12:30:46','1989-12-26 10:54:53','2000-07-30 00:48:03','2023-09-12 08:45:18','2023-07-02 12:40:52','2023-09-12 08:45:18',NULL),(11,15,99,1,NULL,'1997-04-21 06:58:40',NULL,'2003-11-17 05:29:27','2023-09-12 08:53:30','2023-07-02 12:40:52','2023-09-12 08:53:30',NULL),(12,30,206,1,NULL,'1977-06-24 22:17:37',NULL,'2016-05-24 03:14:23','2023-09-12 08:45:38','2023-07-02 12:40:52','2023-09-12 08:45:38',NULL),(13,2,97,1,NULL,'1981-10-04 21:54:57',NULL,'2007-04-03 13:12:02','2023-09-12 08:53:00','2023-07-02 12:40:52','2023-09-12 08:53:00',NULL),(14,11,42,1,NULL,'1982-12-31 16:11:35','2023-05-23 10:00:00','1994-06-30 02:02:18','2023-09-12 08:53:19','2023-07-02 12:40:52','2023-09-12 08:53:19',NULL),(15,23,56,1,NULL,'2000-09-14 16:07:30',NULL,'2016-03-16 04:53:07','2023-09-12 08:44:41','2023-07-02 12:40:52','2023-09-12 08:44:41',NULL),(16,19,94,1,NULL,'2019-12-09 00:55:25',NULL,'2023-06-28 23:19:26','2023-09-12 08:53:46','2023-07-02 12:40:52','2023-09-12 08:53:46',NULL),(17,19,84,1,NULL,'2002-01-15 19:02:19',NULL,'2015-10-19 11:46:53','2023-09-12 08:53:46','2023-07-02 12:40:52','2023-09-12 08:53:46',NULL),(18,11,137,1,NULL,'1994-05-13 19:28:23',NULL,'1995-04-30 02:40:13','2023-09-12 08:53:19','2023-07-02 12:40:52','2023-09-12 08:53:19',NULL),(19,8,122,1,NULL,'1981-09-03 12:56:39',NULL,'1998-04-11 05:49:04','2023-09-12 08:53:10','2023-07-02 12:40:52','2023-09-12 08:53:10',NULL),(20,19,117,1,NULL,'2015-12-09 02:48:02','2021-01-05 17:18:36','2020-10-30 18:26:57','2023-09-12 08:53:46','2023-07-02 12:40:52','2023-09-12 08:53:46',NULL),(21,15,168,1,NULL,'1982-04-02 07:19:49',NULL,'2020-04-21 00:30:47','2023-09-12 08:53:30','2023-07-02 12:40:52','2023-09-12 08:53:30',NULL),(22,11,208,1,NULL,'1973-06-01 11:40:06',NULL,'2018-04-11 00:12:19','2023-09-12 08:53:19','2023-07-02 12:40:52','2023-09-12 08:53:19',NULL),(23,30,56,1,NULL,'2011-05-14 16:43:48','2021-05-28 14:18:16','2015-11-25 16:22:27','2023-09-12 08:45:38','2023-07-02 12:40:52','2023-09-12 08:45:38',NULL),(24,26,237,1,NULL,'1997-04-25 20:44:17',NULL,'2000-05-26 16:27:14','2023-09-12 08:45:18','2023-07-02 12:40:52','2023-09-12 08:45:18',NULL),(25,14,180,1,NULL,'2001-01-01 03:20:14',NULL,'2013-11-20 20:29:37','2023-09-12 08:43:36','2023-07-02 12:40:52','2023-09-12 08:43:36',NULL),(26,8,5,1,NULL,'2023-03-03 12:14:51',NULL,'2023-03-05 00:23:07','2023-09-12 08:53:10','2023-07-02 12:40:52','2023-09-12 08:53:10',NULL),(27,8,184,1,NULL,'1984-02-13 16:32:03',NULL,'1986-03-10 22:26:58','2023-09-12 08:53:10','2023-07-02 12:40:52','2023-09-12 08:53:10',NULL),(28,15,232,1,NULL,'1984-03-14 09:45:39',NULL,'1987-11-23 05:55:21','2023-09-12 08:53:30','2023-07-02 12:40:52','2023-09-12 08:53:30',NULL),(29,10,185,1,NULL,'1982-02-16 00:56:12',NULL,'2004-04-30 17:54:52','2023-09-12 08:43:55','2023-07-02 12:40:52','2023-09-12 08:43:55',NULL),(30,30,130,1,NULL,'1992-05-18 13:20:26',NULL,'2013-06-25 23:59:25','2023-09-12 08:45:38','2023-07-02 12:40:52','2023-09-12 08:45:38',NULL),(31,42,NULL,1,'2023-07-24 20:47:18',NULL,'2023-07-24 20:00:00','2023-10-09 00:37:33',NULL,'2023-07-09 00:37:33','2023-07-31 10:31:27',NULL),(33,60,81,NULL,'2023-10-28 15:10:00','2023-10-28 15:00:00','2023-10-31 15:10:00','2023-11-18 12:08:00',NULL,'2023-07-24 20:49:42','2023-10-29 13:07:25',NULL),(34,61,2,1,'2024-04-22 12:04:00','2024-04-22 12:00:00','2024-04-11 20:10:33','2024-07-22 00:00:00',NULL,'2023-08-18 21:10:24','2024-04-11 22:43:44',NULL),(35,62,6,NULL,'2023-08-23 12:08:00',NULL,'2023-08-30 12:08:00',NULL,NULL,'2023-08-18 21:35:02','2023-08-27 09:53:35',NULL),(36,65,92,NULL,'2023-09-19 15:09:00','2023-09-19 15:00:00','2024-06-11 00:06:00','2023-12-19 00:00:00',NULL,'2023-08-24 16:33:54','2024-07-07 14:40:03',NULL),(37,66,315,NULL,'2024-04-17 12:04:00','2024-04-17 12:00:00',NULL,'2024-07-17 00:00:00',NULL,'2023-08-25 15:37:16','2024-04-11 22:43:44',NULL),(38,67,99,NULL,NULL,NULL,NULL,NULL,NULL,'2023-08-29 15:40:24','2023-08-29 15:40:24',NULL),(39,70,35,1,'2024-04-22 12:04:00','2024-04-22 12:00:00',NULL,'2024-07-22 00:00:00',NULL,'2023-09-20 21:33:24','2024-04-11 22:43:44',NULL),(40,71,34,NULL,NULL,NULL,NULL,NULL,NULL,'2023-09-21 10:47:37','2023-09-21 10:47:37',NULL),(42,81,59,NULL,NULL,NULL,NULL,NULL,NULL,'2023-11-10 21:19:58','2023-11-10 21:19:58',NULL),(43,85,60,1,'2024-03-21 21:20:37','2024-03-21 21:20:37',NULL,'2024-06-21 21:20:37',NULL,'2024-03-21 21:15:35','2024-03-21 21:20:37',NULL),(44,87,3,1,'2024-04-11 12:05:34','2024-04-11 12:05:34',NULL,'2024-07-11 12:05:34',NULL,'2024-04-11 12:03:30','2024-04-11 12:05:34',NULL),(45,88,5,1,'2024-04-11 19:53:04','2024-04-11 19:53:04',NULL,'2024-07-11 19:53:04',NULL,'2024-04-11 19:51:10','2024-04-11 19:53:04',NULL),(46,89,2,1,'2024-07-22 12:07:00','2024-07-22 12:00:00',NULL,'2024-10-22 00:00:00',NULL,'2024-04-11 20:49:12','2024-07-07 14:09:28',NULL),(47,90,6,NULL,'2024-07-22 12:07:00','2024-07-22 12:00:00',NULL,'2024-10-22 00:00:00',NULL,'2024-04-11 22:30:05','2024-07-07 14:09:27',NULL),(48,91,8,1,'2024-04-16 13:19:12','2024-04-16 13:19:12',NULL,'2024-07-16 13:19:12',NULL,'2024-04-13 09:17:51','2024-04-16 13:19:12',NULL),(49,92,9,1,'2024-04-13 16:03:25','2024-04-13 16:03:25','2024-04-22 12:00:00','2024-07-13 16:03:25',NULL,'2024-04-13 14:53:32','2024-04-15 19:45:31',NULL);

--
-- Table structure for table `repair_request_accessories`
--

CREATE TABLE `repair_request_accessories` (
  `id` bigint unsigned NOT NULL AUTO_INCREMENT COMMENT 'ID',
  `repair_request_id` bigint unsigned NOT NULL COMMENT '修理依頼ID',
  `sfa_product_id` bigint unsigned NOT NULL COMMENT 'SFA商品ID',
  `created_at` datetime NOT NULL DEFAULT CURRENT_TIMESTAMP COMMENT '作成日時',
  `updated_at` datetime NOT NULL DEFAULT CURRENT_TIMESTAMP COMMENT '更新日時',
  `deleted_at` datetime DEFAULT NULL COMMENT '削除日時',
  PRIMARY KEY (`id`),
  KEY `repair_request_accessories_repair_request_id_foreign` (`repair_request_id`),
  KEY `repair_request_accessories_sfa_product_id_foreign` (`sfa_product_id`),
  CONSTRAINT `repair_request_accessories_repair_request_id_foreign` FOREIGN KEY (`repair_request_id`) REFERENCES `repair_requests` (`id`),
  CONSTRAINT `repair_request_accessories_sfa_product_id_foreign` FOREIGN KEY (`sfa_product_id`) REFERENCES `sfa_products` (`id`)
) ENGINE=InnoDB DEFAULT CHARSET=utf8mb4 COLLATE=utf8mb4_unicode_ci;

--
-- Dumping data for table `repair_request_accessories`
--


--
-- Table structure for table `repair_request_failures`
--

CREATE TABLE `repair_request_failures` (
  `id` int unsigned NOT NULL AUTO_INCREMENT COMMENT 'ID',
  `repair_request_id` bigint unsigned NOT NULL COMMENT '修理依頼ID',
  `failure_id` int unsigned NOT NULL COMMENT '故障症状ID',
  `created_at` datetime NOT NULL DEFAULT CURRENT_TIMESTAMP COMMENT '作成日時',
  `updated_at` datetime NOT NULL DEFAULT CURRENT_TIMESTAMP ON UPDATE CURRENT_TIMESTAMP COMMENT '更新日時',
  `deleted_at` datetime DEFAULT NULL COMMENT '削除日時',
  PRIMARY KEY (`id`),
  KEY `repair_request_failures_repair_request_id_foreign` (`repair_request_id`),
  KEY `repair_request_failures_failure_id_foreign` (`failure_id`),
  CONSTRAINT `repair_request_failures_failure_id_foreign` FOREIGN KEY (`failure_id`) REFERENCES `failures` (`id`),
  CONSTRAINT `repair_request_failures_repair_request_id_foreign` FOREIGN KEY (`repair_request_id`) REFERENCES `repair_requests` (`id`)
) ENGINE=InnoDB AUTO_INCREMENT=98 DEFAULT CHARSET=utf8mb4 COLLATE=utf8mb4_unicode_ci;

--
-- Dumping data for table `repair_request_failures`
--

INSERT INTO `repair_request_failures` VALUES (1,29,355,'2023-07-02 12:40:52','2023-07-02 12:40:52',NULL),(2,12,329,'2023-07-02 12:40:52','2023-07-02 12:40:52',NULL),(3,8,111,'2023-07-02 12:40:52','2023-07-02 12:40:52',NULL),(4,16,208,'2023-07-02 12:40:52','2023-07-02 12:40:52',NULL),(5,20,86,'2023-07-02 12:40:52','2023-07-02 12:40:52',NULL),(6,5,243,'2023-07-02 12:40:52','2023-07-02 12:40:52',NULL),(7,2,219,'2023-07-02 12:40:52','2023-07-02 12:40:52',NULL),(8,14,256,'2023-07-02 12:40:52','2023-07-02 12:40:52',NULL),(9,18,129,'2023-07-02 12:40:52','2023-07-02 12:40:52',NULL),(10,16,205,'2023-07-02 12:40:52','2023-07-02 12:40:52',NULL),(11,22,83,'2023-07-02 12:40:52','2023-07-02 12:40:52',NULL),(12,20,253,'2023-07-02 12:40:52','2023-07-02 12:40:52',NULL),(13,30,270,'2023-07-02 12:40:52','2023-07-02 12:40:52',NULL),(14,22,115,'2023-07-02 12:40:52','2023-07-02 12:40:52',NULL),(15,10,201,'2023-07-02 12:40:52','2023-07-02 12:40:52',NULL),(16,14,213,'2023-07-02 12:40:52','2023-07-02 12:40:52',NULL),(17,1,9,'2023-07-02 12:40:52','2023-07-02 12:40:52',NULL),(18,10,87,'2023-07-02 12:40:52','2023-07-02 12:40:52',NULL),(19,6,350,'2023-07-02 12:40:52','2023-07-02 12:40:52',NULL),(20,4,109,'2023-07-02 12:40:52','2023-07-02 12:40:52',NULL),(21,27,76,'2023-07-02 12:40:52','2023-07-02 12:40:52',NULL),(22,9,210,'2023-07-02 12:40:52','2023-07-02 12:40:52',NULL),(23,2,151,'2023-07-02 12:40:52','2023-07-02 12:40:52',NULL),(24,16,248,'2023-07-02 12:40:52','2023-07-02 12:40:52',NULL),(25,17,119,'2023-07-02 12:40:52','2023-07-02 12:40:52',NULL),(26,15,73,'2023-07-02 12:40:52','2023-07-02 12:40:52',NULL),(27,20,274,'2023-07-02 12:40:52','2023-07-02 12:40:52',NULL),(28,22,275,'2023-07-02 12:40:52','2023-07-02 12:40:52',NULL),(29,26,124,'2023-07-02 12:40:52','2023-07-02 12:40:52',NULL),(30,21,3,'2023-07-02 12:40:52','2023-07-02 12:40:52',NULL),(31,31,73,'2023-07-02 20:15:04','2023-07-02 20:15:04',NULL),(32,32,9999,'2023-07-02 20:17:42','2023-07-02 20:17:42',NULL),(33,33,9999,'2023-07-02 20:31:30','2023-07-02 20:31:30',NULL),(34,34,139,'2023-07-02 20:38:34','2023-07-02 20:38:34',NULL),(35,35,9999,'2023-07-02 20:49:42','2023-07-02 20:49:42',NULL),(36,36,70,'2023-07-04 11:50:22','2023-07-04 11:50:22',NULL),(38,38,97,'2023-07-07 09:37:07','2023-07-07 09:37:07',NULL),(39,39,97,'2023-07-07 16:30:57','2023-07-07 16:30:57',NULL),(40,40,16,'2023-07-07 16:50:23','2023-07-07 16:50:23',NULL),(41,41,98,'2023-07-07 16:50:41','2023-07-07 16:50:41',NULL),(42,42,225,'2023-07-08 00:27:33','2023-07-08 00:27:33',NULL),(43,43,9999,'2023-07-08 00:52:38','2023-07-08 00:52:38',NULL),(44,44,235,'2023-07-08 00:58:16','2023-07-08 00:58:16',NULL),(45,45,97,'2023-07-11 19:59:16','2023-07-11 19:59:16',NULL),(46,46,233,'2023-07-12 07:36:06','2023-07-12 07:36:06',NULL),(47,47,242,'2023-07-13 08:55:59','2023-07-13 08:55:59',NULL),(48,48,3,'2023-07-13 15:57:46','2023-07-13 15:57:46',NULL),(49,49,9,'2023-07-13 16:43:58','2023-07-13 16:43:58',NULL),(50,50,9999,'2023-07-13 18:11:42','2023-07-13 18:11:42',NULL),(51,51,9999,'2023-07-13 23:02:55','2023-07-13 23:02:55',NULL),(52,52,175,'2023-07-14 22:48:14','2023-07-14 22:48:14',NULL),(53,53,64,'2023-07-17 23:30:42','2023-07-17 23:30:42',NULL),(54,54,64,'2023-07-20 07:54:00','2023-07-20 07:54:00',NULL),(55,55,64,'2023-07-20 13:54:26','2023-07-20 13:54:26',NULL),(56,56,90,'2023-07-20 13:55:11','2023-07-20 13:55:11',NULL),(57,57,114,'2023-07-20 18:14:45','2023-07-20 18:14:45',NULL),(58,58,86,'2023-07-20 19:03:02','2023-07-20 19:03:02',NULL),(59,59,9999,'2023-07-21 22:34:04','2023-07-21 22:34:04',NULL),(60,60,225,'2023-07-24 20:49:42','2023-07-24 20:49:42',NULL),(61,61,86,'2023-08-18 21:10:24','2023-08-18 21:10:24',NULL),(62,62,87,'2023-08-18 21:35:02','2023-08-18 21:35:02',NULL),(63,63,9999,'2023-08-18 21:48:07','2023-08-18 21:48:07',NULL),(64,64,383,'2023-08-24 09:29:53','2023-08-24 09:29:53',NULL),(65,65,9999,'2023-08-24 16:33:54','2023-08-24 16:33:54',NULL),(66,66,383,'2023-08-25 15:37:16','2023-08-25 15:37:16',NULL),(67,67,236,'2023-08-29 15:40:24','2023-08-29 15:40:24',NULL),(68,68,122,'2023-09-03 10:28:01','2023-09-03 10:28:01',NULL),(69,69,9999,'2023-09-03 10:34:47','2023-09-03 10:34:47',NULL),(70,70,97,'2023-09-20 21:33:24','2023-09-20 21:33:24',NULL),(71,71,98,'2023-09-21 10:47:37','2023-09-21 10:47:37',NULL),(72,72,176,'2023-09-29 22:20:22','2023-09-29 22:20:22',NULL),(73,73,86,'2023-10-15 21:38:01','2023-10-15 21:38:01',NULL),(74,74,114,'2023-10-21 08:07:55','2023-10-21 08:07:55',NULL),(75,75,86,'2023-10-22 16:42:22','2023-10-22 16:42:22',NULL),(76,76,151,'2023-10-22 17:24:06','2023-10-22 17:24:06',NULL),(77,77,9999,'2023-10-22 17:28:38','2023-10-22 17:28:38',NULL),(78,78,9999,'2023-10-22 19:54:28','2023-10-22 19:54:28',NULL),(79,79,9999,'2023-10-26 08:41:55','2023-10-26 08:41:55',NULL),(80,81,122,'2023-11-10 21:19:58','2023-11-10 21:19:58',NULL),(81,82,19,'2023-11-24 11:48:15','2023-11-24 11:48:15',NULL),(82,83,8,'2023-12-20 14:01:59','2023-12-20 14:01:59',NULL),(83,84,11,'2023-12-20 14:04:18','2023-12-20 14:04:18',NULL),(84,85,122,'2024-03-21 21:15:35','2024-03-21 21:15:35',NULL),(85,86,97,'2024-04-10 00:14:12','2024-04-10 00:14:12',NULL),(86,87,86,'2024-04-11 12:03:30','2024-04-11 12:03:30',NULL),(87,88,86,'2024-04-11 19:51:10','2024-04-11 19:51:10',NULL),(88,89,86,'2024-04-11 20:49:12','2024-04-11 20:49:12',NULL),(89,90,86,'2024-04-11 22:30:05','2024-04-11 22:30:05',NULL),(90,91,86,'2024-04-13 09:17:51','2024-04-13 09:17:51',NULL),(91,92,86,'2024-04-13 14:53:32','2024-04-13 14:53:32',NULL),(92,93,97,'2024-05-10 11:37:27','2024-05-10 11:37:27',NULL),(93,94,97,'2024-05-10 12:10:01','2024-05-10 12:10:01',NULL),(94,95,86,'2024-05-10 12:42:12','2024-05-10 12:42:12',NULL),(95,96,98,'2024-06-02 13:27:00','2024-06-02 13:27:00',NULL),(96,97,97,'2024-06-03 09:19:55','2024-06-03 09:19:55',NULL),(97,98,130,'2024-06-12 14:15:12','2024-06-12 14:15:12',NULL);

--
-- Table structure for table `repair_request_files`
--

CREATE TABLE `repair_request_files` (
  `id` int unsigned NOT NULL AUTO_INCREMENT COMMENT 'ID',
  `repair_request_id` bigint unsigned NOT NULL COMMENT '修理依頼ID',
  `file_id` bigint unsigned DEFAULT NULL COMMENT 'ファイルID',
  `created_at` datetime NOT NULL DEFAULT CURRENT_TIMESTAMP COMMENT '作成日時',
  `updated_at` datetime NOT NULL DEFAULT CURRENT_TIMESTAMP ON UPDATE CURRENT_TIMESTAMP COMMENT '更新日時',
  `deleted_at` datetime DEFAULT NULL COMMENT '削除日時',
  PRIMARY KEY (`id`),
  KEY `repair_request_files_repair_request_id_foreign` (`repair_request_id`),
  KEY `repair_request_files_file_id_foreign` (`file_id`),
  CONSTRAINT `repair_request_files_file_id_foreign` FOREIGN KEY (`file_id`) REFERENCES `files` (`id`),
  CONSTRAINT `repair_request_files_repair_request_id_foreign` FOREIGN KEY (`repair_request_id`) REFERENCES `repair_requests` (`id`)
) ENGINE=InnoDB AUTO_INCREMENT=4 DEFAULT CHARSET=utf8mb4 COLLATE=utf8mb4_unicode_ci;

--
-- Dumping data for table `repair_request_files`
--

INSERT INTO `repair_request_files` VALUES (1,45,76,'2023-07-11 19:59:16','2023-07-11 19:59:16',NULL),(2,45,77,'2023-07-11 19:59:16','2023-07-11 19:59:16',NULL),(3,46,78,'2023-07-12 07:36:06','2023-07-12 07:36:06',NULL);

--
-- Table structure for table `repair_request_logs`
--

CREATE TABLE `repair_request_logs` (
  `id` bigint unsigned NOT NULL AUTO_INCREMENT COMMENT 'ID',
  `repair_request_id` bigint unsigned NOT NULL COMMENT '修理依頼ID',
  `update_user_id` int NOT NULL COMMENT '更新者',
  `is_admin` tinyint NOT NULL DEFAULT '1' COMMENT '更新者種別',
  `user_id` int unsigned NOT NULL COMMENT '依頼者ID',
  `repair_request_num` varchar(255) CHARACTER SET utf8mb4 COLLATE utf8mb4_unicode_ci NOT NULL COMMENT '修理依頼番号',
  `own_osada_equipment_id` int unsigned DEFAULT NULL COMMENT '自社保有機器ID',
  `failure_remarks` varchar(255) CHARACTER SET utf8mb4 COLLATE utf8mb4_unicode_ci DEFAULT NULL COMMENT 'その他症状',
  `rental_request_flag` tinyint(1) NOT NULL DEFAULT '0' COMMENT '貸用品の有無',
  `dropoff_type` int DEFAULT NULL COMMENT '修理品の預けタイミング',
  `pickup_at` datetime DEFAULT NULL COMMENT '回収日時',
  `pickup_worked_at` datetime DEFAULT NULL COMMENT '回収作業日時',
  `returned_at` datetime DEFAULT NULL COMMENT '返却日時',
  `is_on_site_repair` tinyint NOT NULL DEFAULT '0' COMMENT '現場修理フラグ',
  `approval_limit` int NOT NULL DEFAULT '0' COMMENT '決済承認上限',
  `repair_completed_at` datetime DEFAULT NULL COMMENT '修理完了日',
  `repair_completed_by` int DEFAULT NULL COMMENT '修理完了更新者ID',
  `delivery_method_id` int unsigned NOT NULL COMMENT '配送手続き方法',
  `payment_method_type` int unsigned NOT NULL DEFAULT '0' COMMENT '決済方法タイプ',
  `payment_method_id` smallint unsigned NOT NULL DEFAULT '1' COMMENT '決済方法ID',
  `sfa_agency_id` bigint unsigned DEFAULT NULL COMMENT '選択代行店ID',
  `payment_at` datetime DEFAULT NULL COMMENT '支払日',
  `payment_id` varchar(255) CHARACTER SET utf8mb4 COLLATE utf8mb4_unicode_ci DEFAULT NULL COMMENT '支払い決済ID',
  `payment_deadline_at` datetime DEFAULT NULL COMMENT '支払い期限',
  `current_status` varchar(255) CHARACTER SET utf8mb4 COLLATE utf8mb4_unicode_ci NOT NULL COMMENT '修理依頼状況',
  `canceled_at` datetime DEFAULT NULL COMMENT 'キャンセル日',
  `return_requested` tinyint(1) NOT NULL DEFAULT '0' COMMENT '交換部品返却希望有無',
  `repair_part_file_id` bigint unsigned DEFAULT NULL COMMENT '修理箇所ファイルID',
  `repair_item_location` varchar(255) CHARACTER SET utf8mb4 COLLATE utf8mb4_unicode_ci DEFAULT NULL COMMENT '修理品所在',
  `created_at` datetime NOT NULL DEFAULT CURRENT_TIMESTAMP COMMENT '作成日時',
  `updated_at` datetime NOT NULL DEFAULT CURRENT_TIMESTAMP ON UPDATE CURRENT_TIMESTAMP COMMENT '更新日時',
  `deleted_at` datetime DEFAULT NULL COMMENT '削除日時',
  PRIMARY KEY (`id`),
  KEY `repair_request_logs_repair_request_id_foreign` (`repair_request_id`),
  KEY `repair_request_logs_user_id_foreign` (`user_id`),
  KEY `repair_request_logs_delivery_method_id_foreign` (`delivery_method_id`),
  KEY `repair_request_logs_repair_part_file_id_foreign` (`repair_part_file_id`),
  KEY `repair_request_logs_repair_completed_by_foreign` (`repair_completed_by`),
  KEY `repair_request_logs_payment_method_id_foreign` (`payment_method_id`),
  KEY `repair_request_logs_sfa_agency_id_foreign` (`sfa_agency_id`),
  CONSTRAINT `repair_request_logs_delivery_method_id_foreign` FOREIGN KEY (`delivery_method_id`) REFERENCES `delivery_methods` (`id`),
  CONSTRAINT `repair_request_logs_payment_method_id_foreign` FOREIGN KEY (`payment_method_id`) REFERENCES `payment_methods` (`id`),
  CONSTRAINT `repair_request_logs_repair_completed_by_foreign` FOREIGN KEY (`repair_completed_by`) REFERENCES `employees` (`id`),
  CONSTRAINT `repair_request_logs_repair_part_file_id_foreign` FOREIGN KEY (`repair_part_file_id`) REFERENCES `files` (`id`),
  CONSTRAINT `repair_request_logs_repair_request_id_foreign` FOREIGN KEY (`repair_request_id`) REFERENCES `repair_requests` (`id`),
  CONSTRAINT `repair_request_logs_sfa_agency_id_foreign` FOREIGN KEY (`sfa_agency_id`) REFERENCES `sfa_agencies` (`id`),
  CONSTRAINT `repair_request_logs_user_id_foreign` FOREIGN KEY (`user_id`) REFERENCES `clinic_staffs` (`id`)
) ENGINE=InnoDB AUTO_INCREMENT=300 DEFAULT CHARSET=utf8mb4 COLLATE=utf8mb4_unicode_ci;

--
-- Dumping data for table `repair_request_logs`
--


--
-- Table structure for table `repair_request_on_site_switch_memos`
--

CREATE TABLE `repair_request_on_site_switch_memos` (
  `id` bigint unsigned NOT NULL AUTO_INCREMENT COMMENT 'ID',
  `repair_request_id` bigint unsigned NOT NULL COMMENT '修理依頼ID',
  `employee_id` int NOT NULL COMMENT '社員ID',
  `current_status` varchar(255) CHARACTER SET utf8mb4 COLLATE utf8mb4_unicode_ci NOT NULL COMMENT '修理依頼状況',
  `memo` text CHARACTER SET utf8mb4 COLLATE utf8mb4_unicode_ci NOT NULL COMMENT '社内メモ',
  `created_at` datetime NOT NULL DEFAULT CURRENT_TIMESTAMP COMMENT '作成日時',
  `updated_at` datetime NOT NULL DEFAULT CURRENT_TIMESTAMP COMMENT '更新日時',
  `deleted_at` datetime DEFAULT NULL COMMENT '削除日時',
  PRIMARY KEY (`id`),
  KEY `repair_request_on_site_switch_memos_repair_request_id_foreign` (`repair_request_id`),
  KEY `repair_request_on_site_switch_memos_employee_id_foreign` (`employee_id`),
  CONSTRAINT `repair_request_on_site_switch_memos_employee_id_foreign` FOREIGN KEY (`employee_id`) REFERENCES `employees` (`id`),
  CONSTRAINT `repair_request_on_site_switch_memos_repair_request_id_foreign` FOREIGN KEY (`repair_request_id`) REFERENCES `repair_requests` (`id`)
) ENGINE=InnoDB AUTO_INCREMENT=3 DEFAULT CHARSET=utf8mb4 COLLATE=utf8mb4_unicode_ci;

--
-- Dumping data for table `repair_request_on_site_switch_memos`
--

INSERT INTO `repair_request_on_site_switch_memos` VALUES (1,96,1,'in-storage','テストです。','2024-06-02 13:36:05','2024-06-02 13:36:05',NULL),(2,97,1,'in-storage','申し送り事項','2024-06-03 15:39:54','2024-06-03 15:39:54',NULL);

--
-- Table structure for table `repair_requests`
--

CREATE TABLE `repair_requests` (
  `id` bigint unsigned NOT NULL AUTO_INCREMENT COMMENT 'ID',
  `user_id` int unsigned NOT NULL COMMENT '依頼者ID',
  `repair_request_num` varchar(255) CHARACTER SET utf8mb4 COLLATE utf8mb4_unicode_ci NOT NULL COMMENT '修理依頼番号',
  `own_osada_equipment_id` int unsigned DEFAULT NULL COMMENT '自社保有機器ID',
  `failure_remarks` varchar(255) CHARACTER SET utf8mb4 COLLATE utf8mb4_unicode_ci DEFAULT NULL COMMENT 'その他症状',
  `rental_request_flag` tinyint(1) NOT NULL DEFAULT '0' COMMENT '貸用品の有無',
  `dropoff_type` int DEFAULT NULL COMMENT '修理品の預けタイミング',
  `kayoibako_shipped_at` datetime DEFAULT NULL COMMENT '通い箱出荷日',
  `kayoibako_pickup_at` datetime DEFAULT NULL COMMENT '通い箱回収日',
  `pickup_at` datetime DEFAULT NULL COMMENT '回収日時',
  `pickup_worked_at` datetime DEFAULT NULL COMMENT '回収作業日時',
  `returned_at` datetime DEFAULT NULL COMMENT '返却日時',
  `is_on_site_repair` tinyint NOT NULL DEFAULT '0' COMMENT '現場修理フラグ',
  `approval_limit` int NOT NULL DEFAULT '0' COMMENT '決済承認上限',
  `is_skipped_progress` tinyint DEFAULT '0' COMMENT '進捗スキップフラグ',
  `is_change_permitted_before_repair_completed_at` tinyint(1) NOT NULL DEFAULT '0' COMMENT '基準納期前変更可否',
  `repair_completed_at` datetime DEFAULT NULL COMMENT '修理完了日',
  `repair_completed_by` int DEFAULT NULL COMMENT '修理完了更新者ID',
  `delivery_method_id` int unsigned NOT NULL COMMENT '配送手続き方法',
  `payment_method_type` int unsigned NOT NULL DEFAULT '0' COMMENT '決済方法タイプ',
  `payment_method_id` smallint unsigned NOT NULL DEFAULT '1' COMMENT '決済方法ID',
  `sfa_agency_id` bigint unsigned DEFAULT NULL COMMENT '選択代行店ID',
  `payment_at` datetime DEFAULT NULL COMMENT '支払日',
  `payment_id` varchar(255) CHARACTER SET utf8mb4 COLLATE utf8mb4_unicode_ci DEFAULT NULL COMMENT '支払い決済ID',
  `payment_deadline_at` datetime DEFAULT NULL COMMENT '支払い期限',
  `current_status` varchar(255) CHARACTER SET utf8mb4 COLLATE utf8mb4_unicode_ci NOT NULL COMMENT '修理依頼状況',
  `canceled_at` datetime DEFAULT NULL COMMENT 'キャンセル日',
  `return_requested` tinyint(1) NOT NULL DEFAULT '0' COMMENT '交換部品返却希望有無',
  `repair_part_file_id` bigint unsigned DEFAULT NULL COMMENT '修理箇所ファイルID',
  `repair_item_location` varchar(255) CHARACTER SET utf8mb4 COLLATE utf8mb4_unicode_ci DEFAULT NULL COMMENT '修理品所在',
  `created_at` datetime NOT NULL DEFAULT CURRENT_TIMESTAMP COMMENT '作成日時',
  `updated_at` datetime NOT NULL DEFAULT CURRENT_TIMESTAMP ON UPDATE CURRENT_TIMESTAMP COMMENT '更新日時',
  `deleted_at` datetime DEFAULT NULL COMMENT '削除日時',
  PRIMARY KEY (`id`),
  KEY `repair_requests_user_id_foreign` (`user_id`),
  KEY `repair_requests_delivery_method_id_foreign` (`delivery_method_id`),
  KEY `repair_requests_repair_part_file_id_foreign` (`repair_part_file_id`),
  KEY `repair_requests_repair_completed_by_foreign` (`repair_completed_by`),
  KEY `repair_requests_payment_method_id_foreign` (`payment_method_id`),
  KEY `repair_requests_sfa_agency_id_foreign` (`sfa_agency_id`),
  CONSTRAINT `repair_requests_delivery_method_id_foreign` FOREIGN KEY (`delivery_method_id`) REFERENCES `delivery_methods` (`id`),
  CONSTRAINT `repair_requests_payment_method_id_foreign` FOREIGN KEY (`payment_method_id`) REFERENCES `payment_methods` (`id`),
  CONSTRAINT `repair_requests_repair_completed_by_foreign` FOREIGN KEY (`repair_completed_by`) REFERENCES `employees` (`id`),
  CONSTRAINT `repair_requests_repair_part_file_id_foreign` FOREIGN KEY (`repair_part_file_id`) REFERENCES `files` (`id`),
  CONSTRAINT `repair_requests_sfa_agency_id_foreign` FOREIGN KEY (`sfa_agency_id`) REFERENCES `sfa_agencies` (`id`),
  CONSTRAINT `repair_requests_user_id_foreign` FOREIGN KEY (`user_id`) REFERENCES `clinic_staffs` (`id`)
) ENGINE=InnoDB AUTO_INCREMENT=99 DEFAULT CHARSET=utf8mb4 COLLATE=utf8mb4_unicode_ci;

--
-- Dumping data for table `repair_requests`
--

INSERT INTO `repair_requests` VALUES (1,12,'O-686974619',4,NULL,0,4,NULL,NULL,NULL,NULL,NULL,1,0,0,0,'2023-09-12 08:42:03',1,1,0,1,NULL,NULL,NULL,NULL,'closed',NULL,0,10,NULL,'2023-07-02 12:40:52','2023-09-12 08:42:03',NULL),(2,24,'T-188336994',15,'Vel id qui dicta et.',1,4,NULL,NULL,'2023-06-04 00:00:15',NULL,NULL,1,0,0,0,'2023-09-12 08:53:00',1,2,0,1,NULL,NULL,NULL,NULL,'closed',NULL,1,7,NULL,'2023-07-02 12:40:52','2023-09-12 08:53:00',NULL),(3,2,'I-282675487',15,'Ab qui iusto placeat ipsa.',0,3,NULL,NULL,NULL,NULL,NULL,1,0,0,0,'2023-09-12 08:42:19',1,1,0,1,NULL,NULL,NULL,NULL,'closed',NULL,1,30,NULL,'2023-07-02 12:40:52','2023-09-12 08:42:19',NULL),(4,8,'K-308208639',6,NULL,0,4,NULL,NULL,'2022-11-11 14:18:08',NULL,NULL,1,0,0,0,'2023-09-12 08:42:38',1,1,0,1,NULL,NULL,NULL,NULL,'closed',NULL,1,16,NULL,'2023-07-02 12:40:52','2023-09-12 08:42:38',NULL),(5,22,'Y-720909299',9,'Sapiente quia et odit quo.',0,2,NULL,NULL,NULL,NULL,NULL,1,0,0,0,'2023-09-12 08:42:52',1,1,0,1,NULL,NULL,NULL,NULL,'closed',NULL,1,20,NULL,'2023-07-02 12:40:52','2023-09-12 08:42:52',NULL),(6,11,'T-519920154',4,'Inventore qui ullam ipsam.',0,2,NULL,NULL,NULL,NULL,NULL,1,0,0,0,'2023-09-12 08:43:03',1,1,0,1,NULL,NULL,NULL,NULL,'closed',NULL,1,30,NULL,'2023-07-02 12:40:52','2023-09-12 08:43:03',NULL),(7,6,'J-163715833',9,NULL,0,1,NULL,NULL,NULL,NULL,NULL,1,0,0,0,'2023-09-12 08:43:13',1,1,0,1,NULL,NULL,NULL,NULL,'closed',NULL,0,41,NULL,'2023-07-02 12:40:52','2023-09-12 08:43:13',NULL),(8,8,'B-088631951',6,'Possimus et velit nihil.',1,2,NULL,NULL,NULL,NULL,NULL,1,0,0,0,'2023-09-12 08:53:10',1,1,0,1,NULL,NULL,NULL,NULL,'closed',NULL,0,6,NULL,'2023-07-02 12:40:52','2023-09-12 08:53:10',NULL),(9,13,'Q-345279750',12,NULL,1,2,NULL,NULL,NULL,NULL,NULL,1,0,0,0,'2023-09-12 08:52:53',1,2,0,1,NULL,NULL,NULL,NULL,'closed',NULL,0,23,NULL,'2023-07-02 12:40:52','2023-09-12 08:52:53',NULL),(10,12,'D-177472154',4,'Sit quibusdam dolorum in et.',1,2,NULL,NULL,NULL,NULL,NULL,1,0,0,0,'2023-09-12 08:43:55',1,1,0,1,NULL,NULL,NULL,NULL,'closed',NULL,1,17,NULL,'2023-07-02 12:40:52','2023-09-12 08:43:55',NULL),(11,13,'Y-697130055',12,NULL,1,2,NULL,NULL,NULL,NULL,NULL,1,0,0,0,'2023-09-12 08:53:19',1,1,0,1,NULL,NULL,NULL,NULL,'closed',NULL,1,45,NULL,'2023-07-02 12:40:52','2023-09-12 08:53:19',NULL),(12,12,'G-324937718',4,NULL,0,2,NULL,NULL,NULL,NULL,NULL,1,0,0,0,'2023-09-12 08:46:32',1,2,0,1,NULL,NULL,NULL,NULL,'closed',NULL,0,45,NULL,'2023-07-02 12:40:52','2023-09-12 08:46:32',NULL),(13,7,'C-899611468',4,NULL,0,2,NULL,NULL,NULL,NULL,NULL,1,0,0,0,'2023-09-12 08:43:45',1,2,0,1,NULL,NULL,NULL,NULL,'closed',NULL,1,5,NULL,'2023-07-02 12:40:52','2023-09-12 08:43:45',NULL),(14,1,'B-253330982',18,NULL,1,4,NULL,NULL,'2022-08-18 18:01:37',NULL,NULL,1,0,0,0,'2023-09-12 08:43:36',1,2,0,1,NULL,NULL,NULL,NULL,'closed',NULL,0,48,NULL,'2023-07-02 12:40:52','2023-09-12 08:43:36',NULL),(15,8,'D-127432502',6,NULL,1,3,NULL,NULL,NULL,NULL,NULL,1,0,0,0,'2023-09-12 08:53:30',1,2,0,1,NULL,NULL,NULL,NULL,'closed',NULL,0,1,NULL,'2023-07-02 12:40:52','2023-09-12 08:53:30',NULL),(16,20,'Q-408106291',9,'Rerum nobis quia officia.',0,4,NULL,NULL,'2023-06-04 04:23:30',NULL,NULL,1,0,0,0,'2023-09-12 08:53:35',1,1,0,1,NULL,NULL,NULL,NULL,'closed',NULL,1,27,NULL,'2023-07-02 12:40:52','2023-09-12 08:53:35',NULL),(17,24,'I-591824000',15,NULL,0,1,NULL,NULL,NULL,NULL,NULL,1,0,0,0,'2023-09-12 08:44:12',1,1,0,1,NULL,NULL,NULL,NULL,'closed',NULL,0,33,NULL,'2023-07-02 12:40:52','2023-09-12 08:44:12',NULL),(18,13,'U-066883932',12,'Qui in aut molestias.',0,2,NULL,NULL,NULL,NULL,NULL,1,0,0,0,'2023-09-12 08:53:52',1,1,0,1,NULL,NULL,NULL,NULL,'closed',NULL,1,9,NULL,'2023-07-02 12:40:52','2023-09-12 08:53:52',NULL),(19,20,'B-858245012',9,NULL,1,4,NULL,NULL,'2023-01-13 13:21:19',NULL,NULL,1,0,0,0,'2023-09-12 08:53:46',1,2,0,1,NULL,NULL,NULL,NULL,'closed',NULL,1,27,NULL,'2023-07-02 12:40:52','2023-09-12 08:53:46',NULL),(20,24,'S-241142430',15,NULL,0,2,NULL,NULL,NULL,NULL,NULL,1,0,0,0,'2023-09-12 08:44:25',1,2,0,1,NULL,NULL,NULL,NULL,'closed',NULL,0,50,NULL,'2023-07-02 12:40:52','2023-09-12 08:44:25',NULL),(21,22,'M-015990683',9,'Et voluptas explicabo sed.',0,1,NULL,NULL,NULL,NULL,NULL,1,0,0,0,'2023-09-12 08:46:41',1,1,0,1,NULL,NULL,NULL,NULL,'closed',NULL,0,33,NULL,'2023-07-02 12:40:52','2023-09-12 08:46:41',NULL),(22,20,'M-498327556',9,NULL,0,1,NULL,NULL,NULL,NULL,NULL,1,0,0,0,'2023-09-12 08:44:53',1,1,0,1,NULL,NULL,NULL,NULL,'closed',NULL,1,18,NULL,'2023-07-02 12:40:52','2023-09-12 08:44:53',NULL),(23,22,'W-846242830',9,NULL,1,4,NULL,NULL,NULL,NULL,NULL,1,0,0,0,'2023-09-12 08:44:41',1,2,0,1,NULL,NULL,NULL,NULL,'closed',NULL,1,17,NULL,'2023-07-02 12:40:52','2023-09-12 08:44:41',NULL),(24,3,'Y-675068831',6,NULL,0,1,NULL,NULL,NULL,NULL,NULL,1,0,0,0,'2023-09-12 08:45:49',1,1,0,1,NULL,NULL,NULL,NULL,'closed',NULL,1,53,NULL,'2023-07-02 12:40:52','2023-09-12 08:45:49',NULL),(25,7,'N-934491147',4,'Est earum et et cumque.',0,2,NULL,NULL,NULL,NULL,NULL,1,0,0,0,'2023-09-12 08:46:24',1,1,0,1,NULL,NULL,NULL,NULL,'closed',NULL,0,29,NULL,'2023-07-02 12:40:52','2023-09-12 08:46:24',NULL),(26,22,'W-042435742',9,'Atque ut culpa et fugiat.',1,2,NULL,NULL,NULL,NULL,NULL,1,0,0,0,'2023-09-12 08:45:18',1,2,0,1,NULL,NULL,NULL,NULL,'closed',NULL,0,5,NULL,'2023-07-02 12:40:52','2023-09-12 08:45:18',NULL),(27,27,'I-340873742',19,NULL,0,1,NULL,NULL,NULL,NULL,NULL,1,0,0,0,'2023-09-12 08:45:29',1,2,0,1,NULL,NULL,NULL,NULL,'closed',NULL,0,2,NULL,'2023-07-02 12:40:52','2023-09-12 08:45:29',NULL),(28,8,'Y-084511860',6,NULL,1,4,NULL,NULL,'2023-03-21 06:18:06',NULL,NULL,1,0,0,0,'2023-09-12 08:46:02',1,2,0,1,NULL,NULL,NULL,NULL,'closed',NULL,1,12,NULL,'2023-07-02 12:40:52','2023-09-12 08:46:02',NULL),(29,24,'T-244254673',15,'Vero illum nisi distinctio.',0,4,NULL,NULL,'2023-05-19 23:36:48',NULL,NULL,1,0,0,0,'2023-09-12 08:53:59',1,2,0,1,NULL,NULL,NULL,NULL,'closed',NULL,1,53,NULL,'2023-07-02 12:40:52','2023-09-12 08:53:59',NULL),(30,24,'Z-349312516',15,'Est et dolorum aut nesciunt.',1,2,NULL,NULL,NULL,NULL,NULL,1,0,0,0,'2023-09-12 08:45:38',1,1,0,1,NULL,NULL,NULL,NULL,'closed',NULL,0,42,NULL,'2023-07-02 12:40:52','2023-09-12 08:45:38',NULL),(31,1,'26-2307020820',22,NULL,0,NULL,NULL,NULL,NULL,NULL,NULL,0,0,0,0,NULL,NULL,1,0,1,NULL,NULL,NULL,NULL,'canceled','2023-07-06 13:27:46',0,NULL,NULL,'2023-07-02 20:15:04','2023-07-06 13:27:46',NULL),(32,1,'26-2307020820',23,NULL,0,NULL,NULL,NULL,NULL,NULL,NULL,0,0,0,0,NULL,NULL,1,0,1,NULL,NULL,NULL,'2023-11-02 00:00:00','in-storage',NULL,0,NULL,NULL,'2023-07-02 20:17:42','2023-10-19 08:43:42',NULL),(33,1,'26-2307020820',24,NULL,0,NULL,NULL,NULL,NULL,NULL,NULL,0,0,0,0,NULL,NULL,1,0,1,NULL,NULL,NULL,NULL,'open',NULL,0,NULL,NULL,'2023-07-02 20:31:30','2023-07-02 20:31:30',NULL),(34,1,'26-2307020820',25,NULL,0,NULL,NULL,NULL,NULL,'2023-07-09 14:20:15',NULL,1,0,0,0,'2023-10-29 16:35:59',1,1,0,1,NULL,NULL,NULL,NULL,'closed',NULL,0,NULL,NULL,'2023-07-02 20:38:34','2023-10-29 16:35:59',NULL),(35,1,'26-2307020820',26,NULL,0,NULL,NULL,NULL,NULL,'2023-07-09 14:20:15',NULL,0,0,1,0,'2023-10-20 08:58:42',1,1,0,1,NULL,NULL,'32','2023-07-20 00:00:00','closed',NULL,0,NULL,NULL,'2023-07-02 20:49:42','2023-10-20 08:58:42',NULL),(36,31,'31-2307041111',27,NULL,0,NULL,NULL,NULL,NULL,'2023-07-09 22:10:33','2023-07-21 18:07:36',0,0,0,0,NULL,NULL,1,0,1,NULL,'2023-07-07 08:13:37','35','2023-07-20 00:00:00','return',NULL,0,NULL,NULL,'2023-07-04 11:50:22','2024-07-07 14:12:34',NULL),(38,31,'31-2307070909',29,'',0,NULL,NULL,NULL,NULL,'2023-07-12 21:01:27',NULL,0,0,0,0,'2023-10-28 16:54:51',1,1,0,1,NULL,'2023-07-13 08:07:25','39','2023-07-26 00:00:00','return',NULL,0,NULL,NULL,'2023-07-07 09:37:07','2023-10-28 17:00:11',NULL),(39,31,'31-2307070416',30,'',1,NULL,NULL,NULL,NULL,'2023-07-12 19:19:59',NULL,0,0,0,0,NULL,NULL,1,0,1,NULL,'2023-07-13 00:12:15','37','2023-07-26 00:00:00','in-progress',NULL,0,NULL,NULL,'2023-07-07 16:30:57','2023-07-13 00:12:15',NULL),(40,31,'31-2307070416',31,'',0,NULL,NULL,NULL,NULL,NULL,NULL,0,0,0,0,NULL,NULL,1,0,1,NULL,'2023-07-11 12:38:52','36','2023-07-25 00:00:00','canceled','2023-07-11 12:38:52',0,NULL,NULL,'2023-07-07 16:50:23','2023-07-11 12:38:52',NULL),(41,31,'31-2307070416',32,'',1,NULL,NULL,NULL,NULL,NULL,NULL,0,0,0,0,NULL,NULL,1,0,1,NULL,NULL,NULL,'2023-07-25 00:00:00','canceled','2023-07-11 12:29:12',0,NULL,NULL,'2023-07-07 16:50:41','2023-07-11 12:29:12',NULL),(42,1,'8-26-20230708002733',33,'',1,NULL,NULL,NULL,NULL,'2023-07-21 18:25:35',NULL,0,0,0,0,NULL,NULL,1,0,1,NULL,NULL,NULL,'2023-07-24 00:00:00','estimated',NULL,0,NULL,NULL,'2023-07-08 00:27:33','2023-09-23 10:47:40',NULL),(43,34,'9-34-20230708005238',34,'',0,NULL,NULL,NULL,NULL,NULL,NULL,0,0,0,0,NULL,NULL,1,0,1,NULL,NULL,'50','2023-08-04 00:00:00','in-storage',NULL,0,NULL,NULL,'2023-07-08 00:52:38','2023-07-21 22:55:06',NULL),(44,34,'2-34-20230708005816',35,'',0,NULL,NULL,NULL,NULL,NULL,NULL,0,0,0,0,NULL,NULL,1,0,1,NULL,NULL,NULL,NULL,'open',NULL,0,NULL,NULL,'2023-07-08 00:58:16','2023-07-08 00:58:16',NULL),(45,31,'1-31-20230711195916',36,'',0,NULL,NULL,NULL,NULL,'2023-07-12 23:33:23','2023-08-02 14:08:36',0,0,0,0,NULL,NULL,1,0,1,NULL,'2023-07-13 00:18:13','38','2023-07-27 00:00:00','return',NULL,0,NULL,NULL,'2023-07-11 19:59:16','2024-07-07 14:39:58',NULL),(46,31,'1-31-20230712073606',37,'',0,NULL,NULL,NULL,NULL,NULL,NULL,0,0,0,0,NULL,NULL,1,0,1,NULL,'2023-07-13 08:09:54','40','2023-07-27 00:00:00','in-progress',NULL,0,NULL,NULL,'2023-07-12 07:36:06','2023-07-13 08:09:54',NULL),(47,31,'1-31-20230713085559',38,'',0,NULL,NULL,NULL,NULL,'2023-07-13 11:02:59',NULL,0,0,0,0,NULL,NULL,1,0,1,NULL,'2023-07-13 15:30:12','43','2023-07-27 00:00:00','in-progress',NULL,0,NULL,NULL,'2023-07-13 08:55:59','2023-07-13 15:30:12',NULL),(48,31,'1-31-20230713155746',39,NULL,0,NULL,NULL,NULL,NULL,NULL,NULL,0,0,0,0,NULL,NULL,1,0,1,NULL,'2023-07-13 16:42:53','44','2023-07-27 00:00:00','in-progress',NULL,0,NULL,NULL,'2023-07-13 15:57:46','2023-07-13 16:42:53',NULL),(49,31,'1-31-20230713164358',40,'',0,NULL,NULL,NULL,NULL,NULL,NULL,0,0,0,0,NULL,NULL,1,0,1,NULL,'2023-07-13 16:44:54','45','2023-07-27 00:00:00','in-progress',NULL,0,NULL,NULL,'2023-07-13 16:43:58','2023-07-13 16:44:54',NULL),(50,31,'1-31-20230713181142',41,'',0,NULL,NULL,NULL,NULL,NULL,NULL,0,0,0,0,NULL,NULL,1,0,1,NULL,'2023-07-13 18:14:30','46','2023-07-27 00:00:00','in-progress',NULL,0,NULL,NULL,'2023-07-13 18:11:42','2023-07-13 18:14:30',NULL),(51,31,'1-31-20230713230255',42,'',0,NULL,NULL,NULL,NULL,NULL,NULL,0,0,0,0,NULL,NULL,1,0,1,NULL,'2023-07-13 23:04:53','47','2023-07-27 00:00:00','in-progress',NULL,0,NULL,NULL,'2023-07-13 23:02:55','2023-07-13 23:04:53',NULL),(52,31,'1-31-20230714224814',43,NULL,0,NULL,NULL,NULL,NULL,NULL,NULL,0,0,0,0,NULL,NULL,1,0,1,NULL,'2023-07-14 22:50:10','48','2023-07-28 00:00:00','canceled','2023-07-14 22:50:10',0,NULL,NULL,'2023-07-14 22:48:14','2023-07-14 22:50:10',NULL),(53,31,'1-31-20230717233042',44,NULL,0,NULL,NULL,NULL,NULL,NULL,NULL,0,0,0,0,NULL,NULL,1,0,1,NULL,NULL,NULL,NULL,'canceled','2023-07-17 23:31:34',0,NULL,NULL,'2023-07-17 23:30:42','2023-07-17 23:31:34',NULL),(54,31,'1-31-20230720075400',45,NULL,0,NULL,NULL,NULL,NULL,'2023-07-21 18:25:35',NULL,0,0,0,0,'2023-11-13 00:00:00',1,1,0,1,NULL,'2023-10-29 15:50:22','59','2023-08-03 00:00:00','return',NULL,0,NULL,NULL,'2023-07-20 07:54:00','2023-12-03 12:03:07',NULL),(55,31,'1-31-20230720135425',46,NULL,0,NULL,NULL,NULL,NULL,NULL,NULL,0,0,0,0,NULL,NULL,1,0,1,NULL,NULL,NULL,NULL,'canceled','2023-07-20 13:54:44',0,NULL,NULL,'2023-07-20 13:54:26','2023-07-20 13:54:44',NULL),(56,31,'1-31-20230720135511',47,NULL,0,NULL,NULL,NULL,NULL,'2023-07-20 13:56:28','2023-08-02 14:08:36',0,0,0,0,NULL,NULL,1,0,1,NULL,NULL,NULL,NULL,'return','2023-07-20 13:55:52',0,NULL,NULL,'2023-07-20 13:55:11','2024-07-07 14:39:58',NULL),(57,31,'1-31-20230720181445',48,NULL,0,NULL,NULL,NULL,NULL,NULL,NULL,0,0,0,0,NULL,NULL,1,0,1,NULL,'2023-08-27 09:16:57','54','2023-08-05 00:00:00','in-progress',NULL,0,NULL,NULL,'2023-07-20 18:14:45','2023-08-27 09:16:57',NULL),(58,31,'1-31-20230720190302',49,NULL,0,NULL,NULL,NULL,NULL,'2023-09-01 12:09:00',NULL,0,0,0,0,NULL,NULL,1,0,1,NULL,NULL,NULL,'2024-07-25 00:00:00','estimated',NULL,0,NULL,NULL,'2023-07-20 19:03:02','2024-07-09 20:45:40',NULL),(59,31,'1-31-20230721223404',50,'aa',0,NULL,NULL,NULL,NULL,NULL,NULL,0,0,0,0,NULL,NULL,1,0,1,NULL,NULL,'49','2023-08-04 00:00:00','done','2024-02-08 14:08:50',0,NULL,NULL,'2023-07-21 22:34:04','2024-02-08 14:08:50',NULL),(60,31,'1-31-20230724204942',51,NULL,1,NULL,'2023-09-08 12:09:00',NULL,NULL,'2023-08-22 15:08:00','2023-10-28 00:00:00',0,0,0,0,'2023-10-29 13:08:11',1,1,0,1,NULL,'2023-09-28 12:01:57','58','2023-11-12 00:00:00','closed',NULL,0,NULL,NULL,'2023-07-24 20:49:42','2023-10-29 13:08:11',NULL),(61,31,'1-31-20230818211024',52,'aa',1,NULL,NULL,NULL,NULL,'2024-07-22 12:07:00',NULL,0,0,0,0,NULL,NULL,1,0,1,NULL,NULL,NULL,NULL,'checked',NULL,0,NULL,NULL,'2023-08-18 21:10:24','2024-07-07 14:12:23',NULL),(62,44,'1-44-20230818213502',53,NULL,1,NULL,NULL,NULL,NULL,NULL,NULL,0,0,0,0,NULL,NULL,1,0,1,NULL,'2023-08-27 09:21:51','55','2023-09-01 00:00:00','done',NULL,0,NULL,NULL,'2023-08-18 21:35:02','2023-08-27 09:22:11',NULL),(63,42,'2-42-20230818214807',54,'aaa',0,NULL,NULL,NULL,NULL,NULL,NULL,0,0,1,0,NULL,NULL,1,0,1,NULL,NULL,'53','2023-09-01 00:00:00','return',NULL,0,NULL,NULL,'2023-08-18 21:48:07','2023-10-15 16:14:06',NULL),(64,34,'2-34-20230824092953',55,NULL,0,NULL,NULL,NULL,NULL,NULL,NULL,0,0,0,0,NULL,NULL,1,0,1,NULL,NULL,NULL,'2023-09-07 00:00:00','in-storage',NULL,0,NULL,NULL,'2023-08-24 09:29:53','2023-08-24 09:31:47',NULL),(65,31,'1-31-20230824163354',56,'a',1,NULL,'2023-09-19 15:09:00','2023-09-22 12:09:00',NULL,'2023-09-22 12:09:00','2023-09-19 15:09:00',0,0,0,0,NULL,NULL,1,0,1,NULL,'2023-09-12 08:40:46','56','2023-09-26 00:00:00','return',NULL,0,NULL,NULL,'2023-08-24 16:33:54','2024-04-11 22:44:01',NULL),(66,34,'2-34-20230825153716',57,NULL,1,NULL,NULL,NULL,NULL,NULL,NULL,0,0,0,0,NULL,NULL,1,0,1,NULL,NULL,NULL,NULL,'checked',NULL,0,NULL,NULL,'2023-08-25 15:37:16','2023-08-26 16:10:21',NULL),(67,31,'1-31-20230829154024',58,NULL,1,NULL,NULL,NULL,NULL,NULL,NULL,0,0,0,0,NULL,NULL,1,0,1,NULL,NULL,NULL,NULL,'open',NULL,0,NULL,NULL,'2023-08-29 15:40:24','2023-08-29 15:40:24',NULL),(68,34,'2-34-20230903102801',59,NULL,0,NULL,NULL,NULL,NULL,'2024-07-10 12:07:00',NULL,0,0,0,0,NULL,NULL,1,0,1,NULL,NULL,NULL,NULL,'checked',NULL,0,NULL,NULL,'2023-09-03 10:28:01','2024-07-07 14:39:50',NULL),(69,34,'2-34-20230903103447',60,'a',0,NULL,NULL,NULL,NULL,NULL,NULL,0,0,0,0,NULL,NULL,1,0,1,NULL,NULL,NULL,NULL,'checked',NULL,0,NULL,NULL,'2023-09-03 10:34:47','2023-09-03 10:36:12',NULL),(70,31,'1-31-20230920213324',61,NULL,1,NULL,NULL,NULL,NULL,NULL,NULL,0,0,0,0,NULL,NULL,1,0,1,NULL,NULL,NULL,NULL,'checked',NULL,0,NULL,NULL,'2023-09-20 21:33:24','2023-10-15 14:35:23',NULL),(71,31,'1-31-20230921104737',62,NULL,1,NULL,NULL,NULL,NULL,NULL,NULL,0,0,0,0,NULL,NULL,1,0,1,NULL,NULL,NULL,NULL,'open',NULL,0,NULL,NULL,'2023-09-21 10:47:37','2023-09-21 10:47:37',NULL),(72,31,'1-31-20230929222022',63,NULL,0,NULL,NULL,NULL,NULL,NULL,NULL,1,0,0,0,'2023-10-15 15:17:45',1,1,0,1,NULL,NULL,NULL,NULL,'closed',NULL,0,NULL,NULL,'2023-09-29 22:20:22','2023-10-15 15:17:45',NULL),(73,31,'1-31-20231015213801',64,NULL,0,NULL,NULL,NULL,NULL,NULL,NULL,0,0,0,0,NULL,NULL,1,0,1,NULL,'2024-04-11 20:18:51','67','2024-04-26 00:00:00','done','2024-04-11 20:18:51',0,NULL,NULL,'2023-10-15 21:38:01','2024-04-11 20:18:51',NULL),(74,45,'5-45-20231021080755',65,NULL,0,NULL,NULL,NULL,NULL,NULL,NULL,0,0,1,0,NULL,NULL,1,0,1,NULL,NULL,NULL,'2023-11-08 00:00:00','return',NULL,0,NULL,NULL,'2023-10-21 08:07:55','2023-10-26 08:44:15',NULL),(75,45,'5-45-20231022164222',66,NULL,0,NULL,NULL,NULL,NULL,NULL,NULL,0,0,1,0,NULL,NULL,1,0,1,NULL,NULL,NULL,NULL,'return',NULL,0,NULL,NULL,'2023-10-22 16:42:22','2023-10-22 17:20:46',NULL),(76,45,'5-45-20231022172406',67,NULL,0,NULL,NULL,NULL,NULL,NULL,NULL,0,0,1,0,NULL,NULL,1,0,1,NULL,NULL,NULL,NULL,'return',NULL,0,NULL,NULL,'2023-10-22 17:24:06','2023-10-22 17:26:45',NULL),(77,45,'5-45-20231022172838',68,'ああ',0,NULL,NULL,NULL,NULL,NULL,NULL,0,0,1,0,NULL,NULL,1,0,1,NULL,NULL,NULL,NULL,'return',NULL,0,NULL,NULL,'2023-10-22 17:28:38','2023-10-22 17:50:07',NULL),(78,45,'5-45-20231022195428',69,'aaa',0,NULL,NULL,NULL,NULL,NULL,NULL,0,0,1,0,NULL,NULL,1,0,1,NULL,NULL,NULL,NULL,'return',NULL,0,NULL,NULL,'2023-10-22 19:54:28','2023-10-22 19:59:15',NULL),(79,45,'5-45-20231026084155',70,'z',0,NULL,NULL,NULL,NULL,NULL,NULL,0,0,1,0,NULL,NULL,1,0,1,NULL,NULL,NULL,NULL,'return',NULL,0,NULL,NULL,'2023-10-26 08:41:55','2023-10-26 09:04:13',NULL),(81,31,'1-31-20231110211958',72,NULL,1,NULL,NULL,NULL,NULL,NULL,NULL,0,0,0,0,NULL,NULL,1,0,1,NULL,NULL,NULL,NULL,'open',NULL,0,NULL,NULL,'2023-11-10 21:19:58','2023-11-10 21:19:58',NULL),(82,31,'1-31-20231124114815',73,NULL,0,NULL,NULL,NULL,NULL,'2024-07-22 12:07:00',NULL,0,0,0,0,NULL,NULL,1,0,1,NULL,NULL,NULL,NULL,'in-storage',NULL,0,NULL,NULL,'2023-11-24 11:48:15','2024-07-07 14:39:50',NULL),(83,31,'1-31-20231220140159',74,NULL,0,NULL,NULL,NULL,NULL,'2023-12-26 15:12:00',NULL,0,0,1,0,NULL,NULL,1,0,1,NULL,NULL,NULL,NULL,'return',NULL,0,NULL,NULL,'2023-12-20 14:01:59','2023-12-20 14:03:21',NULL),(84,31,'1-31-20231220140418',75,NULL,0,NULL,NULL,NULL,NULL,'2023-12-20 14:04:39',NULL,0,0,0,0,'2024-12-20 00:00:00',1,1,0,1,NULL,'2023-12-20 14:08:29','60','2024-01-03 00:00:00','done',NULL,0,NULL,NULL,'2023-12-20 14:04:18','2023-12-20 14:15:13',NULL),(85,31,'1-31-20240321211535',77,NULL,1,NULL,NULL,NULL,NULL,NULL,NULL,0,0,0,0,NULL,NULL,1,0,1,NULL,'2024-04-11 20:26:03','69','2024-04-05 00:00:00','done','2024-04-11 20:26:03',0,NULL,NULL,'2024-03-21 21:15:35','2024-04-11 20:26:03',NULL),(86,31,'1-31-20240410001412',78,NULL,0,NULL,NULL,NULL,NULL,NULL,NULL,0,50000,0,0,NULL,NULL,1,0,1,NULL,NULL,NULL,'2024-04-25 00:00:00','done','2024-04-11 19:38:34',0,NULL,NULL,'2024-04-10 00:14:12','2024-04-11 19:38:34',NULL),(87,31,'1-31-20240411120330',79,NULL,1,NULL,NULL,NULL,NULL,NULL,NULL,0,0,0,0,NULL,NULL,1,0,1,NULL,'2024-04-11 19:37:47','65',NULL,'done','2024-04-11 19:37:47',0,NULL,NULL,'2024-04-11 12:03:30','2024-04-11 19:37:47',NULL),(88,31,'1-31-20240411195110',80,NULL,1,NULL,NULL,NULL,NULL,NULL,NULL,0,0,0,0,NULL,NULL,1,0,1,NULL,'2024-04-11 20:11:25','66',NULL,'done','2024-04-11 20:11:25',0,NULL,NULL,'2024-04-11 19:51:10','2024-04-11 20:11:25',NULL),(89,31,'1-31-20240411204912',81,NULL,1,NULL,NULL,NULL,NULL,NULL,NULL,0,0,0,0,NULL,NULL,1,0,1,NULL,NULL,NULL,'2024-06-05 00:00:00','in-storage',NULL,0,NULL,NULL,'2024-04-11 20:49:12','2024-05-22 15:56:48',NULL),(90,31,'1-31-20240411223005',82,NULL,1,NULL,NULL,NULL,NULL,'2024-05-11 22:05:53',NULL,0,0,0,0,NULL,NULL,1,0,1,NULL,NULL,NULL,NULL,'checked',NULL,0,NULL,NULL,'2024-04-11 22:30:05','2024-04-11 22:43:53',NULL),(91,31,'1-31-20240413091751',83,NULL,1,NULL,NULL,NULL,NULL,NULL,NULL,0,0,0,0,NULL,NULL,1,0,2,1,'2024-04-16 14:24:47','75',NULL,'done','2024-04-16 14:24:47',0,NULL,NULL,'2024-04-13 09:17:51','2024-04-16 14:24:47',NULL),(92,31,'1-31-20240413145332',84,NULL,1,NULL,NULL,NULL,NULL,NULL,NULL,1,0,0,0,'2024-04-15 21:40:01',1,1,0,2,1,NULL,'74','2024-04-30 00:00:00','closed',NULL,0,NULL,NULL,'2024-04-13 14:53:32','2024-04-15 21:40:01',NULL),(93,31,'1-31-20240510113727',32,NULL,0,NULL,NULL,NULL,NULL,NULL,NULL,0,0,0,0,NULL,NULL,1,0,2,1,NULL,NULL,NULL,'checked',NULL,0,NULL,NULL,'2024-05-10 11:37:27','2024-05-10 11:50:48',NULL),(94,31,'1-31-20240510121001',78,NULL,0,NULL,NULL,NULL,NULL,NULL,NULL,0,0,0,1,NULL,NULL,1,0,2,1,NULL,NULL,NULL,'open',NULL,0,NULL,NULL,'2024-05-10 12:10:01','2024-05-23 15:36:25',NULL),(95,31,'1-31-20240510124212',64,NULL,0,NULL,NULL,NULL,NULL,NULL,NULL,0,0,0,0,NULL,NULL,1,0,2,1,NULL,NULL,NULL,'open',NULL,0,NULL,NULL,'2024-05-10 12:42:12','2024-05-10 12:42:12',NULL),(96,31,'1-31-20240602132700',85,NULL,0,NULL,NULL,NULL,NULL,'2024-06-02 13:43:04',NULL,0,50000,0,0,NULL,NULL,1,0,2,1,NULL,NULL,'2024-06-14 00:00:00','in-progress',NULL,0,NULL,'osada_office','2024-06-02 13:27:00','2024-06-02 13:45:22',NULL),(97,31,'1-31-20240603091955',86,NULL,0,NULL,NULL,NULL,NULL,NULL,NULL,0,50000,0,0,NULL,NULL,1,0,2,1,NULL,NULL,NULL,'in-storage',NULL,0,NULL,'in_house_transportation','2024-06-03 09:19:55','2024-06-03 15:39:54',NULL),(98,34,'2-34-20240612141512',87,NULL,0,NULL,NULL,NULL,NULL,NULL,NULL,0,0,0,0,NULL,NULL,1,0,1,NULL,NULL,NULL,NULL,'open',NULL,0,NULL,NULL,'2024-06-12 14:15:12','2024-06-12 14:15:12',NULL);

--
-- Table structure for table `sessions`
--

CREATE TABLE `sessions` (
  `id` varchar(255) CHARACTER SET utf8mb4 COLLATE utf8mb4_unicode_ci NOT NULL,
  `employee_id` int DEFAULT NULL,
  `clinic_staff_id` int unsigned DEFAULT NULL,
  `ip_address` varchar(45) CHARACTER SET utf8mb4 COLLATE utf8mb4_unicode_ci DEFAULT NULL,
  `user_agent` text CHARACTER SET utf8mb4 COLLATE utf8mb4_unicode_ci,
  `payload` longtext CHARACTER SET utf8mb4 COLLATE utf8mb4_unicode_ci NOT NULL,
  `last_activity` int NOT NULL,
  PRIMARY KEY (`id`),
  KEY `sessions_employee_id_index` (`employee_id`),
  KEY `sessions_clinic_staff_id_index` (`clinic_staff_id`),
  KEY `sessions_last_activity_index` (`last_activity`)
) ENGINE=InnoDB DEFAULT CHARSET=utf8mb4 COLLATE=utf8mb4_unicode_ci;

--
-- Dumping data for table `sessions`
--

INSERT INTO `sessions` VALUES ('4A9fBfBaljZazzIT4JE1G5dkSQnIqEJSuacHsQO1',NULL,NULL,'195.211.77.142','Mozilla/5.0 (Windows NT 10.0; Win64; x64) AppleWebKit/537.36 (KHTML, like Gecko) Chrome/108.0.0.0 Safari/537.36','YTozOntzOjY6Il90b2tlbiI7czo0MDoiUjI4YlMycUNQa0pSQUx1RDhwYjFjQmQ1NVBReXJVb2hGRjVQZ056cCI7czo5OiJfcHJldmlvdXMiO2E6MTp7czozOiJ1cmwiO3M6MjQ6Imh0dHBzOi8vb2FzeXMuaXRiYy5jby5qcCI7fXM6NjoiX2ZsYXNoIjthOjI6e3M6Mzoib2xkIjthOjA6e31zOjM6Im5ldyI7YTowOnt9fX0=',1721566173),('4ChKkr4ZF7cE99o0KSMiQXn2xC34IrYdRpN8tsQR',NULL,NULL,'205.210.31.8','','YTozOntzOjY6Il90b2tlbiI7czo0MDoiNVRpN1B2Szh0b2drWkhza1NiNEM0Y1VoVXA4M21NSHdhWFpQU2EwRyI7czo5OiJfcHJldmlvdXMiO2E6MTp7czozOiJ1cmwiO3M6MjQ6Imh0dHBzOi8vb2FzeXMuaXRiYy5jby5qcCI7fXM6NjoiX2ZsYXNoIjthOjI6e3M6Mzoib2xkIjthOjA6e31zOjM6Im5ldyI7YTowOnt9fX0=',1722205706),('4KjwRjrwjvVmK8fhz2jTnw8ZwdPHNuhLMsKXhyeM',NULL,NULL,'47.128.254.60','Mozilla/5.0 (compatible; MSIE 9.0; Windows NT 6.1; WOW64; Trident/5.0; SLCC2; Media Center PC 6.0; InfoPath.3; MS-RTC LM 8; Zune 4.7)','YTozOntzOjY6Il90b2tlbiI7czo0MDoicnlxcklnOGdkREVkbUg4cE5yZVRKQnQ4aThSOEx4VzQ0ZzdzN0tUUyI7czo5OiJfcHJldmlvdXMiO2E6MTp7czozOiJ1cmwiO3M6MjQ6Imh0dHBzOi8vb2FzeXMuaXRiYy5jby5qcCI7fXM6NjoiX2ZsYXNoIjthOjI6e3M6Mzoib2xkIjthOjA6e31zOjM6Im5ldyI7YTowOnt9fX0=',1722182513),('58JgfJ2UlvO2RDjJAEnqekDAB1fehXqQrGZ1XpHV',NULL,NULL,'209.38.214.247','Mozilla/5.0 (Macintosh; Intel Mac OS X 10_15_7) AppleWebKit/537.36 (KHTML, like Gecko) Chrome/121.0.0.0 Safari/537.36','YTozOntzOjY6Il90b2tlbiI7czo0MDoiVjFRMHR5eFMyY29uamRyQkxKRnhNSmhCd1JCNzFkV0E2cHJvVTBaciI7czo5OiJfcHJldmlvdXMiO2E6MTp7czozOiJ1cmwiO3M6MjQ6Imh0dHBzOi8vb2FzeXMuaXRiYy5jby5qcCI7fXM6NjoiX2ZsYXNoIjthOjI6e3M6Mzoib2xkIjthOjA6e31zOjM6Im5ldyI7YTowOnt9fX0=',1721699080),('74NzJokYvjVfYTW5TOUCJnkVIl60qx9DUbB45wKW',NULL,NULL,'205.169.39.6','Mozilla/5.0 (Windows NT 10.0; Win64; x64) AppleWebKit/537.36 (KHTML, like Gecko) Chrome/117.0.5938.132 Safari/537.36','YTozOntzOjY6Il90b2tlbiI7czo0MDoiZnVkQmtlMk9VNmhUalNGNmI2eTBwYjBuaUtOVUtrcmtIZWh1WlIwQyI7czo5OiJfcHJldmlvdXMiO2E6MTp7czozOiJ1cmwiO3M6MjQ6Imh0dHBzOi8vb2FzeXMuaXRiYy5jby5qcCI7fXM6NjoiX2ZsYXNoIjthOjI6e3M6Mzoib2xkIjthOjA6e31zOjM6Im5ldyI7YTowOnt9fX0=',1722270245),('AJpigl3viWzL4x6em075DlZsbRZ0bqm2ToPWK26w',NULL,NULL,'35.171.144.152','Mozilla/5.0 \\(Windows NT 10.0\\; Win64\\; x64\\) AppleWebKit/537.36 \\(KHTML, like Gecko\\) Chrome/100.0.4896.60 Safari/537.36','YTozOntzOjY6Il90b2tlbiI7czo0MDoiYlBraDlOTXBWdVZNVk42OTdWOUd6dUl0WDRwYlRHS0Y4WlFtSkZuMiI7czo5OiJfcHJldmlvdXMiO2E6MTp7czozOiJ1cmwiO3M6MjQ6Imh0dHBzOi8vb2FzeXMuaXRiYy5jby5qcCI7fXM6NjoiX2ZsYXNoIjthOjI6e3M6Mzoib2xkIjthOjA6e31zOjM6Im5ldyI7YTowOnt9fX0=',1722377781),('bs6l823Zv9ibFvzbSt6yOqzs4FagiQ41WJurKavY',NULL,NULL,'198.235.24.140','','YTozOntzOjY6Il90b2tlbiI7czo0MDoiVk01T2FReFQxZnYwd2RoVEVVR3JYdERsWkZ3MzJWc1pBeVhhQWVNNSI7czo5OiJfcHJldmlvdXMiO2E6MTp7czozOiJ1cmwiO3M6MjQ6Imh0dHBzOi8vb2FzeXMuaXRiYy5jby5qcCI7fXM6NjoiX2ZsYXNoIjthOjI6e3M6Mzoib2xkIjthOjA6e31zOjM6Im5ldyI7YTowOnt9fX0=',1722068914),('BVB8B7XQGhWAKvzfmLOvwohjGeYjCJeKPVvFkmqj',NULL,NULL,'198.235.24.107','Expanse, a Palo Alto Networks company, searches across the global IPv4 space multiple times per day to identify customers&#39; presences on the Internet. If you would like to be excluded from our scans, please send IP addresses/domains to: scaninfo@paloaltonetworks.com','YTozOntzOjY6Il90b2tlbiI7czo0MDoiT2c4Y0tnVkRkTEFkRm5rNzc0dW1LOUdXOTJXaHdySVNGNGFVYVlUQyI7czo5OiJfcHJldmlvdXMiO2E6MTp7czozOiJ1cmwiO3M6MjQ6Imh0dHBzOi8vb2FzeXMuaXRiYy5jby5qcCI7fXM6NjoiX2ZsYXNoIjthOjI6e3M6Mzoib2xkIjthOjA6e31zOjM6Im5ldyI7YTowOnt9fX0=',1722017162),('CNDfXvhl8ZN0PANSGL2XkwsZRvSQ2rxSye38DwkV',NULL,NULL,'95.217.18.177','Mozilla/5.0 (Windows NT 10.0; Win64; x64) AppleWebKit/537.36 (KHTML, like Gecko) Chrome/79.0.3945.130 Safari/537.36','YTozOntzOjY6Il90b2tlbiI7czo0MDoiQVFNemNIUVF4QlppemhLdGpQTE03UElsNjlDYmRIcWlnZTU0N251byI7czo5OiJfcHJldmlvdXMiO2E6MTp7czozOiJ1cmwiO3M6MjQ6Imh0dHBzOi8vb2FzeXMuaXRiYy5jby5qcCI7fXM6NjoiX2ZsYXNoIjthOjI6e3M6Mzoib2xkIjthOjA6e31zOjM6Im5ldyI7YTowOnt9fX0=',1721541758),('dbU8JEzXaOGLrim7wqewUUTtCltPPTdxLOrKtQh0',NULL,NULL,'87.236.176.132','Mozilla/5.0 (compatible; InternetMeasurement/1.0; +https://internet-measurement.com/)','YTozOntzOjY6Il90b2tlbiI7czo0MDoiYnZvYjdFVFlkc0loTHlwdmR2d09SZjB4MXBqRmZZdW1GOXNZOVpPUSI7czo5OiJfcHJldmlvdXMiO2E6MTp7czozOiJ1cmwiO3M6MjQ6Imh0dHBzOi8vb2FzeXMuaXRiYy5jby5qcCI7fXM6NjoiX2ZsYXNoIjthOjI6e3M6Mzoib2xkIjthOjA6e31zOjM6Im5ldyI7YTowOnt9fX0=',1721904421),('DFvlMwHp1YQpBqGEDhIqUeErwhHDvTiPCD5HFMiC',NULL,NULL,'5.164.29.116','Mozilla/5.0 (Windows NT 10.0; Win64; x64) AppleWebKit/537.36 (KHTML, like Gecko) Chrome/112.0.0.0 Safari/537.36 (scanner.ducks.party)','YTozOntzOjY6Il90b2tlbiI7czo0MDoiOHFNRnExYTkxNGhtSURXWU5RQlFRb1dtTGdVaWR4WkNQYzdxT0gxeCI7czo5OiJfcHJldmlvdXMiO2E6MTp7czozOiJ1cmwiO3M6MjQ6Imh0dHBzOi8vb2FzeXMuaXRiYy5jby5qcCI7fXM6NjoiX2ZsYXNoIjthOjI6e3M6Mzoib2xkIjthOjA6e31zOjM6Im5ldyI7YTowOnt9fX0=',1721906408),('DgnlIGyPXN7N1LGezgWErIBpf2vfWJhAg72BjlbZ',NULL,NULL,'195.211.77.140','Mozilla/5.0 (Windows NT 10.0; Win64; x64) AppleWebKit/537.36 (KHTML, like Gecko) Chrome/108.0.0.0 Safari/537.36','YToyOntzOjY6Il90b2tlbiI7czo0MDoiMnE4Tk5jU29xUmh4bmZIM0NyR0ZsTHVPbnVNMHlxUnlkZnlZMlpXSSI7czo2OiJfZmxhc2giO2E6Mjp7czozOiJvbGQiO2E6MDp7fXM6MzoibmV3IjthOjA6e319fQ==',1721566142),('eaCgZVDMutccrKH7dHDphQrVAZvAyaUZIIdp5CoW',NULL,NULL,'207.241.236.83','Mozilla/5.0 (compatible; archive.org_bot +http://archive.org/details/archive.org_bot) Zeno/ae4878c warc/v0.8.39','YTozOntzOjY6Il90b2tlbiI7czo0MDoiVTFxYVE3U1JsenR2VVphYkN6VGt4TmtuZ3QyZVg4SlRRcFBsS01mSyI7czo5OiJfcHJldmlvdXMiO2E6MTp7czozOiJ1cmwiO3M6MjQ6Imh0dHBzOi8vb2FzeXMuaXRiYy5jby5qcCI7fXM6NjoiX2ZsYXNoIjthOjI6e3M6Mzoib2xkIjthOjA6e31zOjM6Im5ldyI7YTowOnt9fX0=',1722274950),('EHVfJGxdOjjbE0R1W38GAAxXPZJAXFmhRzOnQdJk',NULL,NULL,'35.215.127.4','Mozilla/5.0 (Windows NT 10.0; Win64; x64) AppleWebKit/537.36 (KHTML, like Gecko; compatible; BW/1.2; rb.gy/oupwis) Chrome/124.0.0.0 Safari/537.36','YTozOntzOjY6Il90b2tlbiI7czo0MDoiMkE0NUZvOWEwdXByVll4NGlRYm1kdFhiTHh2RllVTUJqZnI4U0hOdCI7czo5OiJfcHJldmlvdXMiO2E6MTp7czozOiJ1cmwiO3M6MjQ6Imh0dHBzOi8vb2FzeXMuaXRiYy5jby5qcCI7fXM6NjoiX2ZsYXNoIjthOjI6e3M6Mzoib2xkIjthOjA6e31zOjM6Im5ldyI7YTowOnt9fX0=',1722022873),('EXJzhvKUcAYytHhrIv4dncmZ7UaY3xpG4BRtQuEH',NULL,NULL,'179.43.167.18','Mozilla/5.0 (Linux; Android 7.0; LG-H820) AppleWebKit/537.36 (KHTML, like Gecko) Chrome/76.0.3809.111 Mobile Safari/537.36','YTozOntzOjY6Il90b2tlbiI7czo0MDoiWEJ3Y3RGVHhyNXRFMU53NUJ1dzJkNmVJUWtNQ1hsMGNNamxZZzlQRiI7czo5OiJfcHJldmlvdXMiO2E6MTp7czozOiJ1cmwiO3M6MjQ6Imh0dHBzOi8vb2FzeXMuaXRiYy5jby5qcCI7fXM6NjoiX2ZsYXNoIjthOjI6e3M6Mzoib2xkIjthOjA6e31zOjM6Im5ldyI7YTowOnt9fX0=',1721634640),('F0iQlsX28qSbvxf9FICVYX5WKd50aRbxJKeMpowU',NULL,NULL,'188.165.87.102','Mozilla/5.0 (X11; Ubuntu; Linux x86_64; rv:109.0) Gecko/20100101 Firefox/115.0','YTozOntzOjY6Il90b2tlbiI7czo0MDoiWEh6R0ZhWjNKbXB3ODd2UE5CMHNhVEVHYTBjRlpjYkY5YTd4TUg2NSI7czo5OiJfcHJldmlvdXMiO2E6MTp7czozOiJ1cmwiO3M6MjQ6Imh0dHBzOi8vb2FzeXMuaXRiYy5jby5qcCI7fXM6NjoiX2ZsYXNoIjthOjI6e3M6Mzoib2xkIjthOjA6e31zOjM6Im5ldyI7YTowOnt9fX0=',1722078339),('G1SSX0w9VgbTXqHZXBKhHjHdetUMNTfq2dVuJ7OI',NULL,NULL,'185.254.75.46','Mozilla/5.0 (Windows NT 10.0; Win64; x64) AppleWebKit/537.36 (KHTML, like Gecko) Chrome/110.0.0.0 Safari/537.36','YTozOntzOjY6Il90b2tlbiI7czo0MDoiaERoN0MzUkFHMGFqOWFsZllEU0ZOZEZoU2hQeUNnZW5helY4ZE1FSSI7czo5OiJfcHJldmlvdXMiO2E6MTp7czozOiJ1cmwiO3M6MjQ6Imh0dHBzOi8vb2FzeXMuaXRiYy5jby5qcCI7fXM6NjoiX2ZsYXNoIjthOjI6e3M6Mzoib2xkIjthOjA6e31zOjM6Im5ldyI7YTowOnt9fX0=',1721566136),('gEpdFckzthJcWC3czo6Y2ZDGAmqkJCCnBxrwUdsr',NULL,NULL,'126.92.63.9','Mozilla/5.0 (Macintosh; Intel Mac OS X 10_15_7) AppleWebKit/537.36 (KHTML, like Gecko) Chrome/126.0.0.0 Safari/537.36','YTo1OntzOjY6Il90b2tlbiI7czo0MDoiMEJDd2JiZmVlUFJvb0V3RUtET203V2Fuc3lUaURnNmtrOFR2QTZxcSI7czozOiJ1cmwiO2E6MTp7czo4OiJpbnRlbmRlZCI7czozMToiaHR0cHM6Ly9vYXN5cy5pdGJjLmNvLmpwL2NsaW5pYyI7fXM6OToiX3ByZXZpb3VzIjthOjE6e3M6MzoidXJsIjtzOjM3OiJodHRwczovL29hc3lzLml0YmMuY28uanAvY2xpbmljL2xvZ2luIjt9czo2OiJfZmxhc2giO2E6Mjp7czozOiJvbGQiO2E6MDp7fXM6MzoibmV3IjthOjA6e319czo1MjoibG9naW5fYWRtaW5fNTliYTM2YWRkYzJiMmY5NDAxNTgwZjAxNGM3ZjU4ZWE0ZTMwOTg5ZCI7aTo0O30=',1722500243),('gWm807hX6J12LM2u7KnWs4woNYAstmgeGQ7uUPYV',NULL,NULL,'5.164.29.116','Mozilla/5.0 (Windows NT 10.0; Win64; x64) AppleWebKit/537.36 (KHTML, like Gecko) Chrome/112.0.0.0 Safari/537.36 (scanner.ducks.party)','YTozOntzOjY6Il90b2tlbiI7czo0MDoieTRidHlra0c1Y0lKcDd3VDB4VFNveHQ2c2R6dnh4Y0pnZ09USGRRaCI7czo5OiJfcHJldmlvdXMiO2E6MTp7czozOiJ1cmwiO3M6MjQ6Imh0dHBzOi8vb2FzeXMuaXRiYy5jby5qcCI7fXM6NjoiX2ZsYXNoIjthOjI6e3M6Mzoib2xkIjthOjA6e31zOjM6Im5ldyI7YTowOnt9fX0=',1721574014),('HQo7VqAr1YALPdOC5AI0mzqkS7jIM0wkFeqO8tAO',NULL,31,'133.242.202.214','Mozilla/5.0 (Macintosh; Intel Mac OS X 10_15_7) AppleWebKit/537.36 (KHTML, like Gecko) Chrome/126.0.0.0 Safari/537.36','YTo2OntzOjY6Il90b2tlbiI7czo0MDoiZWlDaGMyR0syQVBmalhGNmExY3JlbVA2ZGlyWlhDY3h1eVc2YXNnaSI7czozOiJ1cmwiO2E6MDp7fXM6OToiX3ByZXZpb3VzIjthOjE6e3M6MzoidXJsIjtzOjMxOiJodHRwczovL29hc3lzLml0YmMuY28uanAvY2xpbmljIjt9czo2OiJfZmxhc2giO2E6Mjp7czozOiJvbGQiO2E6MDp7fXM6MzoibmV3IjthOjA6e319czo1MjoibG9naW5fYWRtaW5fNTliYTM2YWRkYzJiMmY5NDAxNTgwZjAxNGM3ZjU4ZWE0ZTMwOTg5ZCI7aTo0O3M6NTM6ImxvZ2luX2NsaW5pY181OWJhMzZhZGRjMmIyZjk0MDE1ODBmMDE0YzdmNThlYTRlMzA5ODlkIjtpOjMxO30=',1721632071),('htTpbHUbeoPBj4gW1xQaf944HmLUCHNaXFYbiZWO',NULL,NULL,'51.254.49.107','Mozilla/5.0 (X11; Ubuntu; Linux x86_64; rv:109.0) Gecko/20100101 Firefox/115.0','YTozOntzOjY6Il90b2tlbiI7czo0MDoiUERZaTRuVFZNc2JnT2l1OElCZmxNTmV5bnV1bGtUQXBZaHF3V1hxbiI7czo5OiJfcHJldmlvdXMiO2E6MTp7czozOiJ1cmwiO3M6MjQ6Imh0dHBzOi8vb2FzeXMuaXRiYy5jby5qcCI7fXM6NjoiX2ZsYXNoIjthOjI6e3M6Mzoib2xkIjthOjA6e31zOjM6Im5ldyI7YTowOnt9fX0=',1721969751),('L2AnRjQr5CA5LDnODzXpFcKOJ1G6DzTh673DSEmS',NULL,NULL,'198.235.24.131','','YTozOntzOjY6Il90b2tlbiI7czo0MDoiZkZkbTVUeHF0NDJBVUxHNnFFWEloZGdScVhIU0k0YU5kM29HRGNjSyI7czo5OiJfcHJldmlvdXMiO2E6MTp7czozOiJ1cmwiO3M6MjQ6Imh0dHBzOi8vb2FzeXMuaXRiYy5jby5qcCI7fXM6NjoiX2ZsYXNoIjthOjI6e3M6Mzoib2xkIjthOjA6e31zOjM6Im5ldyI7YTowOnt9fX0=',1721611964),('m1h27mRc0sKylLH7PcQoVdpCXsViZQYRzAEsaVP7',NULL,NULL,'51.254.49.101','Mozilla/5.0 (X11; Ubuntu; Linux x86_64; rv:109.0) Gecko/20100101 Firefox/115.0','YTozOntzOjY6Il90b2tlbiI7czo0MDoiM3RTRG9Ua2tHSWJQRUZlb1ZrNG1NSDBCN3g2REFzQUxHR1QxcUo0byI7czo5OiJfcHJldmlvdXMiO2E6MTp7czozOiJ1cmwiO3M6MjQ6Imh0dHBzOi8vb2FzeXMuaXRiYy5jby5qcCI7fXM6NjoiX2ZsYXNoIjthOjI6e3M6Mzoib2xkIjthOjA6e31zOjM6Im5ldyI7YTowOnt9fX0=',1721972361),('mcNsBXc0ziaWu1TceXP14ylTQueLGJ7LI3URV0D0',NULL,NULL,'51.254.49.99','Mozilla/5.0 (X11; Ubuntu; Linux x86_64; rv:109.0) Gecko/20100101 Firefox/115.0','YTozOntzOjY6Il90b2tlbiI7czo0MDoiY0R3SlA3UlBrMmRpVUQ2UWs2TDA3ZzRpYWc5Zjc3NUZZWUdwSTFpTiI7czo5OiJfcHJldmlvdXMiO2E6MTp7czozOiJ1cmwiO3M6MjQ6Imh0dHBzOi8vb2FzeXMuaXRiYy5jby5qcCI7fXM6NjoiX2ZsYXNoIjthOjI6e3M6Mzoib2xkIjthOjA6e31zOjM6Im5ldyI7YTowOnt9fX0=',1722090172),('nFbXxvn3FMKUPimnCpmX1qouZt4VDIf2Fs8BQtV6',NULL,NULL,'37.187.215.246','Mozilla/5.0 (X11; Ubuntu; Linux x86_64; rv:109.0) Gecko/20100101 Firefox/115.0','YTozOntzOjY6Il90b2tlbiI7czo0MDoiV0ZZMEd4NUJ0dmNKbkhkSkFxdWQ4aGhpc2xoOW5TNWFKS0VqN1pMSCI7czo5OiJfcHJldmlvdXMiO2E6MTp7czozOiJ1cmwiO3M6MjQ6Imh0dHBzOi8vb2FzeXMuaXRiYy5jby5qcCI7fXM6NjoiX2ZsYXNoIjthOjI6e3M6Mzoib2xkIjthOjA6e31zOjM6Im5ldyI7YTowOnt9fX0=',1722086387),('NoZLCRDrpxJpsbNCaD1MjCJugoceIqucLCjjJpoj',NULL,NULL,'171.244.43.14','Mozilla/5.0 (Linux; Android 10; K) AppleWebKit/537.36 (KHTML, like Gecko) Chrome/122.0.0.0 Mobile Safari/537.36','YTozOntzOjY6Il90b2tlbiI7czo0MDoiNTJ3cEJRV01CNWVuZkJNeXFYUm91Sjh4OHFtRlJNZE13MGVMR2pVdiI7czo5OiJfcHJldmlvdXMiO2E6MTp7czozOiJ1cmwiO3M6MjQ6Imh0dHBzOi8vb2FzeXMuaXRiYy5jby5qcCI7fXM6NjoiX2ZsYXNoIjthOjI6e3M6Mzoib2xkIjthOjA6e31zOjM6Im5ldyI7YTowOnt9fX0=',1721564407),('nPs1e07WPbQrUuu4pzeLJdUO0mQjh7kUT8hIFT6A',NULL,NULL,'206.168.34.46','Mozilla/5.0 (compatible; CensysInspect/1.1; +https://about.censys.io/)','YTozOntzOjY6Il90b2tlbiI7czo0MDoiYkd6M2lXcmVmbmRZUFhJNENrdUU0aXJWT0d6UlVkTHljTjRtV20wcyI7czo5OiJfcHJldmlvdXMiO2E6MTp7czozOiJ1cmwiO3M6MjQ6Imh0dHBzOi8vb2FzeXMuaXRiYy5jby5qcCI7fXM6NjoiX2ZsYXNoIjthOjI6e3M6Mzoib2xkIjthOjA6e31zOjM6Im5ldyI7YTowOnt9fX0=',1721957409),('O6roDHUoIzUCaaqcT8EVHklNUqyEOKxkZzMH4zDz',NULL,NULL,'167.99.83.66','Mozilla/5.0 (Macintosh; Intel Mac OS X 10_15_7) AppleWebKit/537.36 (KHTML, like Gecko) Chrome/121.0.0.0 Safari/537.36','YTozOntzOjY6Il90b2tlbiI7czo0MDoiZVdrSzFtNmdRSE9FeGNvRjA4OEhCZnVsV3piRVUyeGhVVTdpOTl1ViI7czo5OiJfcHJldmlvdXMiO2E6MTp7czozOiJ1cmwiO3M6MjQ6Imh0dHBzOi8vb2FzeXMuaXRiYy5jby5qcCI7fXM6NjoiX2ZsYXNoIjthOjI6e3M6Mzoib2xkIjthOjA6e31zOjM6Im5ldyI7YTowOnt9fX0=',1721873313),('OiFlpmpkJCgl5q0VQTkF1WnnYUrnaQm1Au5k95df',NULL,NULL,'199.45.155.82','Mozilla/5.0 (compatible; CensysInspect/1.1; +https://about.censys.io/)','YTozOntzOjY6Il90b2tlbiI7czo0MDoiODN0WkhWMjlIRWpWeDhvU3lhN0pBdkhkd0V3akR5aEQ0ZmkyWWpvaCI7czo5OiJfcHJldmlvdXMiO2E6MTp7czozOiJ1cmwiO3M6MjQ6Imh0dHBzOi8vb2FzeXMuaXRiYy5jby5qcCI7fXM6NjoiX2ZsYXNoIjthOjI6e3M6Mzoib2xkIjthOjA6e31zOjM6Im5ldyI7YTowOnt9fX0=',1721956393),('pbumrCN7LQRJg3Z7UYvZIZySNuIiYDS8Q003D4xV',NULL,NULL,'43.249.128.155','Mozilla/5.0 (Windows NT 10.0; Win64; x64) AppleWebKit/537.36 (KHTML, like Gecko) Chrome/89.0.4389.114 Safari/537.36','YTozOntzOjY6Il90b2tlbiI7czo0MDoiVngwR3ppTHZlNnZDMmt1Q3BXbjMxMHkwQXpDZEJ4SnhxMjhoZnJnRiI7czo5OiJfcHJldmlvdXMiO2E6MTp7czozOiJ1cmwiO3M6MjQ6Imh0dHBzOi8vb2FzeXMuaXRiYy5jby5qcCI7fXM6NjoiX2ZsYXNoIjthOjI6e3M6Mzoib2xkIjthOjA6e31zOjM6Im5ldyI7YTowOnt9fX0=',1721574896),('QQnRHntc8b4iltJWqdAJz1gYFuPJ6BJmYbsAXgcT',NULL,NULL,'165.227.150.215','Mozilla/5.0 (Macintosh; Intel Mac OS X 10_15_7) AppleWebKit/537.36 (KHTML, like Gecko) Chrome/121.0.0.0 Safari/537.36','YTozOntzOjY6Il90b2tlbiI7czo0MDoieklZaW95bERLQ1kxM1pVZVVXNnl4NWdrbkk3aWtmSEZOeWEyd1k5dCI7czo5OiJfcHJldmlvdXMiO2E6MTp7czozOiJ1cmwiO3M6MjQ6Imh0dHBzOi8vb2FzeXMuaXRiYy5jby5qcCI7fXM6NjoiX2ZsYXNoIjthOjI6e3M6Mzoib2xkIjthOjA6e31zOjM6Im5ldyI7YTowOnt9fX0=',1722306249),('QVPTiNYDnuYvpi53wC50VgVHqGqq5ta6lOBDyaXK',NULL,NULL,'37.187.215.251','Mozilla/5.0 (X11; Ubuntu; Linux x86_64; rv:109.0) Gecko/20100101 Firefox/115.0','YTozOntzOjY6Il90b2tlbiI7czo0MDoibW1YOFN2SklleUpCUUFmUTJwdHNBZEJ3anA5ZzZNc3VzZVF4SmVBdCI7czo5OiJfcHJldmlvdXMiO2E6MTp7czozOiJ1cmwiO3M6MjQ6Imh0dHBzOi8vb2FzeXMuaXRiYy5jby5qcCI7fXM6NjoiX2ZsYXNoIjthOjI6e3M6Mzoib2xkIjthOjA6e31zOjM6Im5ldyI7YTowOnt9fX0=',1721963694),('Smlt1yL7zzQN7DxWAsZvEinXXeqfdZf6L9EZVbI6',NULL,NULL,'51.254.49.97','Mozilla/5.0 (X11; Ubuntu; Linux x86_64; rv:109.0) Gecko/20100101 Firefox/115.0','YTozOntzOjY6Il90b2tlbiI7czo0MDoiWWZ4QzQ3ck5VMEh6TTdzdklvOWttaXE2MHBwemlMcktYQzlJaFZTdyI7czo5OiJfcHJldmlvdXMiO2E6MTp7czozOiJ1cmwiO3M6MjQ6Imh0dHBzOi8vb2FzeXMuaXRiYy5jby5qcCI7fXM6NjoiX2ZsYXNoIjthOjI6e3M6Mzoib2xkIjthOjA6e31zOjM6Im5ldyI7YTowOnt9fX0=',1722100253),('SoG2IB789LAgpPH47TqTNqUL5THV2ek9tNBhu2jg',NULL,NULL,'18.141.25.45','Mozilla/5.0 (Windows NT 10.0; WOW64; rv:40.0) Gecko/20100101 Firefox/40.0','YTozOntzOjY6Il90b2tlbiI7czo0MDoiZDRadG5nSzZZTWJOc0d0ZmxoQXVweXVEOWFNc0RjTWg5T0R4MnlrVSI7czo5OiJfcHJldmlvdXMiO2E6MTp7czozOiJ1cmwiO3M6MjQ6Imh0dHBzOi8vb2FzeXMuaXRiYy5jby5qcCI7fXM6NjoiX2ZsYXNoIjthOjI6e3M6Mzoib2xkIjthOjA6e31zOjM6Im5ldyI7YTowOnt9fX0=',1721574400),('tEQUmYlsjm8NOxcQkum8CnzTKBtrf0BRmcw4uwf4',4,4,'133.242.202.214','Mozilla/5.0 (Macintosh; Intel Mac OS X 10_15_7) AppleWebKit/537.36 (KHTML, like Gecko) Chrome/126.0.0.0 Safari/537.36','YTo2OntzOjY6Il90b2tlbiI7czo0MDoiY3pha0MxakhkdlF5OHBNYU9OTXVVMmxZWkFtRVNCVHl5d3VTa2ZwMyI7czozOiJ1cmwiO2E6MDp7fXM6OToiX3ByZXZpb3VzIjthOjE6e3M6MzoidXJsIjtzOjU5OiJodHRwczovL29hc3lzLml0YmMuY28uanAvc21hcnRzdXBwb3J0L2FkbWluL3JlcGFpci1yZXF1ZXN0cyI7fXM6NjoiX2ZsYXNoIjthOjI6e3M6Mzoib2xkIjthOjA6e31zOjM6Im5ldyI7YTowOnt9fXM6NTI6ImxvZ2luX2FkbWluXzU5YmEzNmFkZGMyYjJmOTQwMTU4MGYwMTRjN2Y1OGVhNGUzMDk4OWQiO2k6NDtzOjEzOiJyZXBhaXJSZXF1ZXN0IjthOjE6e3M6NToiaW5kZXgiO2E6MDp7fX19',1721614593),('TxEbYNLPJsshJTSOh9DGl2e9n4s8yHWmfVzd4lvu',NULL,NULL,'87.236.176.174','Mozilla/5.0 (compatible; InternetMeasurement/1.0; +https://internet-measurement.com/)','YTozOntzOjY6Il90b2tlbiI7czo0MDoiY2FURzJSZ0djWUFMaWRYODZHa1V2d0NrMk1QdVhHYXV6bTZta1hsSiI7czo5OiJfcHJldmlvdXMiO2E6MTp7czozOiJ1cmwiO3M6MjQ6Imh0dHBzOi8vb2FzeXMuaXRiYy5jby5qcCI7fXM6NjoiX2ZsYXNoIjthOjI6e3M6Mzoib2xkIjthOjA6e31zOjM6Im5ldyI7YTowOnt9fX0=',1721969129),('Uwp5tz1nzazEbKc7BByLSizIIcSi4WyTAaDgTzwQ',NULL,NULL,'188.165.87.111','Mozilla/5.0 (X11; Ubuntu; Linux x86_64; rv:109.0) Gecko/20100101 Firefox/115.0','YTozOntzOjY6Il90b2tlbiI7czo0MDoiRWlxb3FtNzBiNmFGbVc2a3hZWEFpRlBqRnFYSFg4YmVGN1lZWkpRQiI7czo5OiJfcHJldmlvdXMiO2E6MTp7czozOiJ1cmwiO3M6MjQ6Imh0dHBzOi8vb2FzeXMuaXRiYy5jby5qcCI7fXM6NjoiX2ZsYXNoIjthOjI6e3M6Mzoib2xkIjthOjA6e31zOjM6Im5ldyI7YTowOnt9fX0=',1721957715),('W7zkAjVZWv6K01nIYajaYPTjZV1EfO3Aas8RXoNW',NULL,NULL,'35.171.144.152','Mozilla/5.0 \\(Windows NT 10.0\\; Win64\\; x64\\) AppleWebKit/537.36 \\(KHTML, like Gecko\\) Chrome/100.0.4896.60 Safari/537.36','YTozOntzOjY6Il90b2tlbiI7czo0MDoieVE4QTNoUDhmM0VibnBIUG4wR1c4TjVwa0F6SllDZlFuR3o1aGNxdCI7czo5OiJfcHJldmlvdXMiO2E6MTp7czozOiJ1cmwiO3M6MjQ6Imh0dHBzOi8vb2FzeXMuaXRiYy5jby5qcCI7fXM6NjoiX2ZsYXNoIjthOjI6e3M6Mzoib2xkIjthOjA6e31zOjM6Im5ldyI7YTowOnt9fX0=',1722377783),('xQirs0FI73KNSadWBuKlctkH6BLFxWbrF3qnvcJu',NULL,NULL,'35.215.127.4','Mozilla/5.0 (Windows NT 10.0; Win64; x64) AppleWebKit/537.36 (KHTML, like Gecko; compatible; BW/1.2; rb.gy/oupwis) Chrome/124.0.0.0 Safari/537.36','YTozOntzOjY6Il90b2tlbiI7czo0MDoiRk1UTkZPcHNudHZ2NTM1TjV2RmZCaHhpWXBNdUdFWkdrUHRscTMwRSI7czo5OiJfcHJldmlvdXMiO2E6MTp7czozOiJ1cmwiO3M6NTQ6Imh0dHBzOi8vb2FzeXMuaXRiYy5jby5qcC9jbGluaWMvaW5jb21wYXRpYmxlLWVxdWlwbWVudCI7fXM6NjoiX2ZsYXNoIjthOjI6e3M6Mzoib2xkIjthOjA6e31zOjM6Im5ldyI7YTowOnt9fX0=',1722022878),('Z7zyGFkRSua0LNjkVyP5j3ynm0a4XU8WyQMKxat9',NULL,NULL,'198.235.24.135','Expanse, a Palo Alto Networks company, searches across the global IPv4 space multiple times per day to identify customers&#39; presences on the Internet. If you would like to be excluded from our scans, please send IP addresses/domains to: scaninfo@paloaltonetworks.com','YTozOntzOjY6Il90b2tlbiI7czo0MDoiVlozNWFJUmwwUjA1MGRLUm91VVA1dUJmMEtVMnE3N1JsUnM1SVNHSCI7czo5OiJfcHJldmlvdXMiO2E6MTp7czozOiJ1cmwiO3M6MjQ6Imh0dHBzOi8vb2FzeXMuaXRiYy5jby5qcCI7fXM6NjoiX2ZsYXNoIjthOjI6e3M6Mzoib2xkIjthOjA6e31zOjM6Im5ldyI7YTowOnt9fX0=',1722335146),('zGuTeXyyLyKRMmHcUA4MsLoZQMtyuBz2adR6fg00',NULL,NULL,'194.55.186.252','Mozilla/5.0 (Linux; Android 9; EML-L29) AppleWebKit/537.36 (KHTML, like Gecko) Chrome/76.0.3809.111 Mobile Safari/537.36','YTozOntzOjY6Il90b2tlbiI7czo0MDoiOGtXMXI4N0hQcHlicXc1d0JYY2QyU05yekJCbEJLZWZxcFJrazkxOCI7czo5OiJfcHJldmlvdXMiO2E6MTp7czozOiJ1cmwiO3M6MjQ6Imh0dHBzOi8vb2FzeXMuaXRiYy5jby5qcCI7fXM6NjoiX2ZsYXNoIjthOjI6e3M6Mzoib2xkIjthOjA6e31zOjM6Im5ldyI7YTowOnt9fX0=',1722066117);

--
-- Table structure for table `sfa_agencies`
--

CREATE TABLE `sfa_agencies` (
  `id` bigint unsigned NOT NULL AUTO_INCREMENT COMMENT 'SFA代行店ID',
  `sfa_customer_id` int unsigned NOT NULL COMMENT 'SFA顧客情報ID',
  `name` varchar(255) CHARACTER SET utf8mb4 COLLATE utf8mb4_unicode_ci NOT NULL COMMENT '医院・得意先名',
  `sfa_customer_code` int unsigned NOT NULL COMMENT '消耗品ID',
  `customer_rank` varchar(255) CHARACTER SET utf8mb4 COLLATE utf8mb4_unicode_ci NOT NULL COMMENT 'ユーザー区分',
  `email` varchar(255) CHARACTER SET utf8mb4 COLLATE utf8mb4_unicode_ci DEFAULT NULL COMMENT 'メールアドレス',
  `phone_number` varchar(16) CHARACTER SET utf8mb4 COLLATE utf8mb4_unicode_ci DEFAULT NULL COMMENT 'TEL',
  `created_at` datetime NOT NULL DEFAULT CURRENT_TIMESTAMP COMMENT '作成日時',
  `updated_at` datetime NOT NULL DEFAULT CURRENT_TIMESTAMP COMMENT '更新日時',
  `deleted_at` datetime DEFAULT NULL COMMENT '削除日時',
  PRIMARY KEY (`id`)
) ENGINE=InnoDB AUTO_INCREMENT=257 DEFAULT CHARSET=utf8mb4 COLLATE=utf8mb4_unicode_ci;

--
-- Dumping data for table `sfa_agencies`
--

INSERT INTO `sfa_agencies` VALUES (1,318351,'ヘンリーシャインジャパンイースト株式会社世田谷支店',5377,'お店/代行店・Dealer/支店',NULL,'03-5491-7595','2024-04-10 22:54:35','2024-04-10 22:54:35',NULL),(2,319019,'株式会社八甕',1114,'お店/代行店・Dealer',NULL,'048-855-9911','2024-04-10 22:54:35','2024-04-10 22:54:35',NULL),(3,318298,'ササキ株式会社東京支店',5160,'お店/未契約店',NULL,'03-5730-7761','2024-04-10 22:54:35','2024-04-10 22:54:35',NULL),(4,340475,'ケーオーデンタル株式会社城西営業所',10021063,'その他',NULL,NULL,'2024-04-10 22:54:35','2024-04-10 22:54:35',NULL),(5,318251,'ケーオーデンタル株式会社城西営業所',1173,'お店/代行店・Dealer/支店',NULL,'049-271-1631','2024-04-10 22:54:35','2024-04-10 22:54:35',NULL),(6,318345,'ヘンリーシャインジャパンイースト株式会社横浜支店',1475,'お店/代行店・Dealer/支店',NULL,'045-770-4182','2024-04-10 22:54:35','2024-04-10 22:54:35',NULL),(7,318245,'ケーオーデンタル株式会社さいたま営業所',1141,'お店/代行店・Dealer/支店',NULL,'048-669-2111','2024-04-10 22:54:35','2024-04-10 22:54:35',NULL),(8,318987,'株式会社アマガイ',902,'お店/代行店・Dealer',NULL,'028-637-8611','2024-04-10 22:54:35','2024-04-10 22:54:35',NULL),(9,318356,'ヘンリーシャインジャパンイースト株式会社東大和支店',5663,'お店/代行店・Dealer/支店',NULL,'042-590-5770','2024-04-10 22:54:35','2024-04-10 22:54:35',NULL),(10,318984,'ヘンリーシャインジャパンイースト株式会社',915,'お店/代行店・Dealer',NULL,'028-613-5858','2024-04-10 22:54:35','2024-04-10 22:54:35',NULL),(11,318387,'株式会社ADI.G千葉支店',1230,'お店/代行店・Dealer/支店',NULL,'043-277-5571','2024-04-10 22:54:35','2024-04-10 22:54:35',NULL),(12,319013,'株式会社田中歯科器械店',5108,'お店/代行店・Dealer',NULL,'03-3230-2386','2024-04-10 22:54:35','2024-04-10 22:54:35',NULL),(13,318858,'有限会社関町デンタル',5484,'お店/取扱店',NULL,'03-3928-2255','2024-04-10 22:54:35','2024-04-10 22:54:35',NULL),(14,318998,'株式会社ヤマギシ',1006,'お店/代行店・Dealer',NULL,'0277-52-5482','2024-04-10 22:54:35','2024-04-10 22:54:35',NULL),(15,318264,'ケーオーデンタル株式会社八王子営業所',5637,'お店/代行店・Dealer/支店',NULL,'042-696-6670','2024-04-10 22:54:35','2024-04-10 22:54:35',NULL),(16,319018,'株式会社日本歯科工業社',5227,'お店/代行店・Dealer',NULL,'03-3836-2197','2024-04-10 22:54:35','2024-04-10 22:54:35',NULL),(17,318946,'有限会社土田商会',5302,'お店/取扱店',NULL,'03-3786-0784','2024-04-10 22:54:35','2024-04-10 22:54:35',NULL),(18,318729,'大森歯科医師協同組合',5347,'お店/未契約店',NULL,'03-3751-7787','2024-04-10 22:54:35','2024-04-10 22:54:35',NULL),(19,318814,'有限会社クラヤ',5648,'お店/未契約店',NULL,'042-386-0737','2024-04-10 22:54:35','2024-04-10 22:54:35',NULL),(20,318254,'ケーオーデンタル株式会社城北営業所',5192,'お店/代行店・Dealer/支店',NULL,'03-5915-0371','2024-04-10 22:54:35','2024-04-10 22:54:35',NULL),(21,318248,'ケーオーデンタル株式会社宇都宮営業所',911,'お店/代行店・Dealer/支店',NULL,'028-637-2761','2024-04-10 22:54:35','2024-04-10 22:54:35',NULL),(22,318344,'ヘンリーシャインジャパンイースト株式会社宇都宮支店',907,'お店/代行店・Dealer/支店',NULL,'028-613-5858','2024-04-10 22:54:35','2024-04-10 22:54:35',NULL),(23,318278,'ササキ株式会社札幌支店',187,'お店/未契約店',NULL,'011-788-0707','2024-04-10 22:54:35','2024-04-10 22:54:35',NULL),(24,318989,'株式会社オカムラ',5655,'お店/代行店・Dealer',NULL,'042-530-2260','2024-04-10 22:54:35','2024-04-10 22:54:35',NULL),(25,318301,'ササキ株式会社八王子支店',5626,'お店/未契約店',NULL,'042-645-1321','2024-04-10 22:54:35','2024-04-10 22:54:35',NULL),(26,318799,'有限会社アカサカ歯材社',1145,'お店/取扱店',NULL,'049-245-2206','2024-04-10 22:54:35','2024-04-10 22:54:35',NULL),(27,318316,'シラネ株式会社',5106,'お店/未契約店',NULL,'03-3256-9541','2024-04-10 22:54:36','2024-04-10 22:54:36',NULL),(28,318991,'株式会社コサカ',5483,'お店/代行店・Dealer',NULL,'03-3557-4111','2024-04-10 22:54:36','2024-04-10 22:54:36',NULL),(29,319017,'株式会社内田歯科材料店',104,'お店/代行店・Dealer',NULL,'0166-22-6655','2024-04-10 22:54:36','2024-04-10 22:54:36',NULL),(30,318307,'ササキ株式会社本郷支店',5209,'お店/未契約店',NULL,'03-3813-6191','2024-04-10 22:54:36','2024-04-10 22:54:36',NULL),(31,318249,'ケーオーデンタル株式会社横浜営業所',1433,'お店/代行店・Dealer/支店',NULL,'045-781-3341','2024-04-10 22:54:36','2024-04-10 22:54:36',NULL),(32,318695,'昭和歯科商社',5293,'お店/未契約店',NULL,NULL,'2024-04-10 22:54:36','2024-04-10 22:54:36',NULL),(33,318265,'ケーオーデンタル株式会社福岡営業所',4137,'お店/代行店・Dealer/支店',NULL,'092-432-0333','2024-04-10 22:54:36','2024-04-10 22:54:36',NULL),(34,318268,'ササキ株式会社　池袋支店',5446,'お店/未契約店',NULL,'03-3988-1691','2024-04-10 22:54:36','2024-04-10 22:54:36',NULL),(35,318262,'ケーオーデンタル株式会社東京営業所',5433,'お店/代行店・Dealer/支店',NULL,'03-3333-8553','2024-04-10 22:54:36','2024-04-10 22:54:36',NULL),(36,318308,'ササキ株式会社名古屋駅前支店',2386,'お店/未契約店',NULL,'052-307-3021','2024-04-10 22:54:36','2024-04-10 22:54:36',NULL),(37,319026,'北海道歯科産業株式会社',118,'お店/代行店・Dealer',NULL,'011-813-5556','2024-04-10 22:54:36','2024-04-10 22:54:36',NULL),(38,318235,'エース歯材',5344,'お店/未契約店',NULL,'03-3776-6819','2024-04-10 22:54:36','2024-04-10 22:54:36',NULL),(39,342899,'有限会社ユアーズデンタル',10023487,'その他',NULL,'03-5851-3020','2024-04-10 22:54:36','2024-04-10 22:54:36',NULL),(40,318599,'株式会社田中デンタル商会',163,'お店/未契約店',NULL,'0138-26-0138','2024-04-10 22:54:36','2024-04-10 22:54:36',NULL),(41,318996,'株式会社ハギノヤ',905,'お店/代行店・Dealer',NULL,'0282-22-1466','2024-04-10 22:54:36','2024-04-10 22:54:36',NULL),(42,318253,'ケーオーデンタル株式会社城南営業所',5370,'お店/代行店・Dealer/支店',NULL,'044-740-3611','2024-04-10 22:54:36','2024-04-10 22:54:36',NULL),(43,318401,'株式会社アマガイさいたま営業所',5664,'お店/代行店・Dealer/支店',NULL,'048-797-7762','2024-04-10 22:54:36','2024-04-10 22:54:36',NULL),(44,318993,'株式会社シラネ',2328,'お店/代行店・Dealer',NULL,'052-261-4636','2024-04-10 22:54:36','2024-04-10 22:54:36',NULL),(45,318855,'有限会社梶谷歯科商会',5601,'お店/未契約店',NULL,'042-626-0648','2024-04-10 22:54:36','2024-04-10 22:54:36',NULL),(46,318830,'有限会社トライデンタル',5635,'お店/未契約店',NULL,'042-586-6117','2024-04-10 22:54:36','2024-04-10 22:54:36',NULL),(47,318512,'株式会社ヨシダタロウ日野営業所',5666,'お店/代行店・Dealer/支店',NULL,'042-586-6117','2024-04-10 22:54:36','2024-04-10 22:54:36',NULL),(48,318793,'杢代歯科商店',5617,'お店/未契約店',NULL,'042-645-9024','2024-04-10 22:54:36','2024-04-10 22:54:36',NULL),(49,318511,'株式会社ヨシダタロウ大宮営業所',1165,'お店/代行店・Dealer/支店',NULL,'048-686-1345','2024-04-10 22:54:36','2024-04-10 22:54:36',NULL),(50,319104,'ケーオーデンタル株式会社　大田営業所',221,'お店/代行店・Dealer/支店',NULL,'03-5749-4649','2024-04-10 22:54:36','2024-04-10 22:54:36',NULL),(51,318578,'株式会社石田歯科商会室蘭店',153,'お店/代行店・Dealer/支店',NULL,'0143-22-4904','2024-04-10 22:54:36','2024-04-10 22:54:36',NULL),(52,318665,'札幌歯科器材株式会社',108,'お店/未契約店',NULL,'011-231-4033','2024-04-10 22:54:36','2024-04-10 22:54:36',NULL),(53,318225,'ＴＭＳデンタル',5605,'お店/未契約店',NULL,'042-379-8422','2024-04-10 22:54:36','2024-04-10 22:54:36',NULL),(54,319004,'株式会社沖縄歯科器材',4704,'お店/代行店・Dealer',NULL,'098-868-9488','2024-04-10 22:54:36','2024-04-10 22:54:36',NULL),(55,319000,'株式会社ヨシダタロウ',5231,'お店/代行店・Dealer',NULL,'03-3822-0621','2024-04-10 22:54:36','2024-04-10 22:54:36',NULL),(56,318592,'株式会社谷口商店越谷支店',1113,'お店/未契約店',NULL,'048-976-3698','2024-04-10 22:54:36','2024-04-10 22:54:36',NULL),(57,318988,'株式会社イシダﾘﾝｸ',2203,'お店/代行店・Dealer',NULL,'054-236-1001','2024-04-10 22:54:36','2024-04-10 22:54:36',NULL),(58,318975,'有限会社鈴木歯科商店',3307,'お店/取扱店',NULL,'0865-63-2862','2024-04-10 22:54:36','2024-04-10 22:54:36',NULL),(59,318543,'株式会社玉井歯科商店福山店',3417,'お店/代行店・Dealer/支店',NULL,'084-923-5867','2024-04-10 22:54:36','2024-04-10 22:54:36',NULL),(60,318570,'株式会社新生堂商会',5338,'お店/取扱店',NULL,'03-5763-5851','2024-04-10 22:54:36','2024-04-10 22:54:36',NULL),(61,319027,'有限会社ミヤワキ',2836,'お店/代行店・Dealer',NULL,'078-821-0459','2024-04-10 22:54:36','2024-04-10 22:54:36',NULL),(62,318450,'株式会社シラネ日大営業所',5199,'お店/未契約店',NULL,'03-3291-9087','2024-04-10 22:54:36','2024-04-10 22:54:36',NULL),(63,318679,'山本デンタル・メンテナンス',5628,'お店/未契約店',NULL,'042-622-1515','2024-04-10 22:54:36','2024-04-10 22:54:36',NULL),(64,318244,'ケーオーデンタル株式会社   世田谷',5373,'お店/未契約店',NULL,'03-3412-6480','2024-04-10 22:54:36','2024-04-10 22:54:36',NULL),(65,318758,'東京ユニオンデンタル',5636,'お店/未契約店',NULL,'042-642-3933','2024-04-10 22:54:36','2024-04-10 22:54:36',NULL),(66,318673,'三和デンタルカンパニー',1159,'お店/未契約店',NULL,'049-222-9668','2024-04-10 22:54:36','2024-04-10 22:54:36',NULL),(67,318580,'株式会社川村歯科器材店',5463,'お店/未契約店',NULL,'03-3974-0222','2024-04-10 22:54:36','2024-04-10 22:54:36',NULL),(68,318539,'株式会社玉井歯科商店高松店',3709,'お店/代行店・Dealer/支店',NULL,'087-831-4491','2024-04-10 22:54:36','2024-04-10 22:54:36',NULL),(69,318429,'株式会社クニシオ',2313,'お店/未契約店',NULL,'052-761-1131','2024-04-10 22:54:36','2024-04-10 22:54:36',NULL),(70,319021,'小越歯科商会',5624,'お店/代行店・Dealer',NULL,'03-3488-2883','2024-04-10 22:54:36','2024-04-10 22:54:36',NULL),(71,319161,'ヘンリーシャインジャパンイースト株式会社盛岡支店',279,'お店/代行店・Dealer/支店',NULL,'019-635-7750','2024-04-10 22:54:36','2024-04-10 22:54:36',NULL),(72,318816,'有限会社コトブキ',1102,'お店/未契約店',NULL,'048-644-1008','2024-04-10 22:54:36','2024-04-10 22:54:36',NULL),(73,318982,'ケーオーデンタル株式会社',5425,'お店/代行店・Dealer',NULL,'03-3344-1181','2024-04-10 22:54:36','2024-04-10 22:54:36',NULL),(74,318941,'有限会社田口歯科商店',1112,'お店/未契約店',NULL,'049-246-8600','2024-04-10 22:54:36','2024-04-10 22:54:36',NULL),(75,318255,'ケーオーデンタル株式会社神奈川西営業所',1471,'お店/代行店・Dealer/支店',NULL,'0465-81-3511','2024-04-10 22:54:36','2024-04-10 22:54:36',NULL),(76,318603,'株式会社田中歯科器械店西東京支店',5649,'お店/未契約店',NULL,'042-333-4481','2024-04-10 22:54:36','2024-04-10 22:54:36',NULL),(77,319188,'ヘンリーシャインジャパンイースト株式会社練馬営業所',916,'お店/代行店・Dealer/支店',NULL,'03-5912-1180','2024-04-10 22:54:36','2024-04-10 22:54:36',NULL),(78,319002,'株式会社一色タカナワ',5150,'お店/代行店・Dealer',NULL,'03-3441-1161','2024-04-10 22:54:36','2024-04-10 22:54:36',NULL),(79,318252,'ケーオーデンタル株式会社城東営業所',5585,'お店/代行店・Dealer/支店',NULL,'03-5698-8781','2024-04-10 22:54:36','2024-04-10 22:54:36',NULL),(80,318448,'株式会社シラネ盛岡営業所',306,'お店/未契約店',NULL,NULL,'2024-04-10 22:54:36','2024-04-10 22:54:36',NULL),(81,318443,'株式会社シマヤ八戸支店',202,'お店/代行店・Dealer/支店',NULL,'0178-20-5770','2024-04-10 22:54:36','2024-04-10 22:54:36',NULL),(82,318540,'株式会社玉井歯科商店松江店',3209,'お店/代行店・Dealer/支店',NULL,'0852-27-1916','2024-04-10 22:54:36','2024-04-10 22:54:36',NULL),(83,318438,'株式会社サンライズデンタル',3110,'お店/未契約店',NULL,'0857-27-7521','2024-04-10 22:54:36','2024-04-10 22:54:36',NULL),(84,318525,'株式会社岡村歯科商店',5151,'お店/未契約店',NULL,'03-5724-3238','2024-04-10 22:54:36','2024-04-10 22:54:36',NULL),(85,318964,'有限会社片山歯材',2629,'お店/未契約店',NULL,'075-592-0180','2024-04-10 22:54:36','2024-04-10 22:54:36',NULL),(86,318593,'株式会社谷口商店大宮支店',1160,'お店/未契約店',NULL,'048-651-7075','2024-04-10 22:54:36','2024-04-10 22:54:36',NULL),(87,319009,'株式会社石田歯科商会札幌本店',103,'お店/代行店・Dealer',NULL,'011-742-2322','2024-04-10 22:54:36','2024-04-10 22:54:36',NULL),(88,318355,'ヘンリーシャインジャパンイースト株式会社大宮支店',1172,'お店/代行店・Dealer/支店',NULL,'048-688-1740','2024-04-10 22:54:36','2024-04-10 22:54:36',NULL),(89,318614,'株式会社八甕県東営業所',1155,'お店/代行店・Dealer/支店',NULL,'048-736-7078','2024-04-10 22:54:36','2024-04-10 22:54:36',NULL),(90,318348,'ヘンリーシャインジャパンイースト株式会社松戸支店',1228,'お店/代行店・Dealer',NULL,'047-345-3131','2024-04-10 22:54:36','2024-04-10 22:54:36',NULL),(91,318985,'沖歯科要材株式会社',1515,'お店/代行店・Dealer',NULL,'025-266-6975','2024-04-10 22:54:36','2024-04-10 22:54:36',NULL),(92,318445,'株式会社シラネ刈谷支店',2365,'お店/代行店・Dealer/支店',NULL,'0566-24-1521','2024-04-10 22:54:36','2024-04-10 22:54:36',NULL),(93,318263,'ケーオーデンタル株式会社柏営業所',1236,'お店/未契約店',NULL,'04-7178-6080','2024-04-10 22:54:36','2024-04-10 22:54:36',NULL),(94,345821,'株式会社アベイル',10026427,'お店/未契約店',NULL,'054-202-5300','2024-04-10 22:54:36','2024-04-10 22:54:36',NULL),(95,318293,'ササキ株式会社千葉営業所',5301,'お店/未契約店',NULL,'043-287-8241','2024-04-10 22:54:36','2024-04-10 22:54:36',NULL),(96,318708,'杉崎デンタル株式会社',1416,'お店/未契約店',NULL,'046-231-0467','2024-04-10 22:54:36','2024-04-10 22:54:36',NULL),(97,318999,'株式会社ユーケイデンタル',4320,'お店/代行店・Dealer',NULL,'096-377-2555','2024-04-10 22:54:36','2024-04-10 22:54:36',NULL),(98,318577,'株式会社石田歯科商会岩見沢店',102,'お店/代行店・Dealer/支店',NULL,'0126-22-0085','2024-04-10 22:54:36','2024-04-10 22:54:36',NULL),(99,318629,'株式会社北海道歯材社',169,'お店/未契約店',NULL,'011-773-4846','2024-04-10 22:54:36','2024-04-10 22:54:36',NULL),(100,318615,'株式会社八甕県北営業所',1156,'お店/代行店・Dealer/支店',NULL,'048-524-0991','2024-04-10 22:54:36','2024-04-10 22:54:36',NULL),(101,318507,'株式会社ユーディーデンタル',1482,'お店/未契約店',NULL,'045-304-3101','2024-04-10 22:54:36','2024-04-10 22:54:36',NULL),(102,318246,'ケーオーデンタル株式会社テクニカルサポート',5430,'お店/代行店・Dealer/支店',NULL,'048-291-3655','2024-04-10 22:54:36','2024-04-10 22:54:36',NULL),(103,318921,'有限会社川口歯科商会',194,'お店/取扱店',NULL,'011-726-5772','2024-04-10 22:54:36','2024-04-10 22:54:36',NULL),(104,319008,'株式会社石井歯科器材',5332,'お店/代行店・Dealer',NULL,'03-3731-1487','2024-04-10 22:54:36','2024-04-10 22:54:36',NULL),(105,318219,'ケーオーデンタル株式会社町田営業所',5647,'お店/未契約店',NULL,'042-786-8581','2024-04-10 22:54:36','2024-04-10 22:54:36',NULL),(106,318925,'有限会社染谷歯科商店',5310,'お店/未契約店',NULL,'03-3710-5656','2024-04-10 22:54:36','2024-04-10 22:54:36',NULL),(107,318701,'上原歯科産業株式会社',5333,'お店/未契約店',NULL,NULL,'2024-04-10 22:54:36','2024-04-10 22:54:36',NULL),(108,318303,'ササキ株式会社浜松支店',2211,'お店/未契約店',NULL,'053-464-6677','2024-04-10 22:54:36','2024-04-10 22:54:36',NULL),(109,318962,'有限会社福澤歯科商会',151,'お店/取扱店',NULL,'011-666-1941','2024-04-10 22:54:36','2024-04-10 22:54:36',NULL),(110,318294,'ササキ株式会社川崎支店',1474,'お店/未契約店',NULL,'044-433-8500','2024-04-10 22:54:36','2024-04-10 22:54:36',NULL),(111,318616,'株式会社八甕港北営業所',1442,'お店/代行店・Dealer/支店',NULL,'046-263-4343','2024-04-10 22:54:36','2024-04-10 22:54:36',NULL),(112,319006,'株式会社後藤歯科商店',704,'お店/代行店・Dealer',NULL,'024-522-2755','2024-04-10 22:54:36','2024-04-10 22:54:36',NULL),(113,318575,'株式会社西尾',1217,'お店/取扱店',NULL,'043-224-3231','2024-04-10 22:54:36','2024-04-10 22:54:36',NULL),(114,318474,'株式会社トミヤ奈良支店',2921,'お店/代行店・Dealer/支店',NULL,'0743-56-2900','2024-04-10 22:54:36','2024-04-10 22:54:36',NULL),(115,318454,'株式会社スズキデンタル',1003,'お店/未契約店',NULL,'027-322-7000','2024-04-10 22:54:36','2024-04-10 22:54:36',NULL),(116,318506,'株式会社ユーケイデンタル福岡店',4094,'お店/代行店・Dealer/支店',NULL,'092-874-2811','2024-04-10 22:54:36','2024-04-10 22:54:36',NULL),(117,319024,'八幡デンタル器材株式会社',4030,'お店/代行店・Dealer',NULL,'093-614-1331','2024-04-10 22:54:36','2024-04-10 22:54:36',NULL),(118,319088,'株式会社永井歯科商会　八戸営業所',190,'お店/代行店・Dealer/支店',NULL,'0178-45-2018','2024-04-10 22:54:36','2024-04-10 22:54:36',NULL),(119,319028,'有限会社益村歯科商店',4022,'お店/代行店・Dealer',NULL,'0942-38-8208','2024-04-10 22:54:36','2024-04-10 22:54:36',NULL),(120,319020,'佐藤歯材株式会社',5215,'お店/代行店・Dealer',NULL,'03-3833-3986','2024-04-10 22:54:36','2024-04-10 22:54:36',NULL),(121,318291,'ササキ株式会社静岡支店',2213,'お店/未契約店',NULL,'054-655-2080','2024-04-10 22:54:36','2024-04-10 22:54:36',NULL),(122,318551,'株式会社佐波',1704,'お店/取扱店',NULL,'076-232-3733','2024-04-10 22:54:36','2024-04-10 22:54:36',NULL),(123,318622,'株式会社別田　金沢支店',1707,'お店/取扱店/支店',NULL,'076-291-0990','2024-04-10 22:54:36','2024-04-10 22:54:36',NULL),(124,318850,'有限会社横溝歯科商店',1119,'お店/取扱店',NULL,'048-641-3046','2024-04-10 22:54:36','2024-04-10 22:54:36',NULL),(125,319010,'株式会社村上歯科商店',122,'お店/代行店・Dealer',NULL,'0134-22-1619','2024-04-10 22:54:36','2024-04-10 22:54:36',NULL),(126,318314,'ジャパデント株式会社',5651,'お店/未契約店',NULL,'0475-89-3160','2024-04-10 22:54:36','2024-04-10 22:54:36',NULL),(127,318300,'ササキ株式会社東京北支店',5546,'お店/未契約店',NULL,'03-5856-7723','2024-04-10 22:54:36','2024-04-10 22:54:36',NULL),(128,318404,'株式会社イシダﾘﾝｸ富士営業所',2231,'その他',NULL,'0545-72-4101','2024-04-10 22:54:36','2024-04-10 22:54:36',NULL),(129,318402,'株式会社イシダﾘﾝｸ東部営業所',2221,'お店/代行店・Dealer/支店',NULL,'055-972-5564','2024-04-10 22:54:36','2024-04-10 22:54:36',NULL),(130,318886,'有限会社三和歯科材料',3318,'お店/未契約店',NULL,'0868-24-0676','2024-04-10 22:54:36','2024-04-10 22:54:36',NULL),(131,386806,'ヘンリーシャインジャパンイースト株式会社宇都宮商品センター',297,'お店/代行店・Dealer/支店',NULL,'028-613-5271','2024-04-10 22:54:36','2024-04-10 22:54:36',NULL),(132,318667,'三研商事有限会社',5292,'お店/未契約店',NULL,'03-3442-6661','2024-04-10 22:54:36','2024-04-10 22:54:36',NULL),(133,318579,'株式会社石田歯科商会苫小牧店',138,'お店/代行店・Dealer/支店',NULL,'0144-84-7988','2024-04-10 22:54:36','2024-04-10 22:54:36',NULL),(134,318418,'株式会社オサダ',5613,'お店/未契約店',NULL,'042-553-0065','2024-04-10 22:54:36','2024-04-10 22:54:36',NULL),(135,318606,'株式会社藤田歯科用品店',117,'お店/未契約店',NULL,'0155-23-5326','2024-04-10 22:54:36','2024-04-10 22:54:36',NULL),(136,318325,'タキグチメディカル有限会社',1111,'お店/未契約店',NULL,NULL,'2024-04-10 22:54:36','2024-04-10 22:54:36',NULL),(137,318260,'ケーオーデンタル株式会社千葉営業所',1242,'お店/代行店・Dealer/支店',NULL,'043-209-1741','2024-04-10 22:54:36','2024-04-10 22:54:36',NULL),(138,318405,'株式会社イシハラ',1445,'お店/未契約店',NULL,'045-501-8341','2024-04-10 22:54:36','2024-04-10 22:54:36',NULL),(139,318820,'有限会社サンベデンタル',5618,'お店/未契約店',NULL,'090-4614-6555','2024-04-10 22:54:36','2024-04-10 22:54:36',NULL),(140,318655,'合同会社オプティ',3325,'お店/未契約店',NULL,'0868-32-1717','2024-04-10 22:54:36','2024-04-10 22:54:36',NULL),(141,318704,'城北歯科商会',5461,'お店/未契約店',NULL,'03-3972-7388','2024-04-10 22:54:36','2024-04-10 22:54:36',NULL),(142,318479,'株式会社バース',5547,'お店/未契約店',NULL,'03-5682-5421','2024-04-10 22:54:36','2024-04-10 22:54:36',NULL),(143,318986,'株式会社ADI.G',1701,'お店/代行店・Dealer',NULL,'076-251-0115','2024-04-10 22:54:36','2024-04-10 22:54:36',NULL),(144,318415,'株式会社エスディーエム',1245,'お店/未契約店',NULL,'04-7150-3111','2024-04-10 22:54:36','2024-04-10 22:54:36',NULL),(145,318284,'ササキ株式会社新潟営業所',1531,'お店/未契約店',NULL,'025-271-2361','2024-04-10 22:54:36','2024-04-10 22:54:36',NULL),(146,318676,'山田歯科商店',1161,'お店/未契約店',NULL,'048-924-2980','2024-04-10 22:54:36','2024-04-10 22:54:36',NULL),(147,318568,'株式会社上野歯科商会',5361,'お店/取扱店',NULL,'03-3413-5161','2024-04-10 22:54:36','2024-04-10 22:54:36',NULL),(148,318368,'ラブリーデンタルサプライ',5642,'お店/未契約店',NULL,'0422-33-2128','2024-04-10 22:54:36','2024-04-10 22:54:36',NULL),(149,318538,'株式会社玉井歯科商店広島店',3407,'お店/代行店・Dealer/支店',NULL,'082-251-1911','2024-04-10 22:54:36','2024-04-10 22:54:36',NULL),(150,318581,'株式会社浅野歯科産業金沢支店',1708,'お店/未契約店',NULL,'076-251-0115','2024-04-10 22:54:36','2024-04-10 22:54:36',NULL),(151,318277,'ササキ株式会社埼玉支店',1170,'お店/未契約店',NULL,'048-749-1620','2024-04-10 22:54:36','2024-04-10 22:54:36',NULL),(152,318951,'有限会社藤崎歯科器材商会',4608,'お店/未契約店',NULL,'099-253-0010','2024-04-10 22:54:36','2024-04-10 22:54:36',NULL),(153,318944,'有限会社都城歯科商会',4505,'お店/未契約店',NULL,'0986-22-3561','2024-04-10 22:54:36','2024-04-10 22:54:36',NULL),(154,364438,'株式会社八神製作所',70031174,'お店/未契約店',NULL,'052-251-6671','2024-04-10 22:54:36','2024-04-10 22:54:36',NULL),(155,318503,'株式会社ユーケイデンタル鹿児島店',4601,'お店/代行店・Dealer/支店',NULL,'099-254-0509','2024-04-10 22:54:36','2024-04-10 22:54:36',NULL),(156,318267,'ササキデンタル',1129,'お店/未契約店',NULL,'04-2998-6003','2024-04-10 22:54:36','2024-04-10 22:54:36',NULL),(157,318773,'尾崎歯材株式会社神戸営業所',2872,'お店/代行店・Dealer/支店',NULL,'078-801-0209','2024-04-10 22:54:36','2024-04-10 22:54:36',NULL),(158,318992,'株式会社シマヤ',201,'お店/代行店・Dealer',NULL,'017-775-2477','2024-04-10 22:54:36','2024-04-10 22:54:36',NULL),(159,318290,'ササキ株式会社青森支店',212,'お店/未契約店',NULL,'017-744-7650','2024-04-10 22:54:36','2024-04-10 22:54:36',NULL),(160,318223,'TAKANO',4313,'お店/未契約店',NULL,'090-3738-0094','2024-04-10 22:54:36','2024-04-10 22:54:36',NULL),(161,319016,'株式会社東美屋歯科商店岡山店',3309,'お店/代行店・Dealer',NULL,'086-271-6868','2024-04-10 22:54:36','2024-04-10 22:54:36',NULL),(162,318516,'株式会社リンケージ藤波',3312,'お店/未契約店',NULL,'086-420-0001','2024-04-10 22:54:36','2024-04-10 22:54:36',NULL),(163,318496,'株式会社ムトウ函館支店',193,'お店/未契約店',NULL,'0138-26-3315','2024-04-10 22:54:36','2024-04-10 22:54:36',NULL),(164,319130,'株式会社オリエンタル歯科器材　鹿児島支店',248,'お店/未契約店',NULL,'099-248-8620','2024-04-10 22:54:36','2024-04-10 22:54:36',NULL),(165,318416,'株式会社オオシマ',105,'お店/未契約店',NULL,'011-642-6688','2024-04-10 22:54:36','2024-04-10 22:54:36',NULL),(166,318933,'有限会社池田歯科商会',801,'お店/取扱店',NULL,'0297-73-0331','2024-04-10 22:54:36','2024-04-10 22:54:36',NULL),(167,318487,'株式会社マルミ歯科商店岡山支店',3313,'お店/取扱店/支店',NULL,'086-225-4378','2024-04-10 22:54:36','2024-04-10 22:54:36',NULL),(168,319144,'北海道歯科産業株式会社苫小牧営業所',262,'お店/代行店・Dealer/支店',NULL,'0144-56-5922','2024-04-10 22:54:36','2024-04-10 22:54:36',NULL),(169,318822,'有限会社シンワデンタル',5652,'お店/未契約店',NULL,'042-487-0181','2024-04-10 22:54:36','2024-04-10 22:54:36',NULL),(170,318617,'株式会社八甕成田営業所',1237,'お店/代行店・Dealer/支店',NULL,'0476-27-0223','2024-04-10 22:54:36','2024-04-10 22:54:36',NULL),(171,318602,'株式会社田中歯科器械店神奈川支店',1410,'お店/代行店・Dealer/支店',NULL,'046-826-1640','2024-04-10 22:54:36','2024-04-10 22:54:36',NULL),(172,318274,'ササキ株式会社厚木支店',1473,'お店/未契約店',NULL,'046-221-9331','2024-04-10 22:54:36','2024-04-10 22:54:36',NULL),(173,318892,'有限会社柴商店',1135,'お店/未契約店',NULL,'048-432-3949','2024-04-10 22:54:36','2024-04-10 22:54:36',NULL),(174,318286,'ササキ株式会社神奈川商品センター',1484,'お店/未契約店',NULL,'045-790-3631','2024-04-10 22:54:36','2024-04-10 22:54:36',NULL),(175,318722,'川添デンタルサービス',1162,'お店/未契約店',NULL,'048-686-0085','2024-04-10 22:54:36','2024-04-10 22:54:36',NULL),(176,318994,'株式会社デンタルアクト',1449,'お店/代行店・Dealer',NULL,'046-263-2007','2024-04-10 22:54:36','2024-04-10 22:54:36',NULL),(177,319059,'ケーオーデンタル株式会社神奈川中央営業所',142,'お店/代行店・Dealer/支店',NULL,'045-949-3655','2024-04-10 22:54:36','2024-04-10 22:54:36',NULL),(178,318467,'株式会社トーデント九州',4013,'お店/取扱店',NULL,'092-433-5558','2024-04-10 22:54:36','2024-04-10 22:54:36',NULL),(179,318389,'株式会社ＡＤＩ．Ｇ富山支店',1607,'お店/代行店・Dealer/支店',NULL,'076-435-9098','2024-04-10 22:54:36','2024-04-10 22:54:36',NULL),(180,318709,'杉崎デンタル株式会社横浜営業所',1468,'お店/未契約店',NULL,'045-366-2400','2024-04-10 22:54:36','2024-04-10 22:54:36',NULL),(181,318354,'ヘンリーシャインジャパンイースト株式会社前橋支店',1010,'お店/代行店・Dealer/支店',NULL,'027-350-8241','2024-04-10 22:54:36','2024-04-10 22:54:36',NULL),(182,318834,'有限会社ハヤセ・デンタル・サプライヤー',2369,'お店/取扱店',NULL,'052-703-7155','2024-04-10 22:54:36','2024-04-10 22:54:36',NULL),(183,318330,'デンタルサポート株式会社　歯科事業部札幌事業所',121,'お店/未契約店',NULL,'011-708-7191','2024-04-10 22:54:36','2024-04-10 22:54:36',NULL),(184,318960,'有限会社比留間商店',5422,'お店/未契約店',NULL,'03-3396-3361','2024-04-10 22:54:36','2024-04-10 22:54:36',NULL),(185,318649,'戸辺歯科商店',1169,'お店/未契約店',NULL,'0276-74-4334','2024-04-10 22:54:36','2024-04-10 22:54:36',NULL),(186,318995,'株式会社トミヤ（０３１）',6094,'お店/代行店・Dealer',NULL,'06-6624-0077','2024-04-10 22:54:36','2024-04-10 22:54:36',NULL),(187,386047,'ケーオーデンタル株式会社千代田営業所',289,'お店/代行店・Dealer/支店',NULL,'03-5211-3713','2024-04-10 22:54:36','2024-04-10 22:54:36',NULL),(188,319011,'株式会社滝沢歯科器械店',2009,'お店/代行店・Dealer',NULL,'0268-27-3351','2024-04-10 22:54:36','2024-04-10 22:54:36',NULL),(189,318341,'フォルディ株式会社宮崎営業所',4510,'お店/代行店・Dealer/支店',NULL,'0985-24-7034','2024-04-10 22:54:36','2024-04-10 22:54:36',NULL),(190,318732,'大林歯科商店',4519,'お店/未契約店',NULL,'0985-53-9528','2024-04-10 22:54:36','2024-04-10 22:54:36',NULL),(191,318836,'有限会社ベスト商会',186,'お店/未契約店',NULL,'0138-46-5325','2024-04-10 22:54:36','2024-04-10 22:54:36',NULL),(192,319022,'谷山歯科器材株式会社',5542,'お店/取扱店',NULL,'03-3881-5452','2024-04-10 22:54:36','2024-04-10 22:54:36',NULL),(193,318485,'株式会社ホソロギ',1605,'お店/未契約店',NULL,'0766-23-1019','2024-04-10 22:54:36','2024-04-10 22:54:36',NULL),(194,318666,'札幌歯科器材株式会社釧路支店',109,'お店/未契約店',NULL,'0154-51-0361','2024-04-10 22:54:36','2024-04-10 22:54:36',NULL),(195,318784,'北海道歯科産業株式会社帯広営業所',198,'お店/代行店・Dealer/支店',NULL,'0155-66-7717','2024-04-10 22:54:36','2024-04-10 22:54:36',NULL),(196,318469,'株式会社トミヤ　岡山支店',225,'お店/代行店・Dealer/支店',NULL,'086-271-6868','2024-04-10 22:54:36','2024-04-10 22:54:36',NULL),(197,318560,'株式会社三宅歯科商店',3314,'お店/未契約店',NULL,'086-243-6121','2024-04-10 22:54:36','2024-04-10 22:54:36',NULL),(198,318289,'ササキ株式会社盛岡支店',315,'お店/未契約店',NULL,'019-636-2800','2024-04-10 22:54:36','2024-04-10 22:54:36',NULL),(199,318549,'株式会社後藤歯科商店盛岡店',317,'お店/代行店・Dealer/支店',NULL,'019-648-0811','2024-04-10 22:54:36','2024-04-10 22:54:36',NULL),(200,319007,'株式会社松本歯科商会',404,'お店/代行店・Dealer',NULL,'022-293-3588','2024-04-10 22:54:36','2024-04-10 22:54:36',NULL),(201,318644,'熊谷デンタルサービス',1167,'お店/未契約店',NULL,'049-231-2813','2024-04-10 22:54:36','2024-04-10 22:54:36',NULL),(202,318853,'有限会社河野歯科商店',4305,'お店/取扱店',NULL,'096-364-0952','2024-04-10 22:54:36','2024-04-10 22:54:36',NULL),(203,318851,'有限会社横山歯科商店',2114,'お店/未契約店',NULL,'058-245-7700','2024-04-10 22:54:36','2024-04-10 22:54:36',NULL),(204,318681,'山野歯科商店',5117,'お店/未契約店',NULL,'03-3291-8872','2024-04-10 22:54:36','2024-04-10 22:54:36',NULL),(205,318541,'株式会社玉井歯科商店徳山店',3505,'お店/代行店・Dealer/支店',NULL,'0834-21-0400','2024-04-10 22:54:36','2024-04-10 22:54:36',NULL),(206,318233,'イワサキ歯材',3324,'お店/未契約店',NULL,'086-253-4306','2024-04-10 22:54:36','2024-04-10 22:54:36',NULL),(207,318947,'有限会社東屋歯科商会',5560,'お店/未契約店',NULL,'03-5672-7078','2024-04-10 22:54:36','2024-04-10 22:54:36',NULL),(208,318901,'有限会社城北白根歯科商店',5502,'お店/未契約店',NULL,'03-3912-7305','2024-04-10 22:54:36','2024-04-10 22:54:36',NULL),(209,318586,'株式会社大熊デンタル',5208,'お店/未契約店',NULL,'03-6806-6482','2024-04-10 22:54:36','2024-04-10 22:54:36',NULL),(210,318536,'株式会社玉井歯科商店岡山店',3323,'お店/代行店・Dealer/支店',NULL,'086-244-3429','2024-04-10 22:54:36','2024-04-10 22:54:36',NULL),(211,318591,'株式会社谷口商店',5442,'お店/未契約店',NULL,'03-3987-4466','2024-04-10 22:54:36','2024-04-10 22:54:36',NULL),(212,318849,'有限会社栄光',5654,'お店/未契約店',NULL,'049-258-4447','2024-04-10 22:54:36','2024-04-10 22:54:36',NULL),(213,318783,'北海道歯科産業株式会社旭川支店',107,'お店/代行店・Dealer/支店',NULL,'0166-26-4671','2024-04-10 22:54:36','2024-04-10 22:54:36',NULL),(214,319031,'有限会社筑後デンタル',4076,'お店/代行店・Dealer',NULL,'0944-51-4193','2024-04-10 22:54:36','2024-04-10 22:54:36',NULL),(215,318691,'小森歯科器材社',1130,'お店/未契約店',NULL,'048-666-6920','2024-04-10 22:54:36','2024-04-10 22:54:36',NULL),(216,318753,'田岡歯科商店',5611,'お店/未契約店',NULL,'03-5761-7900','2024-04-10 22:54:36','2024-04-10 22:54:36',NULL),(217,318466,'株式会社デンタルミック',5238,'お店/未契約店',NULL,'03-3833-0998','2024-04-10 22:54:36','2024-04-10 22:54:36',NULL),(218,318270,'ササキ株式会社横浜支店',1436,'お店/未契約店',NULL,'045-641-7197','2024-04-10 22:54:36','2024-04-10 22:54:36',NULL),(219,318548,'株式会社後藤歯科商店会津店',722,'お店/代行店・Dealer/支店',NULL,'0242-93-9201','2024-04-10 22:54:36','2024-04-10 22:54:36',NULL),(220,318426,'株式会社カタギリ',1504,'お店/未契約店',NULL,'025-284-3091','2024-04-10 22:54:36','2024-04-10 22:54:36',NULL),(221,318804,'有限会社イオス',5659,'お店/未契約店',NULL,'042-668-8625','2024-04-10 22:54:36','2024-04-10 22:54:36',NULL),(222,318509,'株式会社ヨシオカ　大阪店',5834,'お店/未契約店',NULL,'06-6702-1101','2024-04-10 22:54:36','2024-04-10 22:54:36',NULL),(223,318349,'ヘンリーシャインジャパンイースト株式会社上野支店',5246,'お店/代行店・Dealer/支店',NULL,'03-3832-8241','2024-04-10 22:54:36','2024-04-10 22:54:36',NULL),(224,340474,'ケーオーデンタル株式会社大宮営業所',10021062,'その他',NULL,NULL,'2024-04-10 22:54:36','2024-04-10 22:54:36',NULL),(225,318302,'ササキ株式会社八戸店',213,'お店/未契約店',NULL,'0178-51-8925','2024-04-10 22:54:36','2024-04-10 22:54:36',NULL),(226,318916,'有限会社石原歯科商会',5460,'お店/未契約店',NULL,'03-3930-5772','2024-04-10 22:54:36','2024-04-10 22:54:36',NULL),(227,365883,'有限会社　長哲工',70032619,'お店/未契約店',NULL,'03-3840-6338','2024-04-10 22:54:36','2024-04-10 22:54:36',NULL),(228,319117,'株式会社石井歯科器材横浜営業所',235,'お店/代行店・Dealer/支店',NULL,'046-259-8607','2024-04-10 22:54:36','2024-04-10 22:54:36',NULL),(229,318350,'ヘンリーシャインジャパンイースト株式会社水戸支店',809,'お店/代行店・Dealer/支店',NULL,'029-225-6543','2024-04-10 22:54:36','2024-04-10 22:54:36',NULL),(230,318930,'株式会社リンク　神戸支店',2864,'お店/代行店・Dealer/支店',NULL,'078-923-6070','2024-04-10 22:54:36','2024-04-10 22:54:36',NULL),(231,340245,'株式会社スズキデンタル',10020833,'その他',NULL,NULL,'2024-04-10 22:54:36','2024-04-10 22:54:36',NULL),(232,318353,'ヘンリーシャインジャパンイースト株式会社千葉支店',1238,'お店/代行店・Dealer/支店',NULL,'043-305-1182','2024-04-10 22:54:36','2024-04-10 22:54:36',NULL),(233,318659,'佐藤歯科商事',1134,'お店/未契約店',NULL,'04-2962-8751','2024-04-10 22:54:36','2024-04-10 22:54:36',NULL),(234,318442,'株式会社シマヤ函館営業所',161,'お店/代行店・Dealer/支店',NULL,'0138-84-1150','2024-04-10 22:54:36','2024-04-10 22:54:36',NULL),(235,318887,'有限会社山岸歯科商会',1118,'お店/未契約店',NULL,'0280-62-2101','2024-04-10 22:54:36','2024-04-10 22:54:36',NULL),(236,350383,'株式会社スリーデンタル',10034240,'お店/未契約店',NULL,'011-374-8502','2024-04-10 22:54:36','2024-04-10 22:54:36',NULL),(237,319065,'株式会社吉澤',149,'お店/未契約店',NULL,'096-285-5855','2024-04-10 22:54:36','2024-04-10 22:54:36',NULL),(238,318885,'有限会社三晶',177,'お店/未契約店',NULL,NULL,'2024-04-10 22:54:36','2024-04-10 22:54:36',NULL),(239,318842,'有限会社ミリオン',5657,'お店/未契約店',NULL,'042-637-1380','2024-04-10 22:54:36','2024-04-10 22:54:36',NULL),(240,318366,'モダンデンタル株式会社',2219,'お店/未契約店',NULL,'054-262-2560','2024-04-10 22:54:36','2024-04-10 22:54:36',NULL),(241,318554,'株式会社笹木歯科商店',1601,'お店/未契約店',NULL,'076-421-3462','2024-04-10 22:54:36','2024-04-10 22:54:36',NULL),(242,318373,'稲葉歯材社',5362,'お店/未契約店',NULL,'03-3428-7878','2024-04-10 22:54:36','2024-04-10 22:54:36',NULL),(243,318493,'株式会社ミムラ',5345,'お店/取扱店',NULL,'03-3738-9101','2024-04-10 22:54:36','2024-04-10 22:54:36',NULL),(244,318532,'株式会社協立医療会津営業所',717,'お店/未契約店',NULL,'0242-27-7634','2024-04-10 22:54:36','2024-04-10 22:54:36',NULL),(245,318423,'株式会社オリエンタル歯科器材宮崎店',4517,'お店/未契約店',NULL,'0985-64-0957','2024-04-10 22:54:36','2024-04-10 22:54:36',NULL),(246,319067,'株式会社デントオール',155,'お店/未契約店',NULL,'052-733-1781','2024-04-10 22:54:36','2024-04-10 22:54:36',NULL),(247,361166,'株式会社ムトウ',70000723,'お店/未契約店',NULL,'011-746-5111','2024-04-10 22:54:36','2024-04-10 22:54:36',NULL),(248,318913,'有限会社青池商店',5420,'お店/未契約店',NULL,'03-3392-6781','2024-04-10 22:54:36','2024-04-10 22:54:36',NULL),(249,318369,'リーマーメディカル',1251,'お店/未契約店',NULL,'047-311-2215','2024-04-10 22:54:36','2024-04-10 22:54:36',NULL),(250,318390,'株式会社ＡＤＩ．Ｇ福井支店',1805,'お店/代行店・Dealer/支店',NULL,'0776-54-8891','2024-04-10 22:54:36','2024-04-10 22:54:36',NULL),(251,318832,'有限会社ハマダ歯科商店',4607,'お店/取扱店',NULL,'099-224-0108','2024-04-10 22:54:36','2024-04-10 22:54:36',NULL),(252,319014,'株式会社土屋歯科商店',403,'お店/代行店・Dealer',NULL,'022-221-2485','2024-04-10 22:54:36','2024-04-10 22:54:36',NULL),(253,344689,'ヤマザキデンタルサプライ',10025295,'お店/未契約店',NULL,'03-5932-0088','2024-04-10 22:54:36','2024-04-10 22:54:36',NULL),(254,318435,'株式会社ゴトウデンタル',2223,'お店/未契約店',NULL,'0545-53-5807','2024-04-10 22:54:36','2024-04-10 22:54:36',NULL),(255,318888,'有限会社山本歯材',6194,'お店/未契約店',NULL,'072-621-5151','2024-04-10 22:54:36','2024-04-10 22:54:36',NULL),(256,319183,'株式会社永井歯科商会大館営業所',517,'お店/代行店・Dealer/支店',NULL,'0186-42-6120','2024-04-10 22:54:36','2024-04-10 22:54:36',NULL);

--
-- Table structure for table `sfa_clinic_agencies`
--

CREATE TABLE `sfa_clinic_agencies` (
  `id` bigint unsigned NOT NULL AUTO_INCREMENT COMMENT 'SFA医院-代行店ID',
  `sfa_clinic_id` bigint unsigned NOT NULL COMMENT 'SFA医院ID',
  `sfa_agency_id` bigint unsigned NOT NULL COMMENT 'SFA代行店ID',
  `sort_number` tinyint unsigned NOT NULL COMMENT '並び順',
  `created_at` datetime NOT NULL DEFAULT CURRENT_TIMESTAMP COMMENT '作成日時',
  `updated_at` datetime NOT NULL DEFAULT CURRENT_TIMESTAMP COMMENT '更新日時',
  `deleted_at` datetime DEFAULT NULL COMMENT '削除日時',
  PRIMARY KEY (`id`),
  KEY `sfa_clinic_agencies_sfa_clinic_id_foreign` (`sfa_clinic_id`),
  KEY `sfa_clinic_agencies_sfa_agency_id_foreign` (`sfa_agency_id`),
  CONSTRAINT `sfa_clinic_agencies_sfa_agency_id_foreign` FOREIGN KEY (`sfa_agency_id`) REFERENCES `sfa_agencies` (`id`),
  CONSTRAINT `sfa_clinic_agencies_sfa_clinic_id_foreign` FOREIGN KEY (`sfa_clinic_id`) REFERENCES `sfa_clinics` (`id`)
) ENGINE=InnoDB AUTO_INCREMENT=1469 DEFAULT CHARSET=utf8mb4 COLLATE=utf8mb4_unicode_ci;

--
-- Dumping data for table `sfa_clinic_agencies`
--

INSERT INTO `sfa_clinic_agencies` VALUES (1,2,1,1,'2024-04-10 22:54:36','2024-04-10 22:54:36',NULL),(2,3,2,1,'2024-04-10 22:54:36','2024-04-10 22:54:36',NULL),(3,3,3,2,'2024-04-10 22:54:36','2024-04-10 22:54:36',NULL),(4,4,4,1,'2024-04-10 22:54:36','2024-04-10 22:54:36',NULL),(5,6,2,1,'2024-04-10 22:54:36','2024-04-10 22:54:36',NULL),(6,10,5,1,'2024-04-10 22:54:36','2024-04-10 22:54:36',NULL),(7,12,6,1,'2024-04-10 22:54:36','2024-04-10 22:54:36',NULL),(8,12,7,2,'2024-04-10 22:54:36','2024-04-10 22:54:36',NULL),(9,13,8,1,'2024-04-10 22:54:36','2024-04-10 22:54:36',NULL),(10,14,9,1,'2024-04-10 22:54:36','2024-04-10 22:54:36',NULL),(11,16,10,1,'2024-04-10 22:54:36','2024-04-10 22:54:36',NULL),(12,16,11,2,'2024-04-10 22:54:36','2024-04-10 22:54:36',NULL),(13,17,12,1,'2024-04-10 22:54:36','2024-04-10 22:54:36',NULL),(14,18,13,1,'2024-04-10 22:54:36','2024-04-10 22:54:36',NULL),(15,19,14,1,'2024-04-10 22:54:36','2024-04-10 22:54:36',NULL),(16,20,15,1,'2024-04-10 22:54:36','2024-04-10 22:54:36',NULL),(17,21,16,1,'2024-04-10 22:54:36','2024-04-10 22:54:36',NULL),(18,22,15,1,'2024-04-10 22:54:36','2024-04-10 22:54:36',NULL),(19,24,17,1,'2024-04-10 22:54:36','2024-04-10 22:54:36',NULL),(20,24,18,2,'2024-04-10 22:54:36','2024-04-10 22:54:36',NULL),(21,25,19,1,'2024-04-10 22:54:36','2024-04-10 22:54:36',NULL),(22,26,15,1,'2024-04-10 22:54:36','2024-04-10 22:54:36',NULL),(23,28,20,1,'2024-04-10 22:54:36','2024-04-10 22:54:36',NULL),(24,31,8,1,'2024-04-10 22:54:36','2024-04-10 22:54:36',NULL),(25,31,21,2,'2024-04-10 22:54:36','2024-04-10 22:54:36',NULL),(26,31,22,3,'2024-04-10 22:54:36','2024-04-10 22:54:36',NULL),(27,32,23,1,'2024-04-10 22:54:36','2024-04-10 22:54:36',NULL),(28,32,14,2,'2024-04-10 22:54:36','2024-04-10 22:54:36',NULL),(29,33,13,1,'2024-04-10 22:54:36','2024-04-10 22:54:36',NULL),(30,34,24,1,'2024-04-10 22:54:36','2024-04-10 22:54:36',NULL),(31,34,25,2,'2024-04-10 22:54:37','2024-04-10 22:54:37',NULL),(32,35,2,1,'2024-04-10 22:54:37','2024-04-10 22:54:37',NULL),(33,35,26,2,'2024-04-10 22:54:37','2024-04-10 22:54:37',NULL),(34,35,14,3,'2024-04-10 22:54:37','2024-04-10 22:54:37',NULL),(35,36,2,1,'2024-04-10 22:54:37','2024-04-10 22:54:37',NULL),(36,36,7,2,'2024-04-10 22:54:37','2024-04-10 22:54:37',NULL),(37,37,2,1,'2024-04-10 22:54:37','2024-04-10 22:54:37',NULL),(38,38,27,1,'2024-04-10 22:54:37','2024-04-10 22:54:37',NULL),(39,39,28,1,'2024-04-10 22:54:37','2024-04-10 22:54:37',NULL),(40,40,7,1,'2024-04-10 22:54:37','2024-04-10 22:54:37',NULL),(41,41,8,1,'2024-04-10 22:54:37','2024-04-10 22:54:37',NULL),(42,41,21,2,'2024-04-10 22:54:37','2024-04-10 22:54:37',NULL),(43,42,2,1,'2024-04-10 22:54:37','2024-04-10 22:54:37',NULL),(44,43,29,1,'2024-04-10 22:54:37','2024-04-10 22:54:37',NULL),(45,44,29,1,'2024-04-10 22:54:37','2024-04-10 22:54:37',NULL),(46,45,7,1,'2024-04-10 22:54:37','2024-04-10 22:54:37',NULL),(47,47,12,1,'2024-04-10 22:54:37','2024-04-10 22:54:37',NULL),(48,47,30,2,'2024-04-10 22:54:37','2024-04-10 22:54:37',NULL),(49,49,6,1,'2024-04-10 22:54:37','2024-04-10 22:54:37',NULL),(50,49,31,2,'2024-04-10 22:54:37','2024-04-10 22:54:37',NULL),(51,50,32,1,'2024-04-10 22:54:37','2024-04-10 22:54:37',NULL),(52,52,33,1,'2024-04-10 22:54:37','2024-04-10 22:54:37',NULL),(53,53,34,1,'2024-04-10 22:54:37','2024-04-10 22:54:37',NULL),(54,53,35,2,'2024-04-10 22:54:37','2024-04-10 22:54:37',NULL),(55,54,13,1,'2024-04-10 22:54:37','2024-04-10 22:54:37',NULL),(56,55,36,1,'2024-04-10 22:54:37','2024-04-10 22:54:37',NULL),(57,56,37,1,'2024-04-10 22:54:37','2024-04-10 22:54:37',NULL),(58,57,38,1,'2024-04-10 22:54:37','2024-04-10 22:54:37',NULL),(59,59,7,1,'2024-04-10 22:54:37','2024-04-10 22:54:37',NULL),(60,59,2,2,'2024-04-10 22:54:37','2024-04-10 22:54:37',NULL),(61,59,39,3,'2024-04-10 22:54:37','2024-04-10 22:54:37',NULL),(62,60,40,1,'2024-04-10 22:54:37','2024-04-10 22:54:37',NULL),(63,61,41,1,'2024-04-10 22:54:37','2024-04-10 22:54:37',NULL),(64,62,42,1,'2024-04-10 22:54:37','2024-04-10 22:54:37',NULL),(65,62,2,2,'2024-04-10 22:54:37','2024-04-10 22:54:37',NULL),(66,63,28,1,'2024-04-10 22:54:37','2024-04-10 22:54:37',NULL),(67,64,14,1,'2024-04-10 22:54:37','2024-04-10 22:54:37',NULL),(68,66,7,1,'2024-04-10 22:54:37','2024-04-10 22:54:37',NULL),(69,66,2,2,'2024-04-10 22:54:37','2024-04-10 22:54:37',NULL),(70,67,8,1,'2024-04-10 22:54:37','2024-04-10 22:54:37',NULL),(71,67,43,2,'2024-04-10 22:54:37','2024-04-10 22:54:37',NULL),(72,69,44,1,'2024-04-10 22:54:37','2024-04-10 22:54:37',NULL),(73,70,45,1,'2024-04-10 22:54:37','2024-04-10 22:54:37',NULL),(74,71,15,1,'2024-04-10 22:54:37','2024-04-10 22:54:37',NULL),(75,71,46,2,'2024-04-10 22:54:37','2024-04-10 22:54:37',NULL),(76,71,47,3,'2024-04-10 22:54:37','2024-04-10 22:54:37',NULL),(77,75,15,1,'2024-04-10 22:54:37','2024-04-10 22:54:37',NULL),(78,76,48,1,'2024-04-10 22:54:37','2024-04-10 22:54:37',NULL),(79,76,9,2,'2024-04-10 22:54:37','2024-04-10 22:54:37',NULL),(80,77,5,1,'2024-04-10 22:54:37','2024-04-10 22:54:37',NULL),(81,77,49,2,'2024-04-10 22:54:37','2024-04-10 22:54:37',NULL),(82,78,9,1,'2024-04-10 22:54:37','2024-04-10 22:54:37',NULL),(83,78,5,2,'2024-04-10 22:54:37','2024-04-10 22:54:37',NULL),(84,79,50,1,'2024-04-10 22:54:37','2024-04-10 22:54:37',NULL),(85,80,51,1,'2024-04-10 22:54:37','2024-04-10 22:54:37',NULL),(86,81,52,1,'2024-04-10 22:54:37','2024-04-10 22:54:37',NULL),(87,81,37,2,'2024-04-10 22:54:37','2024-04-10 22:54:37',NULL),(88,82,53,1,'2024-04-10 22:54:37','2024-04-10 22:54:37',NULL),(89,83,54,1,'2024-04-10 22:54:37','2024-04-10 22:54:37',NULL),(90,84,24,1,'2024-04-10 22:54:37','2024-04-10 22:54:37',NULL),(91,85,24,1,'2024-04-10 22:54:37','2024-04-10 22:54:37',NULL),(92,85,28,2,'2024-04-10 22:54:37','2024-04-10 22:54:37',NULL),(93,87,2,1,'2024-04-10 22:54:37','2024-04-10 22:54:37',NULL),(94,89,55,1,'2024-04-10 22:54:37','2024-04-10 22:54:37',NULL),(95,90,28,1,'2024-04-10 22:54:37','2024-04-10 22:54:37',NULL),(96,92,15,1,'2024-04-10 22:54:37','2024-04-10 22:54:37',NULL),(97,96,29,1,'2024-04-10 22:54:37','2024-04-10 22:54:37',NULL),(98,98,2,1,'2024-04-10 22:54:37','2024-04-10 22:54:37',NULL),(99,98,56,2,'2024-04-10 22:54:37','2024-04-10 22:54:37',NULL),(100,99,57,1,'2024-04-10 22:54:37','2024-04-10 22:54:37',NULL),(101,100,58,1,'2024-04-10 22:54:37','2024-04-10 22:54:37',NULL),(102,100,59,3,'2024-04-10 22:54:37','2024-04-10 22:54:37',NULL),(103,102,60,1,'2024-04-10 22:54:37','2024-04-10 22:54:37',NULL),(104,102,55,2,'2024-04-10 22:54:37','2024-04-10 22:54:37',NULL),(105,104,61,1,'2024-04-10 22:54:37','2024-04-10 22:54:37',NULL),(106,105,62,1,'2024-04-10 22:54:37','2024-04-10 22:54:37',NULL),(107,106,63,1,'2024-04-10 22:54:37','2024-04-10 22:54:37',NULL),(108,106,15,2,'2024-04-10 22:54:37','2024-04-10 22:54:37',NULL),(109,107,45,1,'2024-04-10 22:54:37','2024-04-10 22:54:37',NULL),(110,108,27,1,'2024-04-10 22:54:37','2024-04-10 22:54:37',NULL),(111,109,15,1,'2024-04-10 22:54:37','2024-04-10 22:54:37',NULL),(112,112,64,1,'2024-04-10 22:54:37','2024-04-10 22:54:37',NULL),(113,113,15,1,'2024-04-10 22:54:37','2024-04-10 22:54:37',NULL),(114,113,65,2,'2024-04-10 22:54:37','2024-04-10 22:54:37',NULL),(115,114,8,1,'2024-04-10 22:54:37','2024-04-10 22:54:37',NULL),(116,115,15,1,'2024-04-10 22:54:37','2024-04-10 22:54:37',NULL),(117,116,2,1,'2024-04-10 22:54:37','2024-04-10 22:54:37',NULL),(118,116,7,2,'2024-04-10 22:54:37','2024-04-10 22:54:37',NULL),(119,117,31,1,'2024-04-10 22:54:37','2024-04-10 22:54:37',NULL),(120,119,66,1,'2024-04-10 22:54:37','2024-04-10 22:54:37',NULL),(121,119,2,2,'2024-04-10 22:54:37','2024-04-10 22:54:37',NULL),(122,121,67,1,'2024-04-10 22:54:37','2024-04-10 22:54:37',NULL),(123,121,28,2,'2024-04-10 22:54:37','2024-04-10 22:54:37',NULL),(124,122,15,1,'2024-04-10 22:54:37','2024-04-10 22:54:37',NULL),(125,124,43,1,'2024-04-10 22:54:37','2024-04-10 22:54:37',NULL),(126,125,28,1,'2024-04-10 22:54:37','2024-04-10 22:54:37',NULL),(127,126,27,1,'2024-04-10 22:54:37','2024-04-10 22:54:37',NULL),(128,127,68,1,'2024-04-10 22:54:37','2024-04-10 22:54:37',NULL),(129,128,69,1,'2024-04-10 22:54:37','2024-04-10 22:54:37',NULL),(130,129,28,1,'2024-04-10 22:54:37','2024-04-10 22:54:37',NULL),(131,130,55,1,'2024-04-10 22:54:37','2024-04-10 22:54:37',NULL),(132,131,70,1,'2024-04-10 22:54:37','2024-04-10 22:54:37',NULL),(133,132,7,1,'2024-04-10 22:54:37','2024-04-10 22:54:37',NULL),(134,133,28,1,'2024-04-10 22:54:37','2024-04-10 22:54:37',NULL),(135,134,71,1,'2024-04-10 22:54:37','2024-04-10 22:54:37',NULL),(136,135,9,1,'2024-04-10 22:54:37','2024-04-10 22:54:37',NULL),(137,136,72,1,'2024-04-10 22:54:37','2024-04-10 22:54:37',NULL),(138,136,2,2,'2024-04-10 22:54:37','2024-04-10 22:54:37',NULL),(139,138,72,1,'2024-04-10 22:54:37','2024-04-10 22:54:37',NULL),(140,139,2,1,'2024-04-10 22:54:37','2024-04-10 22:54:37',NULL),(141,141,73,1,'2024-04-10 22:54:37','2024-04-10 22:54:37',NULL),(142,143,74,1,'2024-04-10 22:54:37','2024-04-10 22:54:37',NULL),(143,145,75,1,'2024-04-10 22:54:37','2024-04-10 22:54:37',NULL),(144,146,9,2,'2024-04-10 22:54:37','2024-04-10 22:54:37',NULL),(145,147,76,1,'2024-04-10 22:54:37','2024-04-10 22:54:37',NULL),(146,149,77,1,'2024-04-10 22:54:37','2024-04-10 22:54:37',NULL),(147,149,9,2,'2024-04-10 22:54:37','2024-04-10 22:54:37',NULL),(148,153,78,1,'2024-04-10 22:54:37','2024-04-10 22:54:37',NULL),(149,154,7,1,'2024-04-10 22:54:37','2024-04-10 22:54:37',NULL),(150,154,2,2,'2024-04-10 22:54:37','2024-04-10 22:54:37',NULL),(151,156,38,1,'2024-04-10 22:54:37','2024-04-10 22:54:37',NULL),(152,157,9,1,'2024-04-10 22:54:37','2024-04-10 22:54:37',NULL),(153,158,17,1,'2024-04-10 22:54:37','2024-04-10 22:54:37',NULL),(154,159,28,1,'2024-04-10 22:54:37','2024-04-10 22:54:37',NULL),(155,161,79,1,'2024-04-10 22:54:37','2024-04-10 22:54:37',NULL),(156,161,20,2,'2024-04-10 22:54:37','2024-04-10 22:54:37',NULL),(157,162,27,1,'2024-04-10 22:54:37','2024-04-10 22:54:37',NULL),(158,163,7,1,'2024-04-10 22:54:37','2024-04-10 22:54:37',NULL),(159,164,24,1,'2024-04-10 22:54:37','2024-04-10 22:54:37',NULL),(160,165,80,1,'2024-04-10 22:54:37','2024-04-10 22:54:37',NULL),(161,165,81,2,'2024-04-10 22:54:37','2024-04-10 22:54:37',NULL),(162,165,71,3,'2024-04-10 22:54:37','2024-04-10 22:54:37',NULL),(163,166,7,1,'2024-04-10 22:54:37','2024-04-10 22:54:37',NULL),(164,167,14,1,'2024-04-10 22:54:37','2024-04-10 22:54:37',NULL),(165,168,82,1,'2024-04-10 22:54:37','2024-04-10 22:54:37',NULL),(166,168,83,2,'2024-04-10 22:54:37','2024-04-10 22:54:37',NULL),(167,169,84,1,'2024-04-10 22:54:37','2024-04-10 22:54:37',NULL),(168,169,15,2,'2024-04-10 22:54:37','2024-04-10 22:54:37',NULL),(169,170,85,1,'2024-04-10 22:54:37','2024-04-10 22:54:37',NULL),(170,171,5,1,'2024-04-10 22:54:37','2024-04-10 22:54:37',NULL),(171,172,86,1,'2024-04-10 22:54:37','2024-04-10 22:54:37',NULL),(172,172,49,2,'2024-04-10 22:54:37','2024-04-10 22:54:37',NULL),(173,174,87,1,'2024-04-10 22:54:37','2024-04-10 22:54:37',NULL),(174,175,7,1,'2024-04-10 22:54:37','2024-04-10 22:54:37',NULL),(175,176,88,1,'2024-04-10 22:54:37','2024-04-10 22:54:37',NULL),(176,176,26,2,'2024-04-10 22:54:37','2024-04-10 22:54:37',NULL),(177,176,89,3,'2024-04-10 22:54:37','2024-04-10 22:54:37',NULL),(178,177,2,1,'2024-04-10 22:54:37','2024-04-10 22:54:37',NULL),(179,177,5,2,'2024-04-10 22:54:37','2024-04-10 22:54:37',NULL),(180,178,15,1,'2024-04-10 22:54:37','2024-04-10 22:54:37',NULL),(181,179,2,1,'2024-04-10 22:54:37','2024-04-10 22:54:37',NULL),(182,180,65,1,'2024-04-10 22:54:37','2024-04-10 22:54:37',NULL),(183,180,45,2,'2024-04-10 22:54:37','2024-04-10 22:54:37',NULL),(184,180,9,3,'2024-04-10 22:54:37','2024-04-10 22:54:37',NULL),(185,181,90,1,'2024-04-10 22:54:37','2024-04-10 22:54:37',NULL),(186,181,88,2,'2024-04-10 22:54:37','2024-04-10 22:54:37',NULL),(187,181,91,3,'2024-04-10 22:54:37','2024-04-10 22:54:37',NULL),(188,182,7,1,'2024-04-10 22:54:37','2024-04-10 22:54:37',NULL),(189,183,7,1,'2024-04-10 22:54:37','2024-04-10 22:54:37',NULL),(190,185,7,1,'2024-04-10 22:54:37','2024-04-10 22:54:37',NULL),(191,186,92,1,'2024-04-10 22:54:37','2024-04-10 22:54:37',NULL),(192,187,8,1,'2024-04-10 22:54:37','2024-04-10 22:54:37',NULL),(193,187,21,2,'2024-04-10 22:54:37','2024-04-10 22:54:37',NULL),(194,187,22,3,'2024-04-10 22:54:37','2024-04-10 22:54:37',NULL),(195,188,47,1,'2024-04-10 22:54:37','2024-04-10 22:54:37',NULL),(196,188,15,2,'2024-04-10 22:54:37','2024-04-10 22:54:37',NULL),(197,189,46,1,'2024-04-10 22:54:37','2024-04-10 22:54:37',NULL),(198,189,47,2,'2024-04-10 22:54:37','2024-04-10 22:54:37',NULL),(199,189,15,3,'2024-04-10 22:54:37','2024-04-10 22:54:37',NULL),(200,190,29,1,'2024-04-10 22:54:37','2024-04-10 22:54:37',NULL),(201,191,93,1,'2024-04-10 22:54:37','2024-04-10 22:54:37',NULL),(202,192,7,1,'2024-04-10 22:54:37','2024-04-10 22:54:37',NULL),(203,192,88,2,'2024-04-10 22:54:37','2024-04-10 22:54:37',NULL),(204,194,24,2,'2024-04-10 22:54:37','2024-04-10 22:54:37',NULL),(205,194,93,3,'2024-04-10 22:54:37','2024-04-10 22:54:37',NULL),(206,195,94,1,'2024-04-10 22:54:37','2024-04-10 22:54:37',NULL),(207,196,3,1,'2024-04-10 22:54:37','2024-04-10 22:54:37',NULL),(208,196,7,2,'2024-04-10 22:54:37','2024-04-10 22:54:37',NULL),(209,198,25,1,'2024-04-10 22:54:37','2024-04-10 22:54:37',NULL),(210,200,28,1,'2024-04-10 22:54:37','2024-04-10 22:54:37',NULL),(211,200,95,2,'2024-04-10 22:54:37','2024-04-10 22:54:37',NULL),(212,201,96,1,'2024-04-10 22:54:37','2024-04-10 22:54:37',NULL),(213,202,29,1,'2024-04-10 22:54:37','2024-04-10 22:54:37',NULL),(214,203,97,1,'2024-04-10 22:54:37','2024-04-10 22:54:37',NULL),(215,204,65,1,'2024-04-10 22:54:37','2024-04-10 22:54:37',NULL),(216,205,95,1,'2024-04-10 22:54:37','2024-04-10 22:54:37',NULL),(217,206,98,1,'2024-04-10 22:54:37','2024-04-10 22:54:37',NULL),(218,207,29,1,'2024-04-10 22:54:37','2024-04-10 22:54:37',NULL),(219,207,99,2,'2024-04-10 22:54:37','2024-04-10 22:54:37',NULL),(220,209,45,1,'2024-04-10 22:54:37','2024-04-10 22:54:37',NULL),(221,210,15,1,'2024-04-10 22:54:37','2024-04-10 22:54:37',NULL),(222,211,5,1,'2024-04-10 22:54:37','2024-04-10 22:54:37',NULL),(223,211,2,2,'2024-04-10 22:54:37','2024-04-10 22:54:37',NULL),(224,212,100,1,'2024-04-10 22:54:37','2024-04-10 22:54:37',NULL),(225,213,101,2,'2024-04-10 22:54:37','2024-04-10 22:54:37',NULL),(226,214,10,1,'2024-04-10 22:54:37','2024-04-10 22:54:37',NULL),(227,214,21,2,'2024-04-10 22:54:37','2024-04-10 22:54:37',NULL),(228,215,102,1,'2024-04-10 22:54:37','2024-04-10 22:54:37',NULL),(229,215,24,2,'2024-04-10 22:54:37','2024-04-10 22:54:37',NULL),(230,215,15,3,'2024-04-10 22:54:37','2024-04-10 22:54:37',NULL),(231,216,15,1,'2024-04-10 22:54:37','2024-04-10 22:54:37',NULL),(232,217,7,1,'2024-04-10 22:54:37','2024-04-10 22:54:37',NULL),(233,218,7,1,'2024-04-10 22:54:37','2024-04-10 22:54:37',NULL),(234,219,7,1,'2024-04-10 22:54:37','2024-04-10 22:54:37',NULL),(235,220,103,1,'2024-04-10 22:54:37','2024-04-10 22:54:37',NULL),(236,220,37,2,'2024-04-10 22:54:37','2024-04-10 22:54:37',NULL),(237,223,15,1,'2024-04-10 22:54:37','2024-04-10 22:54:37',NULL),(238,225,104,1,'2024-04-10 22:54:37','2024-04-10 22:54:37',NULL),(239,225,42,2,'2024-04-10 22:54:37','2024-04-10 22:54:37',NULL),(240,226,15,1,'2024-04-10 22:54:37','2024-04-10 22:54:37',NULL),(241,229,51,1,'2024-04-10 22:54:37','2024-04-10 22:54:37',NULL),(242,230,42,1,'2024-04-10 22:54:37','2024-04-10 22:54:37',NULL),(243,230,28,2,'2024-04-10 22:54:37','2024-04-10 22:54:37',NULL),(244,230,12,3,'2024-04-10 22:54:37','2024-04-10 22:54:37',NULL),(245,231,9,2,'2024-04-10 22:54:37','2024-04-10 22:54:37',NULL),(246,232,15,1,'2024-04-10 22:54:37','2024-04-10 22:54:37',NULL),(247,233,2,1,'2024-04-10 22:54:37','2024-04-10 22:54:37',NULL),(248,234,95,1,'2024-04-10 22:54:37','2024-04-10 22:54:37',NULL),(249,235,105,1,'2024-04-10 22:54:37','2024-04-10 22:54:37',NULL),(250,235,28,2,'2024-04-10 22:54:37','2024-04-10 22:54:37',NULL),(251,235,15,3,'2024-04-10 22:54:37','2024-04-10 22:54:37',NULL),(252,236,73,1,'2024-04-10 22:54:37','2024-04-10 22:54:37',NULL),(253,238,24,1,'2024-04-10 22:54:37','2024-04-10 22:54:37',NULL),(254,239,105,1,'2024-04-10 22:54:37','2024-04-10 22:54:37',NULL),(255,240,46,1,'2024-04-10 22:54:37','2024-04-10 22:54:37',NULL),(256,240,15,2,'2024-04-10 22:54:37','2024-04-10 22:54:37',NULL),(257,242,28,1,'2024-04-10 22:54:37','2024-04-10 22:54:37',NULL),(258,242,42,2,'2024-04-10 22:54:37','2024-04-10 22:54:37',NULL),(259,244,106,1,'2024-04-10 22:54:37','2024-04-10 22:54:37',NULL),(260,245,90,1,'2024-04-10 22:54:37','2024-04-10 22:54:37',NULL),(261,245,28,2,'2024-04-10 22:54:37','2024-04-10 22:54:37',NULL),(262,246,1,1,'2024-04-10 22:54:38','2024-04-10 22:54:38',NULL),(263,247,107,1,'2024-04-10 22:54:38','2024-04-10 22:54:38',NULL),(264,247,73,2,'2024-04-10 22:54:38','2024-04-10 22:54:38',NULL),(265,248,7,1,'2024-04-10 22:54:38','2024-04-10 22:54:38',NULL),(266,249,108,1,'2024-04-10 22:54:38','2024-04-10 22:54:38',NULL),(267,250,109,1,'2024-04-10 22:54:38','2024-04-10 22:54:38',NULL),(268,250,110,2,'2024-04-10 22:54:38','2024-04-10 22:54:38',NULL),(269,250,87,3,'2024-04-10 22:54:38','2024-04-10 22:54:38',NULL),(270,251,34,1,'2024-04-10 22:54:38','2024-04-10 22:54:38',NULL),(271,251,2,2,'2024-04-10 22:54:38','2024-04-10 22:54:38',NULL),(272,253,111,2,'2024-04-10 22:54:38','2024-04-10 22:54:38',NULL),(273,254,112,1,'2024-04-10 22:54:38','2024-04-10 22:54:38',NULL),(274,256,24,1,'2024-04-10 22:54:38','2024-04-10 22:54:38',NULL),(275,257,14,1,'2024-04-10 22:54:38','2024-04-10 22:54:38',NULL),(276,259,113,1,'2024-04-10 22:54:38','2024-04-10 22:54:38',NULL),(277,260,23,1,'2024-04-10 22:54:38','2024-04-10 22:54:38',NULL),(278,260,87,2,'2024-04-10 22:54:38','2024-04-10 22:54:38',NULL),(279,261,71,1,'2024-04-10 22:54:38','2024-04-10 22:54:38',NULL),(280,262,15,1,'2024-04-10 22:54:38','2024-04-10 22:54:38',NULL),(281,263,87,1,'2024-04-10 22:54:38','2024-04-10 22:54:38',NULL),(282,264,7,1,'2024-04-10 22:54:38','2024-04-10 22:54:38',NULL),(283,267,114,1,'2024-04-10 22:54:38','2024-04-10 22:54:38',NULL),(284,268,5,1,'2024-04-10 22:54:38','2024-04-10 22:54:38',NULL),(285,271,9,2,'2024-04-10 22:54:38','2024-04-10 22:54:38',NULL),(286,271,15,3,'2024-04-10 22:54:38','2024-04-10 22:54:38',NULL),(287,272,14,1,'2024-04-10 22:54:38','2024-04-10 22:54:38',NULL),(288,272,115,2,'2024-04-10 22:54:38','2024-04-10 22:54:38',NULL),(289,273,116,1,'2024-04-10 22:54:38','2024-04-10 22:54:38',NULL),(290,273,117,2,'2024-04-10 22:54:38','2024-04-10 22:54:38',NULL),(291,274,118,1,'2024-04-10 22:54:38','2024-04-10 22:54:38',NULL),(292,274,81,2,'2024-04-10 22:54:38','2024-04-10 22:54:38',NULL),(293,275,119,1,'2024-04-10 22:54:38','2024-04-10 22:54:38',NULL),(294,276,2,1,'2024-04-10 22:54:38','2024-04-10 22:54:38',NULL),(295,277,2,1,'2024-04-10 22:54:38','2024-04-10 22:54:38',NULL),(296,278,120,1,'2024-04-10 22:54:38','2024-04-10 22:54:38',NULL),(297,279,2,1,'2024-04-10 22:54:38','2024-04-10 22:54:38',NULL),(298,279,14,2,'2024-04-10 22:54:38','2024-04-10 22:54:38',NULL),(299,280,2,1,'2024-04-10 22:54:38','2024-04-10 22:54:38',NULL),(300,280,74,2,'2024-04-10 22:54:38','2024-04-10 22:54:38',NULL),(301,280,5,3,'2024-04-10 22:54:38','2024-04-10 22:54:38',NULL),(302,281,15,1,'2024-04-10 22:54:38','2024-04-10 22:54:38',NULL),(303,282,2,1,'2024-04-10 22:54:38','2024-04-10 22:54:38',NULL),(304,282,28,2,'2024-04-10 22:54:38','2024-04-10 22:54:38',NULL),(305,284,27,1,'2024-04-10 22:54:38','2024-04-10 22:54:38',NULL),(306,284,35,2,'2024-04-10 22:54:38','2024-04-10 22:54:38',NULL),(307,285,15,1,'2024-04-10 22:54:38','2024-04-10 22:54:38',NULL),(308,285,9,2,'2024-04-10 22:54:38','2024-04-10 22:54:38',NULL),(309,286,7,1,'2024-04-10 22:54:38','2024-04-10 22:54:38',NULL),(310,289,15,1,'2024-04-10 22:54:38','2024-04-10 22:54:38',NULL),(311,291,121,1,'2024-04-10 22:54:38','2024-04-10 22:54:38',NULL),(312,292,73,1,'2024-04-10 22:54:38','2024-04-10 22:54:38',NULL),(313,293,122,1,'2024-04-10 22:54:38','2024-04-10 22:54:38',NULL),(314,293,123,2,'2024-04-10 22:54:38','2024-04-10 22:54:38',NULL),(315,294,115,1,'2024-04-10 22:54:38','2024-04-10 22:54:38',NULL),(316,295,124,1,'2024-04-10 22:54:38','2024-04-10 22:54:38',NULL),(317,295,7,2,'2024-04-10 22:54:38','2024-04-10 22:54:38',NULL),(318,296,66,1,'2024-04-10 22:54:38','2024-04-10 22:54:38',NULL),(319,296,5,2,'2024-04-10 22:54:38','2024-04-10 22:54:38',NULL),(320,297,106,1,'2024-04-10 22:54:38','2024-04-10 22:54:38',NULL),(321,298,29,1,'2024-04-10 22:54:38','2024-04-10 22:54:38',NULL),(322,299,24,1,'2024-04-10 22:54:38','2024-04-10 22:54:38',NULL),(323,299,15,2,'2024-04-10 22:54:38','2024-04-10 22:54:38',NULL),(324,302,28,1,'2024-04-10 22:54:38','2024-04-10 22:54:38',NULL),(325,302,20,2,'2024-04-10 22:54:38','2024-04-10 22:54:38',NULL),(326,304,15,1,'2024-04-10 22:54:38','2024-04-10 22:54:38',NULL),(327,304,45,2,'2024-04-10 22:54:38','2024-04-10 22:54:38',NULL),(328,305,88,1,'2024-04-10 22:54:38','2024-04-10 22:54:38',NULL),(329,308,125,1,'2024-04-10 22:54:38','2024-04-10 22:54:38',NULL),(330,309,126,1,'2024-04-10 22:54:38','2024-04-10 22:54:38',NULL),(331,310,104,1,'2024-04-10 22:54:38','2024-04-10 22:54:38',NULL),(332,310,18,2,'2024-04-10 22:54:38','2024-04-10 22:54:38',NULL),(333,311,7,1,'2024-04-10 22:54:38','2024-04-10 22:54:38',NULL),(334,311,124,2,'2024-04-10 22:54:38','2024-04-10 22:54:38',NULL),(335,312,127,1,'2024-04-10 22:54:38','2024-04-10 22:54:38',NULL),(336,313,72,1,'2024-04-10 22:54:38','2024-04-10 22:54:38',NULL),(337,313,49,2,'2024-04-10 22:54:38','2024-04-10 22:54:38',NULL),(338,314,128,1,'2024-04-10 22:54:38','2024-04-10 22:54:38',NULL),(339,315,2,1,'2024-04-10 22:54:38','2024-04-10 22:54:38',NULL),(340,315,88,2,'2024-04-10 22:54:38','2024-04-10 22:54:38',NULL),(341,315,7,3,'2024-04-10 22:54:38','2024-04-10 22:54:38',NULL),(342,316,27,1,'2024-04-10 22:54:38','2024-04-10 22:54:38',NULL),(343,318,98,1,'2024-04-10 22:54:38','2024-04-10 22:54:38',NULL),(344,318,37,2,'2024-04-10 22:54:38','2024-04-10 22:54:38',NULL),(345,319,34,1,'2024-04-10 22:54:38','2024-04-10 22:54:38',NULL),(346,319,35,2,'2024-04-10 22:54:38','2024-04-10 22:54:38',NULL),(347,319,28,3,'2024-04-10 22:54:38','2024-04-10 22:54:38',NULL),(348,320,37,1,'2024-04-10 22:54:38','2024-04-10 22:54:38',NULL),(349,321,87,1,'2024-04-10 22:54:38','2024-04-10 22:54:38',NULL),(350,322,129,1,'2024-04-10 22:54:38','2024-04-10 22:54:38',NULL),(351,324,35,1,'2024-04-10 22:54:38','2024-04-10 22:54:38',NULL),(352,327,41,1,'2024-04-10 22:54:38','2024-04-10 22:54:38',NULL),(353,327,22,2,'2024-04-10 22:54:38','2024-04-10 22:54:38',NULL),(354,328,130,1,'2024-04-10 22:54:38','2024-04-10 22:54:38',NULL),(355,329,131,1,'2024-04-10 22:54:38','2024-04-10 22:54:38',NULL),(356,330,132,1,'2024-04-10 22:54:38','2024-04-10 22:54:38',NULL),(357,331,37,1,'2024-04-10 22:54:38','2024-04-10 22:54:38',NULL),(358,334,18,1,'2024-04-10 22:54:38','2024-04-10 22:54:38',NULL),(359,335,133,1,'2024-04-10 22:54:38','2024-04-10 22:54:38',NULL),(360,336,7,1,'2024-04-10 22:54:38','2024-04-10 22:54:38',NULL),(361,337,31,1,'2024-04-10 22:54:38','2024-04-10 22:54:38',NULL),(362,338,2,1,'2024-04-10 22:54:38','2024-04-10 22:54:38',NULL),(363,339,88,1,'2024-04-10 22:54:38','2024-04-10 22:54:38',NULL),(364,340,111,1,'2024-04-10 22:54:38','2024-04-10 22:54:38',NULL),(365,340,78,2,'2024-04-10 22:54:38','2024-04-10 22:54:38',NULL),(366,341,64,1,'2024-04-10 22:54:38','2024-04-10 22:54:38',NULL),(367,342,134,1,'2024-04-10 22:54:38','2024-04-10 22:54:38',NULL),(368,343,124,1,'2024-04-10 22:54:38','2024-04-10 22:54:38',NULL),(369,344,24,1,'2024-04-10 22:54:38','2024-04-10 22:54:38',NULL),(370,347,8,1,'2024-04-10 22:54:38','2024-04-10 22:54:38',NULL),(371,348,135,1,'2024-04-10 22:54:38','2024-04-10 22:54:38',NULL),(372,350,49,1,'2024-04-10 22:54:38','2024-04-10 22:54:38',NULL),(373,351,32,1,'2024-04-10 22:54:38','2024-04-10 22:54:38',NULL),(374,351,73,2,'2024-04-10 22:54:38','2024-04-10 22:54:38',NULL),(375,352,51,1,'2024-04-10 22:54:38','2024-04-10 22:54:38',NULL),(376,353,66,1,'2024-04-10 22:54:38','2024-04-10 22:54:38',NULL),(377,354,7,1,'2024-04-10 22:54:38','2024-04-10 22:54:38',NULL),(378,354,66,2,'2024-04-10 22:54:38','2024-04-10 22:54:38',NULL),(379,354,5,3,'2024-04-10 22:54:38','2024-04-10 22:54:38',NULL),(380,355,136,1,'2024-04-10 22:54:38','2024-04-10 22:54:38',NULL),(381,355,49,2,'2024-04-10 22:54:38','2024-04-10 22:54:38',NULL),(382,355,7,3,'2024-04-10 22:54:38','2024-04-10 22:54:38',NULL),(383,357,29,1,'2024-04-10 22:54:38','2024-04-10 22:54:38',NULL),(384,358,10,1,'2024-04-10 22:54:38','2024-04-10 22:54:38',NULL),(385,359,9,2,'2024-04-10 22:54:38','2024-04-10 22:54:38',NULL),(386,359,10,3,'2024-04-10 22:54:38','2024-04-10 22:54:38',NULL),(387,360,107,1,'2024-04-10 22:54:38','2024-04-10 22:54:38',NULL),(388,363,45,1,'2024-04-10 22:54:38','2024-04-10 22:54:38',NULL),(389,364,74,1,'2024-04-10 22:54:38','2024-04-10 22:54:38',NULL),(390,365,41,1,'2024-04-10 22:54:38','2024-04-10 22:54:38',NULL),(391,367,28,1,'2024-04-10 22:54:38','2024-04-10 22:54:38',NULL),(392,367,20,2,'2024-04-10 22:54:38','2024-04-10 22:54:38',NULL),(393,368,72,1,'2024-04-10 22:54:38','2024-04-10 22:54:38',NULL),(394,368,2,2,'2024-04-10 22:54:38','2024-04-10 22:54:38',NULL),(395,369,2,1,'2024-04-10 22:54:38','2024-04-10 22:54:38',NULL),(396,370,2,1,'2024-04-10 22:54:38','2024-04-10 22:54:38',NULL),(397,372,89,2,'2024-04-10 22:54:38','2024-04-10 22:54:38',NULL),(398,376,137,1,'2024-04-10 22:54:38','2024-04-10 22:54:38',NULL),(399,379,72,1,'2024-04-10 22:54:38','2024-04-10 22:54:38',NULL),(400,379,2,2,'2024-04-10 22:54:38','2024-04-10 22:54:38',NULL),(401,380,107,1,'2024-04-10 22:54:38','2024-04-10 22:54:38',NULL),(402,380,18,2,'2024-04-10 22:54:38','2024-04-10 22:54:38',NULL),(403,380,28,3,'2024-04-10 22:54:38','2024-04-10 22:54:38',NULL),(404,381,78,1,'2024-04-10 22:54:38','2024-04-10 22:54:38',NULL),(405,384,15,1,'2024-04-10 22:54:38','2024-04-10 22:54:38',NULL),(406,386,28,1,'2024-04-10 22:54:38','2024-04-10 22:54:38',NULL),(407,386,25,2,'2024-04-10 22:54:38','2024-04-10 22:54:38',NULL),(408,386,15,3,'2024-04-10 22:54:38','2024-04-10 22:54:38',NULL),(409,387,28,1,'2024-04-10 22:54:38','2024-04-10 22:54:38',NULL),(410,387,12,2,'2024-04-10 22:54:38','2024-04-10 22:54:38',NULL),(411,388,41,1,'2024-04-10 22:54:38','2024-04-10 22:54:38',NULL),(412,389,13,1,'2024-04-10 22:54:38','2024-04-10 22:54:38',NULL),(413,390,138,1,'2024-04-10 22:54:38','2024-04-10 22:54:38',NULL),(414,391,120,1,'2024-04-10 22:54:38','2024-04-10 22:54:38',NULL),(415,392,8,1,'2024-04-10 22:54:38','2024-04-10 22:54:38',NULL),(416,395,2,1,'2024-04-10 22:54:38','2024-04-10 22:54:38',NULL),(417,395,49,2,'2024-04-10 22:54:38','2024-04-10 22:54:38',NULL),(418,398,27,1,'2024-04-10 22:54:38','2024-04-10 22:54:38',NULL),(419,399,46,1,'2024-04-10 22:54:38','2024-04-10 22:54:38',NULL),(420,400,2,1,'2024-04-10 22:54:38','2024-04-10 22:54:38',NULL),(421,400,7,2,'2024-04-10 22:54:38','2024-04-10 22:54:38',NULL),(422,401,15,1,'2024-04-10 22:54:38','2024-04-10 22:54:38',NULL),(423,402,104,1,'2024-04-10 22:54:38','2024-04-10 22:54:38',NULL),(424,403,139,1,'2024-04-10 22:54:38','2024-04-10 22:54:38',NULL),(425,407,130,1,'2024-04-10 22:54:38','2024-04-10 22:54:38',NULL),(426,407,140,2,'2024-04-10 22:54:38','2024-04-10 22:54:38',NULL),(427,408,32,1,'2024-04-10 22:54:38','2024-04-10 22:54:38',NULL),(428,408,107,2,'2024-04-10 22:54:38','2024-04-10 22:54:38',NULL),(429,410,141,1,'2024-04-10 22:54:38','2024-04-10 22:54:38',NULL),(430,410,142,2,'2024-04-10 22:54:38','2024-04-10 22:54:38',NULL),(431,410,55,3,'2024-04-10 22:54:38','2024-04-10 22:54:38',NULL),(432,411,15,1,'2024-04-10 22:54:38','2024-04-10 22:54:38',NULL),(433,413,25,1,'2024-04-10 22:54:38','2024-04-10 22:54:38',NULL),(434,413,104,2,'2024-04-10 22:54:38','2024-04-10 22:54:38',NULL),(435,414,17,1,'2024-04-10 22:54:38','2024-04-10 22:54:38',NULL),(436,415,143,1,'2024-04-10 22:54:38','2024-04-10 22:54:38',NULL),(437,418,15,1,'2024-04-10 22:54:38','2024-04-10 22:54:38',NULL),(438,421,78,2,'2024-04-10 22:54:38','2024-04-10 22:54:38',NULL),(439,422,102,2,'2024-04-10 22:54:38','2024-04-10 22:54:38',NULL),(440,422,28,3,'2024-04-10 22:54:38','2024-04-10 22:54:38',NULL),(441,425,1,1,'2024-04-10 22:54:38','2024-04-10 22:54:38',NULL),(442,426,24,1,'2024-04-10 22:54:38','2024-04-10 22:54:38',NULL),(443,426,15,2,'2024-04-10 22:54:38','2024-04-10 22:54:38',NULL),(444,427,22,1,'2024-04-10 22:54:38','2024-04-10 22:54:38',NULL),(445,428,144,1,'2024-04-10 22:54:38','2024-04-10 22:54:38',NULL),(446,431,107,1,'2024-04-10 22:54:38','2024-04-10 22:54:38',NULL),(447,431,18,2,'2024-04-10 22:54:38','2024-04-10 22:54:38',NULL),(448,431,78,3,'2024-04-10 22:54:38','2024-04-10 22:54:38',NULL),(449,432,65,1,'2024-04-10 22:54:38','2024-04-10 22:54:38',NULL),(450,432,15,2,'2024-04-10 22:54:38','2024-04-10 22:54:38',NULL),(451,436,51,1,'2024-04-10 22:54:38','2024-04-10 22:54:38',NULL),(452,437,24,1,'2024-04-10 22:54:38','2024-04-10 22:54:38',NULL),(453,439,24,1,'2024-04-10 22:54:38','2024-04-10 22:54:38',NULL),(454,441,145,1,'2024-04-10 22:54:38','2024-04-10 22:54:38',NULL),(455,442,68,1,'2024-04-10 22:54:38','2024-04-10 22:54:38',NULL),(456,448,15,1,'2024-04-10 22:54:38','2024-04-10 22:54:38',NULL),(457,449,14,1,'2024-04-10 22:54:38','2024-04-10 22:54:38',NULL),(458,450,89,1,'2024-04-10 22:54:38','2024-04-10 22:54:38',NULL),(459,453,5,1,'2024-04-10 22:54:38','2024-04-10 22:54:38',NULL),(460,453,43,2,'2024-04-10 22:54:38','2024-04-10 22:54:38',NULL),(461,454,146,1,'2024-04-10 22:54:38','2024-04-10 22:54:38',NULL),(462,455,20,1,'2024-04-10 22:54:38','2024-04-10 22:54:38',NULL),(463,455,79,2,'2024-04-10 22:54:38','2024-04-10 22:54:38',NULL),(464,456,55,1,'2024-04-10 22:54:38','2024-04-10 22:54:38',NULL),(465,457,98,1,'2024-04-10 22:54:38','2024-04-10 22:54:38',NULL),(466,458,28,1,'2024-04-10 22:54:38','2024-04-10 22:54:38',NULL),(467,459,43,1,'2024-04-10 22:54:38','2024-04-10 22:54:38',NULL),(468,460,55,1,'2024-04-10 22:54:38','2024-04-10 22:54:38',NULL),(469,462,14,1,'2024-04-10 22:54:38','2024-04-10 22:54:38',NULL),(470,464,122,1,'2024-04-10 22:54:38','2024-04-10 22:54:38',NULL),(471,466,2,1,'2024-04-10 22:54:38','2024-04-10 22:54:38',NULL),(472,468,133,1,'2024-04-10 22:54:38','2024-04-10 22:54:38',NULL),(473,472,15,1,'2024-04-10 22:54:38','2024-04-10 22:54:38',NULL),(474,473,89,1,'2024-04-10 22:54:38','2024-04-10 22:54:38',NULL),(475,474,55,1,'2024-04-10 22:54:38','2024-04-10 22:54:38',NULL),(476,475,27,1,'2024-04-10 22:54:38','2024-04-10 22:54:38',NULL),(477,477,147,1,'2024-04-10 22:54:38','2024-04-10 22:54:38',NULL),(478,484,24,1,'2024-04-10 22:54:38','2024-04-10 22:54:38',NULL),(479,497,148,1,'2024-04-10 22:54:38','2024-04-10 22:54:38',NULL),(480,497,20,2,'2024-04-10 22:54:38','2024-04-10 22:54:38',NULL),(481,500,149,1,'2024-04-10 22:54:38','2024-04-10 22:54:38',NULL),(482,502,14,1,'2024-04-10 22:54:38','2024-04-10 22:54:38',NULL),(483,505,28,1,'2024-04-10 22:54:38','2024-04-10 22:54:38',NULL),(484,506,32,1,'2024-04-10 22:54:38','2024-04-10 22:54:38',NULL),(485,507,28,1,'2024-04-10 22:54:38','2024-04-10 22:54:38',NULL),(486,507,26,2,'2024-04-10 22:54:38','2024-04-10 22:54:38',NULL),(487,508,26,1,'2024-04-10 22:54:39','2024-04-10 22:54:39',NULL),(488,509,2,1,'2024-04-10 22:54:39','2024-04-10 22:54:39',NULL),(489,510,52,1,'2024-04-10 22:54:39','2024-04-10 22:54:39',NULL),(490,510,99,2,'2024-04-10 22:54:39','2024-04-10 22:54:39',NULL),(491,511,55,1,'2024-04-10 22:54:39','2024-04-10 22:54:39',NULL),(492,512,14,1,'2024-04-10 22:54:39','2024-04-10 22:54:39',NULL),(493,513,143,1,'2024-04-10 22:54:39','2024-04-10 22:54:39',NULL),(494,513,122,2,'2024-04-10 22:54:39','2024-04-10 22:54:39',NULL),(495,514,64,1,'2024-04-10 22:54:39','2024-04-10 22:54:39',NULL),(496,514,147,2,'2024-04-10 22:54:39','2024-04-10 22:54:39',NULL),(497,515,75,1,'2024-04-10 22:54:39','2024-04-10 22:54:39',NULL),(498,516,133,1,'2024-04-10 22:54:39','2024-04-10 22:54:39',NULL),(499,517,28,1,'2024-04-10 22:54:39','2024-04-10 22:54:39',NULL),(500,518,104,1,'2024-04-10 22:54:39','2024-04-10 22:54:39',NULL),(501,519,7,2,'2024-04-10 22:54:39','2024-04-10 22:54:39',NULL),(502,520,50,1,'2024-04-10 22:54:39','2024-04-10 22:54:39',NULL),(503,521,14,1,'2024-04-10 22:54:39','2024-04-10 22:54:39',NULL),(504,522,24,1,'2024-04-10 22:54:39','2024-04-10 22:54:39',NULL),(505,522,15,2,'2024-04-10 22:54:39','2024-04-10 22:54:39',NULL),(506,523,29,1,'2024-04-10 22:54:39','2024-04-10 22:54:39',NULL),(507,524,15,1,'2024-04-10 22:54:39','2024-04-10 22:54:39',NULL),(508,525,7,1,'2024-04-10 22:54:39','2024-04-10 22:54:39',NULL),(509,526,1,1,'2024-04-10 22:54:39','2024-04-10 22:54:39',NULL),(510,526,60,2,'2024-04-10 22:54:39','2024-04-10 22:54:39',NULL),(511,528,58,1,'2024-04-10 22:54:39','2024-04-10 22:54:39',NULL),(512,529,8,1,'2024-04-10 22:54:39','2024-04-10 22:54:39',NULL),(513,529,21,2,'2024-04-10 22:54:39','2024-04-10 22:54:39',NULL),(514,530,27,1,'2024-04-10 22:54:39','2024-04-10 22:54:39',NULL),(515,531,7,1,'2024-04-10 22:54:39','2024-04-10 22:54:39',NULL),(516,532,50,1,'2024-04-10 22:54:39','2024-04-10 22:54:39',NULL),(517,533,150,1,'2024-04-10 22:54:39','2024-04-10 22:54:39',NULL),(518,533,122,2,'2024-04-10 22:54:39','2024-04-10 22:54:39',NULL),(519,534,55,1,'2024-04-10 22:54:39','2024-04-10 22:54:39',NULL),(520,535,28,1,'2024-04-10 22:54:39','2024-04-10 22:54:39',NULL),(521,537,151,1,'2024-04-10 22:54:39','2024-04-10 22:54:39',NULL),(522,537,14,2,'2024-04-10 22:54:39','2024-04-10 22:54:39',NULL),(523,538,8,1,'2024-04-10 22:54:39','2024-04-10 22:54:39',NULL),(524,539,30,1,'2024-04-10 22:54:39','2024-04-10 22:54:39',NULL),(525,541,152,1,'2024-04-10 22:54:39','2024-04-10 22:54:39',NULL),(526,541,153,2,'2024-04-10 22:54:39','2024-04-10 22:54:39',NULL),(527,543,55,1,'2024-04-10 22:54:39','2024-04-10 22:54:39',NULL),(528,543,154,2,'2024-04-10 22:54:39','2024-04-10 22:54:39',NULL),(529,544,99,1,'2024-04-10 22:54:39','2024-04-10 22:54:39',NULL),(530,545,144,1,'2024-04-10 22:54:39','2024-04-10 22:54:39',NULL),(531,545,73,2,'2024-04-10 22:54:39','2024-04-10 22:54:39',NULL),(532,545,93,3,'2024-04-10 22:54:39','2024-04-10 22:54:39',NULL),(533,546,153,1,'2024-04-10 22:54:39','2024-04-10 22:54:39',NULL),(534,546,155,2,'2024-04-10 22:54:39','2024-04-10 22:54:39',NULL),(535,548,28,1,'2024-04-10 22:54:39','2024-04-10 22:54:39',NULL),(536,548,12,2,'2024-04-10 22:54:39','2024-04-10 22:54:39',NULL),(537,548,55,3,'2024-04-10 22:54:39','2024-04-10 22:54:39',NULL),(538,550,156,1,'2024-04-10 22:54:39','2024-04-10 22:54:39',NULL),(539,552,157,1,'2024-04-10 22:54:39','2024-04-10 22:54:39',NULL),(540,554,100,1,'2024-04-10 22:54:39','2024-04-10 22:54:39',NULL),(541,555,15,1,'2024-04-10 22:54:39','2024-04-10 22:54:39',NULL),(542,555,73,2,'2024-04-10 22:54:39','2024-04-10 22:54:39',NULL),(543,556,158,1,'2024-04-10 22:54:39','2024-04-10 22:54:39',NULL),(544,556,159,2,'2024-04-10 22:54:39','2024-04-10 22:54:39',NULL),(545,559,9,2,'2024-04-10 22:54:39','2024-04-10 22:54:39',NULL),(546,560,28,1,'2024-04-10 22:54:39','2024-04-10 22:54:39',NULL),(547,561,73,1,'2024-04-10 22:54:39','2024-04-10 22:54:39',NULL),(548,561,141,2,'2024-04-10 22:54:39','2024-04-10 22:54:39',NULL),(549,562,75,1,'2024-04-10 22:54:39','2024-04-10 22:54:39',NULL),(550,563,66,1,'2024-04-10 22:54:39','2024-04-10 22:54:39',NULL),(551,566,160,1,'2024-04-10 22:54:39','2024-04-10 22:54:39',NULL),(552,566,97,2,'2024-04-10 22:54:39','2024-04-10 22:54:39',NULL),(553,567,71,1,'2024-04-10 22:54:39','2024-04-10 22:54:39',NULL),(554,568,5,1,'2024-04-10 22:54:39','2024-04-10 22:54:39',NULL),(555,569,102,1,'2024-04-10 22:54:39','2024-04-10 22:54:39',NULL),(556,571,9,1,'2024-04-10 22:54:39','2024-04-10 22:54:39',NULL),(557,571,35,3,'2024-04-10 22:54:39','2024-04-10 22:54:39',NULL),(558,574,47,1,'2024-04-10 22:54:39','2024-04-10 22:54:39',NULL),(559,576,2,1,'2024-04-10 22:54:39','2024-04-10 22:54:39',NULL),(560,577,7,1,'2024-04-10 22:54:39','2024-04-10 22:54:39',NULL),(561,577,28,2,'2024-04-10 22:54:39','2024-04-10 22:54:39',NULL),(562,581,15,1,'2024-04-10 22:54:39','2024-04-10 22:54:39',NULL),(563,581,25,2,'2024-04-10 22:54:39','2024-04-10 22:54:39',NULL),(564,582,27,1,'2024-04-10 22:54:39','2024-04-10 22:54:39',NULL),(565,582,55,2,'2024-04-10 22:54:39','2024-04-10 22:54:39',NULL),(566,589,14,1,'2024-04-10 22:54:39','2024-04-10 22:54:39',NULL),(567,590,90,1,'2024-04-10 22:54:39','2024-04-10 22:54:39',NULL),(568,592,78,1,'2024-04-10 22:54:39','2024-04-10 22:54:39',NULL),(569,593,29,1,'2024-04-10 22:54:39','2024-04-10 22:54:39',NULL),(570,593,99,2,'2024-04-10 22:54:39','2024-04-10 22:54:39',NULL),(571,593,37,3,'2024-04-10 22:54:39','2024-04-10 22:54:39',NULL),(572,594,35,1,'2024-04-10 22:54:39','2024-04-10 22:54:39',NULL),(573,594,28,2,'2024-04-10 22:54:39','2024-04-10 22:54:39',NULL),(574,597,24,1,'2024-04-10 22:54:39','2024-04-10 22:54:39',NULL),(575,598,55,1,'2024-04-10 22:54:39','2024-04-10 22:54:39',NULL),(576,599,5,1,'2024-04-10 22:54:39','2024-04-10 22:54:39',NULL),(577,599,2,2,'2024-04-10 22:54:39','2024-04-10 22:54:39',NULL),(578,601,55,1,'2024-04-10 22:54:39','2024-04-10 22:54:39',NULL),(579,602,35,1,'2024-04-10 22:54:39','2024-04-10 22:54:39',NULL),(580,603,161,1,'2024-04-10 22:54:39','2024-04-10 22:54:39',NULL),(581,603,162,2,'2024-04-10 22:54:39','2024-04-10 22:54:39',NULL),(582,606,5,1,'2024-04-10 22:54:39','2024-04-10 22:54:39',NULL),(583,606,2,2,'2024-04-10 22:54:39','2024-04-10 22:54:39',NULL),(584,607,12,1,'2024-04-10 22:54:39','2024-04-10 22:54:39',NULL),(585,609,78,1,'2024-04-10 22:54:39','2024-04-10 22:54:39',NULL),(586,611,16,2,'2024-04-10 22:54:39','2024-04-10 22:54:39',NULL),(587,612,34,1,'2024-04-10 22:54:39','2024-04-10 22:54:39',NULL),(588,613,52,1,'2024-04-10 22:54:39','2024-04-10 22:54:39',NULL),(589,614,163,1,'2024-04-10 22:54:39','2024-04-10 22:54:39',NULL),(590,615,164,1,'2024-04-10 22:54:39','2024-04-10 22:54:39',NULL),(591,616,63,1,'2024-04-10 22:54:39','2024-04-10 22:54:39',NULL),(592,616,76,3,'2024-04-10 22:54:39','2024-04-10 22:54:39',NULL),(593,617,7,1,'2024-04-10 22:54:39','2024-04-10 22:54:39',NULL),(594,618,24,1,'2024-04-10 22:54:39','2024-04-10 22:54:39',NULL),(595,619,155,1,'2024-04-10 22:54:39','2024-04-10 22:54:39',NULL),(596,620,74,1,'2024-04-10 22:54:39','2024-04-10 22:54:39',NULL),(597,621,51,1,'2024-04-10 22:54:39','2024-04-10 22:54:39',NULL),(598,623,49,1,'2024-04-10 22:54:39','2024-04-10 22:54:39',NULL),(599,625,28,1,'2024-04-10 22:54:39','2024-04-10 22:54:39',NULL),(600,626,29,1,'2024-04-10 22:54:39','2024-04-10 22:54:39',NULL),(601,628,165,1,'2024-04-10 22:54:39','2024-04-10 22:54:39',NULL),(602,629,166,1,'2024-04-10 22:54:39','2024-04-10 22:54:39',NULL),(603,630,28,1,'2024-04-10 22:54:39','2024-04-10 22:54:39',NULL),(604,630,42,2,'2024-04-10 22:54:39','2024-04-10 22:54:39',NULL),(605,633,89,1,'2024-04-10 22:54:39','2024-04-10 22:54:39',NULL),(606,634,5,1,'2024-04-10 22:54:39','2024-04-10 22:54:39',NULL),(607,634,26,3,'2024-04-10 22:54:39','2024-04-10 22:54:39',NULL),(608,635,167,1,'2024-04-10 22:54:39','2024-04-10 22:54:39',NULL),(609,636,78,1,'2024-04-10 22:54:39','2024-04-10 22:54:39',NULL),(610,637,78,1,'2024-04-10 22:54:39','2024-04-10 22:54:39',NULL),(611,638,15,1,'2024-04-10 22:54:39','2024-04-10 22:54:39',NULL),(612,638,28,2,'2024-04-10 22:54:39','2024-04-10 22:54:39',NULL),(613,640,15,1,'2024-04-10 22:54:39','2024-04-10 22:54:39',NULL),(614,640,105,2,'2024-04-10 22:54:39','2024-04-10 22:54:39',NULL),(615,641,155,1,'2024-04-10 22:54:39','2024-04-10 22:54:39',NULL),(616,642,168,1,'2024-04-10 22:54:39','2024-04-10 22:54:39',NULL),(617,643,169,1,'2024-04-10 22:54:39','2024-04-10 22:54:39',NULL),(618,644,25,1,'2024-04-10 22:54:39','2024-04-10 22:54:39',NULL),(619,644,15,2,'2024-04-10 22:54:39','2024-04-10 22:54:39',NULL),(620,645,124,1,'2024-04-10 22:54:39','2024-04-10 22:54:39',NULL),(621,645,7,2,'2024-04-10 22:54:39','2024-04-10 22:54:39',NULL),(622,646,99,1,'2024-04-10 22:54:39','2024-04-10 22:54:39',NULL),(623,647,27,1,'2024-04-10 22:54:39','2024-04-10 22:54:39',NULL),(624,651,2,1,'2024-04-10 22:54:39','2024-04-10 22:54:39',NULL),(625,651,7,2,'2024-04-10 22:54:39','2024-04-10 22:54:39',NULL),(626,651,5,3,'2024-04-10 22:54:39','2024-04-10 22:54:39',NULL),(627,652,7,1,'2024-04-10 22:54:39','2024-04-10 22:54:39',NULL),(628,652,2,2,'2024-04-10 22:54:39','2024-04-10 22:54:39',NULL),(629,652,5,3,'2024-04-10 22:54:39','2024-04-10 22:54:39',NULL),(630,654,2,1,'2024-04-10 22:54:39','2024-04-10 22:54:39',NULL),(631,654,127,2,'2024-04-10 22:54:39','2024-04-10 22:54:39',NULL),(632,655,2,1,'2024-04-10 22:54:39','2024-04-10 22:54:39',NULL),(633,655,100,2,'2024-04-10 22:54:39','2024-04-10 22:54:39',NULL),(634,655,14,3,'2024-04-10 22:54:39','2024-04-10 22:54:39',NULL),(635,656,88,1,'2024-04-10 22:54:39','2024-04-10 22:54:39',NULL),(636,657,2,1,'2024-04-10 22:54:39','2024-04-10 22:54:39',NULL),(637,660,95,1,'2024-04-10 22:54:39','2024-04-10 22:54:39',NULL),(638,660,170,2,'2024-04-10 22:54:39','2024-04-10 22:54:39',NULL),(639,660,78,3,'2024-04-10 22:54:39','2024-04-10 22:54:39',NULL),(640,661,41,1,'2024-04-10 22:54:39','2024-04-10 22:54:39',NULL),(641,661,8,2,'2024-04-10 22:54:39','2024-04-10 22:54:39',NULL),(642,662,30,1,'2024-04-10 22:54:39','2024-04-10 22:54:39',NULL),(643,662,20,2,'2024-04-10 22:54:39','2024-04-10 22:54:39',NULL),(644,663,171,1,'2024-04-10 22:54:39','2024-04-10 22:54:39',NULL),(645,664,28,1,'2024-04-10 22:54:39','2024-04-10 22:54:39',NULL),(646,664,64,2,'2024-04-10 22:54:39','2024-04-10 22:54:39',NULL),(647,664,42,3,'2024-04-10 22:54:39','2024-04-10 22:54:39',NULL),(648,666,28,1,'2024-04-10 22:54:39','2024-04-10 22:54:39',NULL),(649,667,46,1,'2024-04-10 22:54:39','2024-04-10 22:54:39',NULL),(650,668,92,1,'2024-04-10 22:54:39','2024-04-10 22:54:39',NULL),(651,669,13,1,'2024-04-10 22:54:39','2024-04-10 22:54:39',NULL),(652,670,14,1,'2024-04-10 22:54:39','2024-04-10 22:54:39',NULL),(653,671,104,1,'2024-04-10 22:54:39','2024-04-10 22:54:39',NULL),(654,672,172,1,'2024-04-10 22:54:39','2024-04-10 22:54:39',NULL),(655,672,42,2,'2024-04-10 22:54:39','2024-04-10 22:54:39',NULL),(656,674,173,1,'2024-04-10 22:54:39','2024-04-10 22:54:39',NULL),(657,677,14,1,'2024-04-10 22:54:39','2024-04-10 22:54:39',NULL),(658,678,8,1,'2024-04-10 22:54:39','2024-04-10 22:54:39',NULL),(659,679,8,1,'2024-04-10 22:54:39','2024-04-10 22:54:39',NULL),(660,679,2,2,'2024-04-10 22:54:39','2024-04-10 22:54:39',NULL),(661,679,89,3,'2024-04-10 22:54:39','2024-04-10 22:54:39',NULL),(662,680,104,1,'2024-04-10 22:54:39','2024-04-10 22:54:39',NULL),(663,681,9,1,'2024-04-10 22:54:39','2024-04-10 22:54:39',NULL),(664,681,73,2,'2024-04-10 22:54:39','2024-04-10 22:54:39',NULL),(665,681,25,3,'2024-04-10 22:54:39','2024-04-10 22:54:39',NULL),(666,683,55,1,'2024-04-10 22:54:39','2024-04-10 22:54:39',NULL),(667,683,28,2,'2024-04-10 22:54:39','2024-04-10 22:54:39',NULL),(668,683,20,3,'2024-04-10 22:54:39','2024-04-10 22:54:39',NULL),(669,684,9,1,'2024-04-10 22:54:39','2024-04-10 22:54:39',NULL),(670,686,151,1,'2024-04-10 22:54:39','2024-04-10 22:54:39',NULL),(671,689,174,1,'2024-04-10 22:54:39','2024-04-10 22:54:39',NULL),(672,690,1,1,'2024-04-10 22:54:39','2024-04-10 22:54:39',NULL),(673,691,166,1,'2024-04-10 22:54:39','2024-04-10 22:54:39',NULL),(674,691,88,2,'2024-04-10 22:54:39','2024-04-10 22:54:39',NULL),(675,694,41,1,'2024-04-10 22:54:39','2024-04-10 22:54:39',NULL),(676,695,22,1,'2024-04-10 22:54:39','2024-04-10 22:54:39',NULL),(677,699,15,1,'2024-04-10 22:54:39','2024-04-10 22:54:39',NULL),(678,700,124,1,'2024-04-10 22:54:39','2024-04-10 22:54:39',NULL),(679,701,124,1,'2024-04-10 22:54:39','2024-04-10 22:54:39',NULL),(680,701,175,2,'2024-04-10 22:54:39','2024-04-10 22:54:39',NULL),(681,704,52,1,'2024-04-10 22:54:39','2024-04-10 22:54:39',NULL),(682,706,87,1,'2024-04-10 22:54:39','2024-04-10 22:54:39',NULL),(683,707,87,1,'2024-04-10 22:54:39','2024-04-10 22:54:39',NULL),(684,708,176,1,'2024-04-10 22:54:39','2024-04-10 22:54:39',NULL),(685,713,5,1,'2024-04-10 22:54:39','2024-04-10 22:54:39',NULL),(686,714,177,1,'2024-04-10 22:54:39','2024-04-10 22:54:39',NULL),(687,714,110,2,'2024-04-10 22:54:39','2024-04-10 22:54:39',NULL),(688,717,15,1,'2024-04-10 22:54:39','2024-04-10 22:54:39',NULL),(689,718,5,1,'2024-04-10 22:54:39','2024-04-10 22:54:39',NULL),(690,719,178,1,'2024-04-10 22:54:39','2024-04-10 22:54:39',NULL),(691,721,105,1,'2024-04-10 22:54:39','2024-04-10 22:54:39',NULL),(692,724,42,1,'2024-04-10 22:54:39','2024-04-10 22:54:39',NULL),(693,726,9,1,'2024-04-10 22:54:39','2024-04-10 22:54:39',NULL),(694,727,78,1,'2024-04-10 22:54:39','2024-04-10 22:54:39',NULL),(695,730,2,1,'2024-04-10 22:54:39','2024-04-10 22:54:39',NULL),(696,732,73,1,'2024-04-10 22:54:39','2024-04-10 22:54:39',NULL),(697,732,15,2,'2024-04-10 22:54:39','2024-04-10 22:54:39',NULL),(698,734,179,1,'2024-04-10 22:54:39','2024-04-10 22:54:39',NULL),(699,734,122,2,'2024-04-10 22:54:39','2024-04-10 22:54:39',NULL),(700,735,147,1,'2024-04-10 22:54:39','2024-04-10 22:54:39',NULL),(701,736,28,1,'2024-04-10 22:54:39','2024-04-10 22:54:39',NULL),(702,737,100,1,'2024-04-10 22:54:39','2024-04-10 22:54:39',NULL),(703,737,2,2,'2024-04-10 22:54:39','2024-04-10 22:54:39',NULL),(704,739,8,1,'2024-04-10 22:54:39','2024-04-10 22:54:39',NULL),(705,741,66,1,'2024-04-10 22:54:39','2024-04-10 22:54:39',NULL),(706,741,5,2,'2024-04-10 22:54:39','2024-04-10 22:54:39',NULL),(707,742,42,1,'2024-04-10 22:54:39','2024-04-10 22:54:39',NULL),(708,743,180,1,'2024-04-10 22:54:39','2024-04-10 22:54:39',NULL),(709,743,24,2,'2024-04-10 22:54:39','2024-04-10 22:54:39',NULL),(710,744,180,1,'2024-04-10 22:54:39','2024-04-10 22:54:39',NULL),(711,744,24,2,'2024-04-10 22:54:39','2024-04-10 22:54:39',NULL),(712,745,7,1,'2024-04-10 22:54:39','2024-04-10 22:54:39',NULL),(713,745,146,2,'2024-04-10 22:54:39','2024-04-10 22:54:39',NULL),(714,747,50,1,'2024-04-10 22:54:39','2024-04-10 22:54:39',NULL),(715,747,55,2,'2024-04-10 22:54:39','2024-04-10 22:54:39',NULL),(716,748,55,1,'2024-04-10 22:54:39','2024-04-10 22:54:39',NULL),(717,748,73,2,'2024-04-10 22:54:40','2024-04-10 22:54:40',NULL),(718,749,120,1,'2024-04-10 22:54:40','2024-04-10 22:54:40',NULL),(719,750,2,1,'2024-04-10 22:54:40','2024-04-10 22:54:40',NULL),(720,753,181,1,'2024-04-10 22:54:40','2024-04-10 22:54:40',NULL),(721,754,65,1,'2024-04-10 22:54:40','2024-04-10 22:54:40',NULL),(722,754,25,2,'2024-04-10 22:54:40','2024-04-10 22:54:40',NULL),(723,755,35,1,'2024-04-10 22:54:40','2024-04-10 22:54:40',NULL),(724,755,28,2,'2024-04-10 22:54:40','2024-04-10 22:54:40',NULL),(725,755,55,3,'2024-04-10 22:54:40','2024-04-10 22:54:40',NULL),(726,759,88,1,'2024-04-10 22:54:40','2024-04-10 22:54:40',NULL),(727,760,121,1,'2024-04-10 22:54:40','2024-04-10 22:54:40',NULL),(728,760,57,2,'2024-04-10 22:54:40','2024-04-10 22:54:40',NULL),(729,762,182,1,'2024-04-10 22:54:40','2024-04-10 22:54:40',NULL),(730,763,99,1,'2024-04-10 22:54:40','2024-04-10 22:54:40',NULL),(731,763,98,2,'2024-04-10 22:54:40','2024-04-10 22:54:40',NULL),(732,764,107,1,'2024-04-10 22:54:40','2024-04-10 22:54:40',NULL),(733,765,15,1,'2024-04-10 22:54:40','2024-04-10 22:54:40',NULL),(734,767,29,1,'2024-04-10 22:54:40','2024-04-10 22:54:40',NULL),(735,769,37,1,'2024-04-10 22:54:40','2024-04-10 22:54:40',NULL),(736,769,183,2,'2024-04-10 22:54:40','2024-04-10 22:54:40',NULL),(737,770,76,1,'2024-04-10 22:54:40','2024-04-10 22:54:40',NULL),(738,770,9,2,'2024-04-10 22:54:40','2024-04-10 22:54:40',NULL),(739,771,28,1,'2024-04-10 22:54:40','2024-04-10 22:54:40',NULL),(740,772,13,1,'2024-04-10 22:54:40','2024-04-10 22:54:40',NULL),(741,773,29,1,'2024-04-10 22:54:40','2024-04-10 22:54:40',NULL),(742,775,31,1,'2024-04-10 22:54:40','2024-04-10 22:54:40',NULL),(743,777,87,1,'2024-04-10 22:54:40','2024-04-10 22:54:40',NULL),(744,780,15,1,'2024-04-10 22:54:40','2024-04-10 22:54:40',NULL),(745,783,2,1,'2024-04-10 22:54:40','2024-04-10 22:54:40',NULL),(746,787,79,1,'2024-04-10 22:54:40','2024-04-10 22:54:40',NULL),(747,788,107,1,'2024-04-10 22:54:40','2024-04-10 22:54:40',NULL),(748,790,2,1,'2024-04-10 22:54:40','2024-04-10 22:54:40',NULL),(749,791,22,1,'2024-04-10 22:54:40','2024-04-10 22:54:40',NULL),(750,792,29,1,'2024-04-10 22:54:40','2024-04-10 22:54:40',NULL),(751,795,55,1,'2024-04-10 22:54:40','2024-04-10 22:54:40',NULL),(752,796,37,1,'2024-04-10 22:54:40','2024-04-10 22:54:40',NULL),(753,797,107,1,'2024-04-10 22:54:40','2024-04-10 22:54:40',NULL),(754,797,73,2,'2024-04-10 22:54:40','2024-04-10 22:54:40',NULL),(755,798,184,1,'2024-04-10 22:54:40','2024-04-10 22:54:40',NULL),(756,799,15,1,'2024-04-10 22:54:40','2024-04-10 22:54:40',NULL),(757,799,169,2,'2024-04-10 22:54:40','2024-04-10 22:54:40',NULL),(758,800,70,1,'2024-04-10 22:54:40','2024-04-10 22:54:40',NULL),(759,803,185,1,'2024-04-10 22:54:40','2024-04-10 22:54:40',NULL),(760,803,89,2,'2024-04-10 22:54:40','2024-04-10 22:54:40',NULL),(761,806,124,1,'2024-04-10 22:54:40','2024-04-10 22:54:40',NULL),(762,807,161,1,'2024-04-10 22:54:40','2024-04-10 22:54:40',NULL),(763,807,186,2,'2024-04-10 22:54:40','2024-04-10 22:54:40',NULL),(764,808,151,1,'2024-04-10 22:54:40','2024-04-10 22:54:40',NULL),(765,808,7,2,'2024-04-10 22:54:40','2024-04-10 22:54:40',NULL),(766,809,20,1,'2024-04-10 22:54:40','2024-04-10 22:54:40',NULL),(767,810,15,1,'2024-04-10 22:54:40','2024-04-10 22:54:40',NULL),(768,812,23,1,'2024-04-10 22:54:40','2024-04-10 22:54:40',NULL),(769,813,55,1,'2024-04-10 22:54:40','2024-04-10 22:54:40',NULL),(770,814,187,1,'2024-04-10 22:54:40','2024-04-10 22:54:40',NULL),(771,815,8,1,'2024-04-10 22:54:40','2024-04-10 22:54:40',NULL),(772,816,21,1,'2024-04-10 22:54:40','2024-04-10 22:54:40',NULL),(773,816,8,2,'2024-04-10 22:54:40','2024-04-10 22:54:40',NULL),(774,818,28,1,'2024-04-10 22:54:40','2024-04-10 22:54:40',NULL),(775,818,42,2,'2024-04-10 22:54:40','2024-04-10 22:54:40',NULL),(776,820,7,1,'2024-04-10 22:54:40','2024-04-10 22:54:40',NULL),(777,821,133,1,'2024-04-10 22:54:40','2024-04-10 22:54:40',NULL),(778,822,45,1,'2024-04-10 22:54:40','2024-04-10 22:54:40',NULL),(779,823,86,1,'2024-04-10 22:54:40','2024-04-10 22:54:40',NULL),(780,823,7,2,'2024-04-10 22:54:40','2024-04-10 22:54:40',NULL),(781,824,124,1,'2024-04-10 22:54:40','2024-04-10 22:54:40',NULL),(782,825,188,1,'2024-04-10 22:54:40','2024-04-10 22:54:40',NULL),(783,825,26,2,'2024-04-10 22:54:40','2024-04-10 22:54:40',NULL),(784,828,37,1,'2024-04-10 22:54:40','2024-04-10 22:54:40',NULL),(785,830,14,1,'2024-04-10 22:54:40','2024-04-10 22:54:40',NULL),(786,831,15,1,'2024-04-10 22:54:40','2024-04-10 22:54:40',NULL),(787,838,124,1,'2024-04-10 22:54:40','2024-04-10 22:54:40',NULL),(788,839,9,1,'2024-04-10 22:54:40','2024-04-10 22:54:40',NULL),(789,840,107,1,'2024-04-10 22:54:40','2024-04-10 22:54:40',NULL),(790,841,189,1,'2024-04-10 22:54:40','2024-04-10 22:54:40',NULL),(791,841,190,2,'2024-04-10 22:54:40','2024-04-10 22:54:40',NULL),(792,843,25,1,'2024-04-10 22:54:40','2024-04-10 22:54:40',NULL),(793,844,42,1,'2024-04-10 22:54:40','2024-04-10 22:54:40',NULL),(794,846,42,1,'2024-04-10 22:54:40','2024-04-10 22:54:40',NULL),(795,846,1,2,'2024-04-10 22:54:40','2024-04-10 22:54:40',NULL),(796,847,147,1,'2024-04-10 22:54:40','2024-04-10 22:54:40',NULL),(797,848,191,1,'2024-04-10 22:54:40','2024-04-10 22:54:40',NULL),(798,849,104,1,'2024-04-10 22:54:40','2024-04-10 22:54:40',NULL),(799,850,15,1,'2024-04-10 22:54:40','2024-04-10 22:54:40',NULL),(800,851,7,1,'2024-04-10 22:54:40','2024-04-10 22:54:40',NULL),(801,852,192,1,'2024-04-10 22:54:40','2024-04-10 22:54:40',NULL),(802,853,73,1,'2024-04-10 22:54:40','2024-04-10 22:54:40',NULL),(803,854,149,1,'2024-04-10 22:54:40','2024-04-10 22:54:40',NULL),(804,855,28,1,'2024-04-10 22:54:40','2024-04-10 22:54:40',NULL),(805,855,7,2,'2024-04-10 22:54:40','2024-04-10 22:54:40',NULL),(806,856,2,1,'2024-04-10 22:54:40','2024-04-10 22:54:40',NULL),(807,856,49,2,'2024-04-10 22:54:40','2024-04-10 22:54:40',NULL),(808,857,193,1,'2024-04-10 22:54:40','2024-04-10 22:54:40',NULL),(809,858,29,1,'2024-04-10 22:54:40','2024-04-10 22:54:40',NULL),(810,858,37,2,'2024-04-10 22:54:40','2024-04-10 22:54:40',NULL),(811,859,8,1,'2024-04-10 22:54:40','2024-04-10 22:54:40',NULL),(812,861,194,1,'2024-04-10 22:54:40','2024-04-10 22:54:40',NULL),(813,861,195,2,'2024-04-10 22:54:40','2024-04-10 22:54:40',NULL),(814,862,84,1,'2024-04-10 22:54:40','2024-04-10 22:54:40',NULL),(815,864,57,1,'2024-04-10 22:54:40','2024-04-10 22:54:40',NULL),(816,866,196,1,'2024-04-10 22:54:40','2024-04-10 22:54:40',NULL),(817,866,197,2,'2024-04-10 22:54:40','2024-04-10 22:54:40',NULL),(818,866,186,3,'2024-04-10 22:54:40','2024-04-10 22:54:40',NULL),(819,867,2,1,'2024-04-10 22:54:40','2024-04-10 22:54:40',NULL),(820,871,24,1,'2024-04-10 22:54:40','2024-04-10 22:54:40',NULL),(821,871,15,2,'2024-04-10 22:54:40','2024-04-10 22:54:40',NULL),(822,871,25,3,'2024-04-10 22:54:40','2024-04-10 22:54:40',NULL),(823,872,28,1,'2024-04-10 22:54:40','2024-04-10 22:54:40',NULL),(824,872,7,2,'2024-04-10 22:54:40','2024-04-10 22:54:40',NULL),(825,873,198,1,'2024-04-10 22:54:40','2024-04-10 22:54:40',NULL),(826,873,199,2,'2024-04-10 22:54:40','2024-04-10 22:54:40',NULL),(827,875,11,1,'2024-04-10 22:54:40','2024-04-10 22:54:40',NULL),(828,875,188,2,'2024-04-10 22:54:40','2024-04-10 22:54:40',NULL),(829,876,63,1,'2024-04-10 22:54:40','2024-04-10 22:54:40',NULL),(830,877,73,1,'2024-04-10 22:54:40','2024-04-10 22:54:40',NULL),(831,879,15,1,'2024-04-10 22:54:40','2024-04-10 22:54:40',NULL),(832,880,15,1,'2024-04-10 22:54:40','2024-04-10 22:54:40',NULL),(833,883,7,1,'2024-04-10 22:54:40','2024-04-10 22:54:40',NULL),(834,884,15,1,'2024-04-10 22:54:40','2024-04-10 22:54:40',NULL),(835,885,28,1,'2024-04-10 22:54:40','2024-04-10 22:54:40',NULL),(836,886,49,1,'2024-04-10 22:54:40','2024-04-10 22:54:40',NULL),(837,887,124,1,'2024-04-10 22:54:40','2024-04-10 22:54:40',NULL),(838,889,14,1,'2024-04-10 22:54:40','2024-04-10 22:54:40',NULL),(839,889,181,2,'2024-04-10 22:54:40','2024-04-10 22:54:40',NULL),(840,890,2,1,'2024-04-10 22:54:40','2024-04-10 22:54:40',NULL),(841,891,26,1,'2024-04-10 22:54:40','2024-04-10 22:54:40',NULL),(842,892,64,1,'2024-04-10 22:54:40','2024-04-10 22:54:40',NULL),(843,892,27,2,'2024-04-10 22:54:40','2024-04-10 22:54:40',NULL),(844,892,42,3,'2024-04-10 22:54:40','2024-04-10 22:54:40',NULL),(845,893,12,1,'2024-04-10 22:54:40','2024-04-10 22:54:40',NULL),(846,895,24,1,'2024-04-10 22:54:40','2024-04-10 22:54:40',NULL),(847,896,15,1,'2024-04-10 22:54:40','2024-04-10 22:54:40',NULL),(848,897,133,1,'2024-04-10 22:54:40','2024-04-10 22:54:40',NULL),(849,898,107,1,'2024-04-10 22:54:40','2024-04-10 22:54:40',NULL),(850,899,185,1,'2024-04-10 22:54:40','2024-04-10 22:54:40',NULL),(851,899,89,2,'2024-04-10 22:54:40','2024-04-10 22:54:40',NULL),(852,900,124,1,'2024-04-10 22:54:40','2024-04-10 22:54:40',NULL),(853,901,124,1,'2024-04-10 22:54:40','2024-04-10 22:54:40',NULL),(854,903,200,1,'2024-04-10 22:54:40','2024-04-10 22:54:40',NULL),(855,904,24,1,'2024-04-10 22:54:40','2024-04-10 22:54:40',NULL),(856,904,15,2,'2024-04-10 22:54:40','2024-04-10 22:54:40',NULL),(857,904,63,3,'2024-04-10 22:54:40','2024-04-10 22:54:40',NULL),(858,908,15,1,'2024-04-10 22:54:40','2024-04-10 22:54:40',NULL),(859,909,32,1,'2024-04-10 22:54:40','2024-04-10 22:54:40',NULL),(860,910,76,1,'2024-04-10 22:54:40','2024-04-10 22:54:40',NULL),(861,911,28,1,'2024-04-10 22:54:40','2024-04-10 22:54:40',NULL),(862,912,41,1,'2024-04-10 22:54:40','2024-04-10 22:54:40',NULL),(863,912,8,2,'2024-04-10 22:54:40','2024-04-10 22:54:40',NULL),(864,915,30,1,'2024-04-10 22:54:40','2024-04-10 22:54:40',NULL),(865,916,28,1,'2024-04-10 22:54:40','2024-04-10 22:54:40',NULL),(866,916,55,2,'2024-04-10 22:54:40','2024-04-10 22:54:40',NULL),(867,919,14,1,'2024-04-10 22:54:40','2024-04-10 22:54:40',NULL),(868,921,48,1,'2024-04-10 22:54:40','2024-04-10 22:54:40',NULL),(869,922,125,1,'2024-04-10 22:54:40','2024-04-10 22:54:40',NULL),(870,924,24,1,'2024-04-10 22:54:40','2024-04-10 22:54:40',NULL),(871,925,176,1,'2024-04-10 22:54:40','2024-04-10 22:54:40',NULL),(872,925,15,2,'2024-04-10 22:54:40','2024-04-10 22:54:40',NULL),(873,926,107,1,'2024-04-10 22:54:40','2024-04-10 22:54:40',NULL),(874,926,18,2,'2024-04-10 22:54:40','2024-04-10 22:54:40',NULL),(875,928,15,1,'2024-04-10 22:54:40','2024-04-10 22:54:40',NULL),(876,930,72,1,'2024-04-10 22:54:40','2024-04-10 22:54:40',NULL),(877,931,201,1,'2024-04-10 22:54:40','2024-04-10 22:54:40',NULL),(878,931,49,2,'2024-04-10 22:54:40','2024-04-10 22:54:40',NULL),(879,931,7,3,'2024-04-10 22:54:40','2024-04-10 22:54:40',NULL),(880,932,37,1,'2024-04-10 22:54:40','2024-04-10 22:54:40',NULL),(881,933,93,1,'2024-04-10 22:54:40','2024-04-10 22:54:40',NULL),(882,934,1,1,'2024-04-10 22:54:40','2024-04-10 22:54:40',NULL),(883,935,9,1,'2024-04-10 22:54:40','2024-04-10 22:54:40',NULL),(884,938,202,1,'2024-04-10 22:54:40','2024-04-10 22:54:40',NULL),(885,940,107,1,'2024-04-10 22:54:40','2024-04-10 22:54:40',NULL),(886,941,78,1,'2024-04-10 22:54:40','2024-04-10 22:54:40',NULL),(887,942,203,1,'2024-04-10 22:54:40','2024-04-10 22:54:40',NULL),(888,943,7,1,'2024-04-10 22:54:40','2024-04-10 22:54:40',NULL),(889,943,151,2,'2024-04-10 22:54:40','2024-04-10 22:54:40',NULL),(890,944,68,1,'2024-04-10 22:54:40','2024-04-10 22:54:40',NULL),(891,945,26,1,'2024-04-10 22:54:40','2024-04-10 22:54:40',NULL),(892,946,32,1,'2024-04-10 22:54:40','2024-04-10 22:54:40',NULL),(893,947,9,1,'2024-04-10 22:54:40','2024-04-10 22:54:40',NULL),(894,948,204,1,'2024-04-10 22:54:40','2024-04-10 22:54:40',NULL),(895,949,57,1,'2024-04-10 22:54:40','2024-04-10 22:54:40',NULL),(896,950,124,1,'2024-04-10 22:54:40','2024-04-10 22:54:40',NULL),(897,950,2,2,'2024-04-10 22:54:40','2024-04-10 22:54:40',NULL),(898,951,2,1,'2024-04-10 22:54:40','2024-04-10 22:54:40',NULL),(899,952,55,1,'2024-04-10 22:54:40','2024-04-10 22:54:40',NULL),(900,955,15,1,'2024-04-10 22:54:40','2024-04-10 22:54:40',NULL),(901,955,45,2,'2024-04-10 22:54:40','2024-04-10 22:54:40',NULL),(902,955,73,3,'2024-04-10 22:54:40','2024-04-10 22:54:40',NULL),(903,956,41,1,'2024-04-10 22:54:40','2024-04-10 22:54:40',NULL),(904,956,8,2,'2024-04-10 22:54:40','2024-04-10 22:54:40',NULL),(905,957,7,1,'2024-04-10 22:54:40','2024-04-10 22:54:40',NULL),(906,959,175,1,'2024-04-10 22:54:40','2024-04-10 22:54:40',NULL),(907,959,7,2,'2024-04-10 22:54:40','2024-04-10 22:54:40',NULL),(908,960,74,1,'2024-04-10 22:54:40','2024-04-10 22:54:40',NULL),(909,960,5,2,'2024-04-10 22:54:40','2024-04-10 22:54:40',NULL),(910,961,12,1,'2024-04-10 22:54:40','2024-04-10 22:54:40',NULL),(911,961,43,2,'2024-04-10 22:54:40','2024-04-10 22:54:40',NULL),(912,963,125,1,'2024-04-10 22:54:40','2024-04-10 22:54:40',NULL),(913,964,12,1,'2024-04-10 22:54:40','2024-04-10 22:54:40',NULL),(914,964,25,2,'2024-04-10 22:54:40','2024-04-10 22:54:40',NULL),(915,964,35,3,'2024-04-10 22:54:40','2024-04-10 22:54:40',NULL),(916,965,9,1,'2024-04-10 22:54:40','2024-04-10 22:54:40',NULL),(917,968,5,1,'2024-04-10 22:54:40','2024-04-10 22:54:40',NULL),(918,969,8,1,'2024-04-10 22:54:40','2024-04-10 22:54:40',NULL),(919,969,5,2,'2024-04-10 22:54:40','2024-04-10 22:54:40',NULL),(920,970,35,1,'2024-04-10 22:54:40','2024-04-10 22:54:40',NULL),(921,971,35,1,'2024-04-10 22:54:40','2024-04-10 22:54:40',NULL),(922,972,8,1,'2024-04-10 22:54:40','2024-04-10 22:54:40',NULL),(923,973,194,1,'2024-04-10 22:54:40','2024-04-10 22:54:40',NULL),(924,975,133,1,'2024-04-10 22:54:40','2024-04-10 22:54:40',NULL),(925,976,12,1,'2024-04-10 22:54:40','2024-04-10 22:54:40',NULL),(926,979,150,1,'2024-04-10 22:54:40','2024-04-10 22:54:40',NULL),(927,979,123,2,'2024-04-10 22:54:40','2024-04-10 22:54:40',NULL),(928,980,205,1,'2024-04-10 22:54:40','2024-04-10 22:54:40',NULL),(929,981,206,1,'2024-04-10 22:54:40','2024-04-10 22:54:40',NULL),(930,982,14,1,'2024-04-10 22:54:40','2024-04-10 22:54:40',NULL),(931,984,66,1,'2024-04-10 22:54:40','2024-04-10 22:54:40',NULL),(932,987,14,1,'2024-04-10 22:54:40','2024-04-10 22:54:40',NULL),(933,988,13,1,'2024-04-10 22:54:40','2024-04-10 22:54:40',NULL),(934,989,8,1,'2024-04-10 22:54:40','2024-04-10 22:54:40',NULL),(935,991,15,1,'2024-04-10 22:54:40','2024-04-10 22:54:40',NULL),(936,992,45,1,'2024-04-10 22:54:40','2024-04-10 22:54:40',NULL),(937,993,207,1,'2024-04-10 22:54:40','2024-04-10 22:54:40',NULL),(938,993,55,2,'2024-04-10 22:54:40','2024-04-10 22:54:40',NULL),(939,994,172,1,'2024-04-10 22:54:40','2024-04-10 22:54:40',NULL),(940,995,22,1,'2024-04-10 22:54:40','2024-04-10 22:54:40',NULL),(941,996,25,1,'2024-04-10 22:54:40','2024-04-10 22:54:40',NULL),(942,997,14,1,'2024-04-10 22:54:40','2024-04-10 22:54:40',NULL),(943,998,42,1,'2024-04-10 22:54:40','2024-04-10 22:54:40',NULL),(944,999,7,1,'2024-04-10 22:54:40','2024-04-10 22:54:40',NULL),(945,1004,7,1,'2024-04-10 22:54:40','2024-04-10 22:54:40',NULL),(946,1004,86,2,'2024-04-10 22:54:40','2024-04-10 22:54:40',NULL),(947,1006,8,1,'2024-04-10 22:54:40','2024-04-10 22:54:40',NULL),(948,1009,25,1,'2024-04-10 22:54:40','2024-04-10 22:54:40',NULL),(949,1009,15,2,'2024-04-10 22:54:40','2024-04-10 22:54:40',NULL),(950,1010,73,1,'2024-04-10 22:54:40','2024-04-10 22:54:40',NULL),(951,1011,208,1,'2024-04-10 22:54:40','2024-04-10 22:54:40',NULL),(952,1011,28,2,'2024-04-10 22:54:40','2024-04-10 22:54:40',NULL),(953,1012,78,1,'2024-04-10 22:54:41','2024-04-10 22:54:41',NULL),(954,1013,78,1,'2024-04-10 22:54:41','2024-04-10 22:54:41',NULL),(955,1016,74,1,'2024-04-10 22:54:41','2024-04-10 22:54:41',NULL),(956,1018,35,1,'2024-04-10 22:54:41','2024-04-10 22:54:41',NULL),(957,1020,47,1,'2024-04-10 22:54:41','2024-04-10 22:54:41',NULL),(958,1024,79,1,'2024-04-10 22:54:41','2024-04-10 22:54:41',NULL),(959,1026,24,1,'2024-04-10 22:54:41','2024-04-10 22:54:41',NULL),(960,1026,15,2,'2024-04-10 22:54:41','2024-04-10 22:54:41',NULL),(961,1027,125,1,'2024-04-10 22:54:41','2024-04-10 22:54:41',NULL),(962,1030,209,1,'2024-04-10 22:54:41','2024-04-10 22:54:41',NULL),(963,1031,60,1,'2024-04-10 22:54:41','2024-04-10 22:54:41',NULL),(964,1032,3,1,'2024-04-10 22:54:41','2024-04-10 22:54:41',NULL),(965,1033,10,1,'2024-04-10 22:54:41','2024-04-10 22:54:41',NULL),(966,1033,9,2,'2024-04-10 22:54:41','2024-04-10 22:54:41',NULL),(967,1034,24,1,'2024-04-10 22:54:41','2024-04-10 22:54:41',NULL),(968,1035,161,1,'2024-04-10 22:54:41','2024-04-10 22:54:41',NULL),(969,1035,167,2,'2024-04-10 22:54:41','2024-04-10 22:54:41',NULL),(970,1035,210,3,'2024-04-10 22:54:41','2024-04-10 22:54:41',NULL),(971,1036,2,1,'2024-04-10 22:54:41','2024-04-10 22:54:41',NULL),(972,1037,15,1,'2024-04-10 22:54:41','2024-04-10 22:54:41',NULL),(973,1039,7,1,'2024-04-10 22:54:41','2024-04-10 22:54:41',NULL),(974,1039,89,2,'2024-04-10 22:54:41','2024-04-10 22:54:41',NULL),(975,1039,49,3,'2024-04-10 22:54:41','2024-04-10 22:54:41',NULL),(976,1040,7,1,'2024-04-10 22:54:41','2024-04-10 22:54:41',NULL),(977,1041,22,1,'2024-04-10 22:54:41','2024-04-10 22:54:41',NULL),(978,1042,28,1,'2024-04-10 22:54:41','2024-04-10 22:54:41',NULL),(979,1042,104,2,'2024-04-10 22:54:41','2024-04-10 22:54:41',NULL),(980,1043,28,1,'2024-04-10 22:54:41','2024-04-10 22:54:41',NULL),(981,1044,28,1,'2024-04-10 22:54:41','2024-04-10 22:54:41',NULL),(982,1044,5,2,'2024-04-10 22:54:41','2024-04-10 22:54:41',NULL),(983,1045,211,1,'2024-04-10 22:54:41','2024-04-10 22:54:41',NULL),(984,1045,28,2,'2024-04-10 22:54:41','2024-04-10 22:54:41',NULL),(985,1046,14,1,'2024-04-10 22:54:41','2024-04-10 22:54:41',NULL),(986,1048,133,1,'2024-04-10 22:54:41','2024-04-10 22:54:41',NULL),(987,1049,15,1,'2024-04-10 22:54:41','2024-04-10 22:54:41',NULL),(988,1050,9,1,'2024-04-10 22:54:41','2024-04-10 22:54:41',NULL),(989,1050,15,3,'2024-04-10 22:54:41','2024-04-10 22:54:41',NULL),(990,1051,121,1,'2024-04-10 22:54:41','2024-04-10 22:54:41',NULL),(991,1052,14,1,'2024-04-10 22:54:41','2024-04-10 22:54:41',NULL),(992,1053,212,1,'2024-04-10 22:54:41','2024-04-10 22:54:41',NULL),(993,1054,16,1,'2024-04-10 22:54:41','2024-04-10 22:54:41',NULL),(994,1054,30,2,'2024-04-10 22:54:41','2024-04-10 22:54:41',NULL),(995,1055,27,1,'2024-04-10 22:54:41','2024-04-10 22:54:41',NULL),(996,1055,78,2,'2024-04-10 22:54:41','2024-04-10 22:54:41',NULL),(997,1056,55,1,'2024-04-10 22:54:41','2024-04-10 22:54:41',NULL),(998,1056,79,2,'2024-04-10 22:54:41','2024-04-10 22:54:41',NULL),(999,1057,7,1,'2024-04-10 22:54:41','2024-04-10 22:54:41',NULL),(1000,1061,29,1,'2024-04-10 22:54:41','2024-04-10 22:54:41',NULL),(1001,1061,99,2,'2024-04-10 22:54:41','2024-04-10 22:54:41',NULL),(1002,1061,213,3,'2024-04-10 22:54:41','2024-04-10 22:54:41',NULL),(1003,1062,98,1,'2024-04-10 22:54:41','2024-04-10 22:54:41',NULL),(1004,1063,98,1,'2024-04-10 22:54:41','2024-04-10 22:54:41',NULL),(1005,1064,79,1,'2024-04-10 22:54:41','2024-04-10 22:54:41',NULL),(1006,1065,28,1,'2024-04-10 22:54:41','2024-04-10 22:54:41',NULL),(1007,1066,12,2,'2024-04-10 22:54:41','2024-04-10 22:54:41',NULL),(1008,1068,15,1,'2024-04-10 22:54:41','2024-04-10 22:54:41',NULL),(1009,1068,25,2,'2024-04-10 22:54:41','2024-04-10 22:54:41',NULL),(1010,1069,7,1,'2024-04-10 22:54:41','2024-04-10 22:54:41',NULL),(1011,1070,2,1,'2024-04-10 22:54:41','2024-04-10 22:54:41',NULL),(1012,1071,45,1,'2024-04-10 22:54:41','2024-04-10 22:54:41',NULL),(1013,1071,46,2,'2024-04-10 22:54:41','2024-04-10 22:54:41',NULL),(1014,1073,28,1,'2024-04-10 22:54:41','2024-04-10 22:54:41',NULL),(1015,1074,124,1,'2024-04-10 22:54:41','2024-04-10 22:54:41',NULL),(1016,1074,2,2,'2024-04-10 22:54:41','2024-04-10 22:54:41',NULL),(1017,1075,214,1,'2024-04-10 22:54:41','2024-04-10 22:54:41',NULL),(1018,1076,66,1,'2024-04-10 22:54:41','2024-04-10 22:54:41',NULL),(1019,1076,2,2,'2024-04-10 22:54:41','2024-04-10 22:54:41',NULL),(1020,1077,201,1,'2024-04-10 22:54:41','2024-04-10 22:54:41',NULL),(1021,1077,66,2,'2024-04-10 22:54:41','2024-04-10 22:54:41',NULL),(1022,1078,15,1,'2024-04-10 22:54:41','2024-04-10 22:54:41',NULL),(1023,1079,28,1,'2024-04-10 22:54:41','2024-04-10 22:54:41',NULL),(1024,1080,215,1,'2024-04-10 22:54:41','2024-04-10 22:54:41',NULL),(1025,1081,216,1,'2024-04-10 22:54:41','2024-04-10 22:54:41',NULL),(1026,1082,217,1,'2024-04-10 22:54:41','2024-04-10 22:54:41',NULL),(1027,1083,68,1,'2024-04-10 22:54:41','2024-04-10 22:54:41',NULL),(1028,1084,107,1,'2024-04-10 22:54:41','2024-04-10 22:54:41',NULL),(1029,1084,5,2,'2024-04-10 22:54:41','2024-04-10 22:54:41',NULL),(1030,1085,7,1,'2024-04-10 22:54:41','2024-04-10 22:54:41',NULL),(1031,1086,192,1,'2024-04-10 22:54:41','2024-04-10 22:54:41',NULL),(1032,1087,29,1,'2024-04-10 22:54:41','2024-04-10 22:54:41',NULL),(1033,1088,2,1,'2024-04-10 22:54:41','2024-04-10 22:54:41',NULL),(1034,1089,49,1,'2024-04-10 22:54:41','2024-04-10 22:54:41',NULL),(1035,1091,28,1,'2024-04-10 22:54:41','2024-04-10 22:54:41',NULL),(1036,1092,2,1,'2024-04-10 22:54:41','2024-04-10 22:54:41',NULL),(1037,1093,15,1,'2024-04-10 22:54:41','2024-04-10 22:54:41',NULL),(1038,1094,15,1,'2024-04-10 22:54:41','2024-04-10 22:54:41',NULL),(1039,1095,15,1,'2024-04-10 22:54:41','2024-04-10 22:54:41',NULL),(1040,1096,72,2,'2024-04-10 22:54:41','2024-04-10 22:54:41',NULL),(1041,1097,218,1,'2024-04-10 22:54:41','2024-04-10 22:54:41',NULL),(1042,1098,101,1,'2024-04-10 22:54:41','2024-04-10 22:54:41',NULL),(1043,1099,219,1,'2024-04-10 22:54:41','2024-04-10 22:54:41',NULL),(1044,1099,220,2,'2024-04-10 22:54:41','2024-04-10 22:54:41',NULL),(1045,1100,28,1,'2024-04-10 22:54:41','2024-04-10 22:54:41',NULL),(1046,1101,7,1,'2024-04-10 22:54:41','2024-04-10 22:54:41',NULL),(1047,1103,43,1,'2024-04-10 22:54:41','2024-04-10 22:54:41',NULL),(1048,1103,2,2,'2024-04-10 22:54:41','2024-04-10 22:54:41',NULL),(1049,1104,13,1,'2024-04-10 22:54:41','2024-04-10 22:54:41',NULL),(1050,1105,221,1,'2024-04-10 22:54:41','2024-04-10 22:54:41',NULL),(1051,1106,124,1,'2024-04-10 22:54:41','2024-04-10 22:54:41',NULL),(1052,1106,7,2,'2024-04-10 22:54:41','2024-04-10 22:54:41',NULL),(1053,1107,24,1,'2024-04-10 22:54:41','2024-04-10 22:54:41',NULL),(1054,1108,166,1,'2024-04-10 22:54:41','2024-04-10 22:54:41',NULL),(1055,1109,8,1,'2024-04-10 22:54:41','2024-04-10 22:54:41',NULL),(1056,1110,5,1,'2024-04-10 22:54:41','2024-04-10 22:54:41',NULL),(1057,1111,101,1,'2024-04-10 22:54:41','2024-04-10 22:54:41',NULL),(1058,1111,7,2,'2024-04-10 22:54:41','2024-04-10 22:54:41',NULL),(1059,1114,76,1,'2024-04-10 22:54:41','2024-04-10 22:54:41',NULL),(1060,1116,222,1,'2024-04-10 22:54:41','2024-04-10 22:54:41',NULL),(1061,1117,115,1,'2024-04-10 22:54:41','2024-04-10 22:54:41',NULL),(1062,1117,41,2,'2024-04-10 22:54:41','2024-04-10 22:54:41',NULL),(1063,1118,124,1,'2024-04-10 22:54:41','2024-04-10 22:54:41',NULL),(1064,1120,2,1,'2024-04-10 22:54:41','2024-04-10 22:54:41',NULL),(1065,1120,15,2,'2024-04-10 22:54:41','2024-04-10 22:54:41',NULL),(1066,1121,29,1,'2024-04-10 22:54:41','2024-04-10 22:54:41',NULL),(1067,1122,113,1,'2024-04-10 22:54:41','2024-04-10 22:54:41',NULL),(1068,1123,89,1,'2024-04-10 22:54:41','2024-04-10 22:54:41',NULL),(1069,1126,15,1,'2024-04-10 22:54:41','2024-04-10 22:54:41',NULL),(1070,1128,13,1,'2024-04-10 22:54:41','2024-04-10 22:54:41',NULL),(1071,1129,31,1,'2024-04-10 22:54:41','2024-04-10 22:54:41',NULL),(1072,1132,28,1,'2024-04-10 22:54:41','2024-04-10 22:54:41',NULL),(1073,1132,211,2,'2024-04-10 22:54:41','2024-04-10 22:54:41',NULL),(1074,1134,223,1,'2024-04-10 22:54:41','2024-04-10 22:54:41',NULL),(1075,1135,208,1,'2024-04-10 22:54:41','2024-04-10 22:54:41',NULL),(1076,1135,35,2,'2024-04-10 22:54:41','2024-04-10 22:54:41',NULL),(1077,1135,28,3,'2024-04-10 22:54:41','2024-04-10 22:54:41',NULL),(1078,1137,75,1,'2024-04-10 22:54:41','2024-04-10 22:54:41',NULL),(1079,1139,88,1,'2024-04-10 22:54:41','2024-04-10 22:54:41',NULL),(1080,1140,194,1,'2024-04-10 22:54:41','2024-04-10 22:54:41',NULL),(1081,1143,29,1,'2024-04-10 22:54:41','2024-04-10 22:54:41',NULL),(1082,1145,25,1,'2024-04-10 22:54:41','2024-04-10 22:54:41',NULL),(1083,1145,221,2,'2024-04-10 22:54:41','2024-04-10 22:54:41',NULL),(1084,1145,45,3,'2024-04-10 22:54:41','2024-04-10 22:54:41',NULL),(1085,1146,86,1,'2024-04-10 22:54:41','2024-04-10 22:54:41',NULL),(1086,1147,42,1,'2024-04-10 22:54:41','2024-04-10 22:54:41',NULL),(1087,1148,7,1,'2024-04-10 22:54:41','2024-04-10 22:54:41',NULL),(1088,1150,10,1,'2024-04-10 22:54:41','2024-04-10 22:54:41',NULL),(1089,1150,181,2,'2024-04-10 22:54:41','2024-04-10 22:54:41',NULL),(1090,1151,115,1,'2024-04-10 22:54:41','2024-04-10 22:54:41',NULL),(1091,1151,14,2,'2024-04-10 22:54:41','2024-04-10 22:54:41',NULL),(1092,1152,208,1,'2024-04-10 22:54:41','2024-04-10 22:54:41',NULL),(1093,1155,147,1,'2024-04-10 22:54:41','2024-04-10 22:54:41',NULL),(1094,1156,24,1,'2024-04-10 22:54:41','2024-04-10 22:54:41',NULL),(1095,1157,166,1,'2024-04-10 22:54:41','2024-04-10 22:54:41',NULL),(1096,1157,7,2,'2024-04-10 22:54:41','2024-04-10 22:54:41',NULL),(1097,1158,15,1,'2024-04-10 22:54:41','2024-04-10 22:54:41',NULL),(1098,1158,221,2,'2024-04-10 22:54:41','2024-04-10 22:54:41',NULL),(1099,1158,9,3,'2024-04-10 22:54:41','2024-04-10 22:54:41',NULL),(1100,1159,88,1,'2024-04-10 22:54:41','2024-04-10 22:54:41',NULL),(1101,1159,5,2,'2024-04-10 22:54:41','2024-04-10 22:54:41',NULL),(1102,1160,7,2,'2024-04-10 22:54:41','2024-04-10 22:54:41',NULL),(1103,1161,224,1,'2024-04-10 22:54:41','2024-04-10 22:54:41',NULL),(1104,1161,88,2,'2024-04-10 22:54:41','2024-04-10 22:54:41',NULL),(1105,1163,49,1,'2024-04-10 22:54:41','2024-04-10 22:54:41',NULL),(1106,1164,15,1,'2024-04-10 22:54:41','2024-04-10 22:54:41',NULL),(1107,1165,5,1,'2024-04-10 22:54:41','2024-04-10 22:54:41',NULL),(1108,1166,15,1,'2024-04-10 22:54:41','2024-04-10 22:54:41',NULL),(1109,1166,148,2,'2024-04-10 22:54:41','2024-04-10 22:54:41',NULL),(1110,1167,49,1,'2024-04-10 22:54:41','2024-04-10 22:54:41',NULL),(1111,1167,7,2,'2024-04-10 22:54:41','2024-04-10 22:54:41',NULL),(1112,1167,5,3,'2024-04-10 22:54:41','2024-04-10 22:54:41',NULL),(1113,1168,146,1,'2024-04-10 22:54:41','2024-04-10 22:54:41',NULL),(1114,1170,45,1,'2024-04-10 22:54:41','2024-04-10 22:54:41',NULL),(1115,1174,45,1,'2024-04-10 22:54:41','2024-04-10 22:54:41',NULL),(1116,1174,15,2,'2024-04-10 22:54:41','2024-04-10 22:54:41',NULL),(1117,1175,47,1,'2024-04-10 22:54:41','2024-04-10 22:54:41',NULL),(1118,1175,15,2,'2024-04-10 22:54:41','2024-04-10 22:54:41',NULL),(1119,1175,45,3,'2024-04-10 22:54:41','2024-04-10 22:54:41',NULL),(1120,1177,12,1,'2024-04-10 22:54:41','2024-04-10 22:54:41',NULL),(1121,1178,13,1,'2024-04-10 22:54:41','2024-04-10 22:54:41',NULL),(1122,1179,15,1,'2024-04-10 22:54:41','2024-04-10 22:54:41',NULL),(1123,1180,225,1,'2024-04-10 22:54:41','2024-04-10 22:54:41',NULL),(1124,1180,81,2,'2024-04-10 22:54:41','2024-04-10 22:54:41',NULL),(1125,1181,15,1,'2024-04-10 22:54:41','2024-04-10 22:54:41',NULL),(1126,1182,124,1,'2024-04-10 22:54:41','2024-04-10 22:54:41',NULL),(1127,1182,7,2,'2024-04-10 22:54:41','2024-04-10 22:54:41',NULL),(1128,1184,7,1,'2024-04-10 22:54:41','2024-04-10 22:54:41',NULL),(1129,1184,43,2,'2024-04-10 22:54:41','2024-04-10 22:54:41',NULL),(1130,1185,2,1,'2024-04-10 22:54:41','2024-04-10 22:54:41',NULL),(1131,1188,2,1,'2024-04-10 22:54:41','2024-04-10 22:54:41',NULL),(1132,1188,212,2,'2024-04-10 22:54:41','2024-04-10 22:54:41',NULL),(1133,1188,24,3,'2024-04-10 22:54:41','2024-04-10 22:54:41',NULL),(1134,1191,53,1,'2024-04-10 22:54:41','2024-04-10 22:54:41',NULL),(1135,1192,35,1,'2024-04-10 22:54:41','2024-04-10 22:54:41',NULL),(1136,1193,2,1,'2024-04-10 22:54:41','2024-04-10 22:54:41',NULL),(1137,1194,7,1,'2024-04-10 22:54:41','2024-04-10 22:54:41',NULL),(1138,1194,49,2,'2024-04-10 22:54:41','2024-04-10 22:54:41',NULL),(1139,1195,45,1,'2024-04-10 22:54:41','2024-04-10 22:54:41',NULL),(1140,1196,7,1,'2024-04-10 22:54:41','2024-04-10 22:54:41',NULL),(1141,1196,226,2,'2024-04-10 22:54:41','2024-04-10 22:54:41',NULL),(1142,1197,124,1,'2024-04-10 22:54:41','2024-04-10 22:54:41',NULL),(1143,1199,227,1,'2024-04-10 22:54:41','2024-04-10 22:54:41',NULL),(1144,1199,2,2,'2024-04-10 22:54:41','2024-04-10 22:54:41',NULL),(1145,1200,228,1,'2024-04-10 22:54:41','2024-04-10 22:54:41',NULL),(1146,1201,229,1,'2024-04-10 22:54:41','2024-04-10 22:54:41',NULL),(1147,1201,137,2,'2024-04-10 22:54:41','2024-04-10 22:54:41',NULL),(1148,1205,8,1,'2024-04-10 22:54:41','2024-04-10 22:54:41',NULL),(1149,1206,73,1,'2024-04-10 22:54:41','2024-04-10 22:54:41',NULL),(1150,1206,7,2,'2024-04-10 22:54:41','2024-04-10 22:54:41',NULL),(1151,1207,9,1,'2024-04-10 22:54:41','2024-04-10 22:54:41',NULL),(1152,1208,7,1,'2024-04-10 22:54:41','2024-04-10 22:54:41',NULL),(1153,1209,7,1,'2024-04-10 22:54:41','2024-04-10 22:54:41',NULL),(1154,1210,147,1,'2024-04-10 22:54:41','2024-04-10 22:54:41',NULL),(1155,1211,230,1,'2024-04-10 22:54:41','2024-04-10 22:54:41',NULL),(1156,1214,35,1,'2024-04-10 22:54:41','2024-04-10 22:54:41',NULL),(1157,1216,13,1,'2024-04-10 22:54:41','2024-04-10 22:54:41',NULL),(1158,1216,35,2,'2024-04-10 22:54:41','2024-04-10 22:54:41',NULL),(1159,1217,107,1,'2024-04-10 22:54:41','2024-04-10 22:54:41',NULL),(1160,1218,88,1,'2024-04-10 22:54:41','2024-04-10 22:54:41',NULL),(1161,1220,29,1,'2024-04-10 22:54:41','2024-04-10 22:54:41',NULL),(1162,1227,9,1,'2024-04-10 22:54:41','2024-04-10 22:54:41',NULL),(1163,1230,12,1,'2024-04-10 22:54:41','2024-04-10 22:54:41',NULL),(1164,1231,24,1,'2024-04-10 22:54:41','2024-04-10 22:54:41',NULL),(1165,1233,14,1,'2024-04-10 22:54:41','2024-04-10 22:54:41',NULL),(1166,1233,231,2,'2024-04-10 22:54:41','2024-04-10 22:54:41',NULL),(1167,1235,12,1,'2024-04-10 22:54:41','2024-04-10 22:54:41',NULL),(1168,1239,24,1,'2024-04-10 22:54:41','2024-04-10 22:54:41',NULL),(1169,1239,45,2,'2024-04-10 22:54:41','2024-04-10 22:54:41',NULL),(1170,1240,24,1,'2024-04-10 22:54:41','2024-04-10 22:54:41',NULL),(1171,1240,45,2,'2024-04-10 22:54:41','2024-04-10 22:54:41',NULL),(1172,1241,28,1,'2024-04-10 22:54:41','2024-04-10 22:54:41',NULL),(1173,1241,88,2,'2024-04-10 22:54:41','2024-04-10 22:54:41',NULL),(1174,1243,7,1,'2024-04-10 22:54:41','2024-04-10 22:54:41',NULL),(1175,1246,97,1,'2024-04-10 22:54:41','2024-04-10 22:54:41',NULL),(1176,1248,47,1,'2024-04-10 22:54:41','2024-04-10 22:54:41',NULL),(1177,1249,15,1,'2024-04-10 22:54:41','2024-04-10 22:54:41',NULL),(1178,1250,15,1,'2024-04-10 22:54:41','2024-04-10 22:54:41',NULL),(1179,1251,47,1,'2024-04-10 22:54:41','2024-04-10 22:54:41',NULL),(1180,1251,15,2,'2024-04-10 22:54:41','2024-04-10 22:54:41',NULL),(1181,1252,15,1,'2024-04-10 22:54:41','2024-04-10 22:54:41',NULL),(1182,1252,47,2,'2024-04-10 22:54:41','2024-04-10 22:54:41',NULL),(1183,1253,12,1,'2024-04-10 22:54:41','2024-04-10 22:54:41',NULL),(1184,1254,73,1,'2024-04-10 22:54:41','2024-04-10 22:54:41',NULL),(1185,1257,232,1,'2024-04-10 22:54:41','2024-04-10 22:54:41',NULL),(1186,1257,9,2,'2024-04-10 22:54:41','2024-04-10 22:54:41',NULL),(1187,1260,107,1,'2024-04-10 22:54:41','2024-04-10 22:54:41',NULL),(1188,1261,147,1,'2024-04-10 22:54:41','2024-04-10 22:54:41',NULL),(1189,1263,8,1,'2024-04-10 22:54:41','2024-04-10 22:54:41',NULL),(1190,1264,27,1,'2024-04-10 22:54:41','2024-04-10 22:54:41',NULL),(1191,1265,7,1,'2024-04-10 22:54:41','2024-04-10 22:54:41',NULL),(1192,1266,2,1,'2024-04-10 22:54:41','2024-04-10 22:54:41',NULL),(1193,1266,5,2,'2024-04-10 22:54:41','2024-04-10 22:54:41',NULL),(1194,1267,24,1,'2024-04-10 22:54:41','2024-04-10 22:54:41',NULL),(1195,1267,15,3,'2024-04-10 22:54:41','2024-04-10 22:54:41',NULL),(1196,1268,2,1,'2024-04-10 22:54:41','2024-04-10 22:54:41',NULL),(1197,1268,7,2,'2024-04-10 22:54:41','2024-04-10 22:54:41',NULL),(1198,1269,115,1,'2024-04-10 22:54:41','2024-04-10 22:54:41',NULL),(1199,1270,73,1,'2024-04-10 22:54:41','2024-04-10 22:54:41',NULL),(1200,1270,15,2,'2024-04-10 22:54:41','2024-04-10 22:54:41',NULL),(1201,1271,213,1,'2024-04-10 22:54:41','2024-04-10 22:54:41',NULL),(1202,1273,7,1,'2024-04-10 22:54:41','2024-04-10 22:54:41',NULL),(1203,1275,14,1,'2024-04-10 22:54:42','2024-04-10 22:54:42',NULL),(1204,1276,233,1,'2024-04-10 22:54:42','2024-04-10 22:54:42',NULL),(1205,1276,5,2,'2024-04-10 22:54:42','2024-04-10 22:54:42',NULL),(1206,1277,116,1,'2024-04-10 22:54:42','2024-04-10 22:54:42',NULL),(1207,1277,117,2,'2024-04-10 22:54:42','2024-04-10 22:54:42',NULL),(1208,1280,107,1,'2024-04-10 22:54:42','2024-04-10 22:54:42',NULL),(1209,1280,73,2,'2024-04-10 22:54:42','2024-04-10 22:54:42',NULL),(1210,1280,15,3,'2024-04-10 22:54:42','2024-04-10 22:54:42',NULL),(1211,1281,234,1,'2024-04-10 22:54:42','2024-04-10 22:54:42',NULL),(1212,1282,9,1,'2024-04-10 22:54:42','2024-04-10 22:54:42',NULL),(1213,1282,2,2,'2024-04-10 22:54:42','2024-04-10 22:54:42',NULL),(1214,1283,8,1,'2024-04-10 22:54:42','2024-04-10 22:54:42',NULL),(1215,1283,21,2,'2024-04-10 22:54:42','2024-04-10 22:54:42',NULL),(1216,1284,130,1,'2024-04-10 22:54:42','2024-04-10 22:54:42',NULL),(1217,1285,7,1,'2024-04-10 22:54:42','2024-04-10 22:54:42',NULL),(1218,1286,129,1,'2024-04-10 22:54:42','2024-04-10 22:54:42',NULL),(1219,1287,79,1,'2024-04-10 22:54:42','2024-04-10 22:54:42',NULL),(1220,1288,78,1,'2024-04-10 22:54:42','2024-04-10 22:54:42',NULL),(1221,1289,15,1,'2024-04-10 22:54:42','2024-04-10 22:54:42',NULL),(1222,1290,28,1,'2024-04-10 22:54:42','2024-04-10 22:54:42',NULL),(1223,1290,26,2,'2024-04-10 22:54:42','2024-04-10 22:54:42',NULL),(1224,1291,46,1,'2024-04-10 22:54:42','2024-04-10 22:54:42',NULL),(1225,1291,9,2,'2024-04-10 22:54:42','2024-04-10 22:54:42',NULL),(1226,1292,235,1,'2024-04-10 22:54:42','2024-04-10 22:54:42',NULL),(1227,1293,7,1,'2024-04-10 22:54:42','2024-04-10 22:54:42',NULL),(1228,1295,151,2,'2024-04-10 22:54:42','2024-04-10 22:54:42',NULL),(1229,1296,35,1,'2024-04-10 22:54:42','2024-04-10 22:54:42',NULL),(1230,1297,73,1,'2024-04-10 22:54:42','2024-04-10 22:54:42',NULL),(1231,1297,15,2,'2024-04-10 22:54:42','2024-04-10 22:54:42',NULL),(1232,1298,236,1,'2024-04-10 22:54:42','2024-04-10 22:54:42',NULL),(1233,1299,58,1,'2024-04-10 22:54:42','2024-04-10 22:54:42',NULL),(1234,1299,161,2,'2024-04-10 22:54:42','2024-04-10 22:54:42',NULL),(1235,1300,237,1,'2024-04-10 22:54:42','2024-04-10 22:54:42',NULL),(1236,1301,5,1,'2024-04-10 22:54:42','2024-04-10 22:54:42',NULL),(1237,1305,74,1,'2024-04-10 22:54:42','2024-04-10 22:54:42',NULL),(1238,1305,7,2,'2024-04-10 22:54:42','2024-04-10 22:54:42',NULL),(1239,1305,2,3,'2024-04-10 22:54:42','2024-04-10 22:54:42',NULL),(1240,1307,24,1,'2024-04-10 22:54:42','2024-04-10 22:54:42',NULL),(1241,1307,15,2,'2024-04-10 22:54:42','2024-04-10 22:54:42',NULL),(1242,1308,187,1,'2024-04-10 22:54:42','2024-04-10 22:54:42',NULL),(1243,1309,38,1,'2024-04-10 22:54:42','2024-04-10 22:54:42',NULL),(1244,1309,107,2,'2024-04-10 22:54:42','2024-04-10 22:54:42',NULL),(1245,1310,14,1,'2024-04-10 22:54:42','2024-04-10 22:54:42',NULL),(1246,1312,22,1,'2024-04-10 22:54:42','2024-04-10 22:54:42',NULL),(1247,1313,73,1,'2024-04-10 22:54:42','2024-04-10 22:54:42',NULL),(1248,1314,15,1,'2024-04-10 22:54:42','2024-04-10 22:54:42',NULL),(1249,1319,29,1,'2024-04-10 22:54:42','2024-04-10 22:54:42',NULL),(1250,1321,47,1,'2024-04-10 22:54:42','2024-04-10 22:54:42',NULL),(1251,1322,24,1,'2024-04-10 22:54:42','2024-04-10 22:54:42',NULL),(1252,1322,15,2,'2024-04-10 22:54:42','2024-04-10 22:54:42',NULL),(1253,1323,8,1,'2024-04-10 22:54:42','2024-04-10 22:54:42',NULL),(1254,1324,14,1,'2024-04-10 22:54:42','2024-04-10 22:54:42',NULL),(1255,1325,7,1,'2024-04-10 22:54:42','2024-04-10 22:54:42',NULL),(1256,1329,56,1,'2024-04-10 22:54:42','2024-04-10 22:54:42',NULL),(1257,1330,7,1,'2024-04-10 22:54:42','2024-04-10 22:54:42',NULL),(1258,1331,2,1,'2024-04-10 22:54:42','2024-04-10 22:54:42',NULL),(1259,1332,7,1,'2024-04-10 22:54:42','2024-04-10 22:54:42',NULL),(1260,1332,2,2,'2024-04-10 22:54:42','2024-04-10 22:54:42',NULL),(1261,1336,35,1,'2024-04-10 22:54:42','2024-04-10 22:54:42',NULL),(1262,1337,25,1,'2024-04-10 22:54:42','2024-04-10 22:54:42',NULL),(1263,1338,29,1,'2024-04-10 22:54:42','2024-04-10 22:54:42',NULL),(1264,1341,72,1,'2024-04-10 22:54:42','2024-04-10 22:54:42',NULL),(1265,1343,25,1,'2024-04-10 22:54:42','2024-04-10 22:54:42',NULL),(1266,1345,102,1,'2024-04-10 22:54:42','2024-04-10 22:54:42',NULL),(1267,1346,238,1,'2024-04-10 22:54:42','2024-04-10 22:54:42',NULL),(1268,1346,87,2,'2024-04-10 22:54:42','2024-04-10 22:54:42',NULL),(1269,1347,171,1,'2024-04-10 22:54:42','2024-04-10 22:54:42',NULL),(1270,1349,45,1,'2024-04-10 22:54:42','2024-04-10 22:54:42',NULL),(1271,1350,7,1,'2024-04-10 22:54:42','2024-04-10 22:54:42',NULL),(1272,1351,7,1,'2024-04-10 22:54:42','2024-04-10 22:54:42',NULL),(1273,1354,15,1,'2024-04-10 22:54:42','2024-04-10 22:54:42',NULL),(1274,1355,117,1,'2024-04-10 22:54:42','2024-04-10 22:54:42',NULL),(1275,1355,97,2,'2024-04-10 22:54:42','2024-04-10 22:54:42',NULL),(1276,1356,7,1,'2024-04-10 22:54:42','2024-04-10 22:54:42',NULL),(1277,1357,47,1,'2024-04-10 22:54:42','2024-04-10 22:54:42',NULL),(1278,1357,15,2,'2024-04-10 22:54:42','2024-04-10 22:54:42',NULL),(1279,1358,2,1,'2024-04-10 22:54:42','2024-04-10 22:54:42',NULL),(1280,1358,7,2,'2024-04-10 22:54:42','2024-04-10 22:54:42',NULL),(1281,1360,133,1,'2024-04-10 22:54:42','2024-04-10 22:54:42',NULL),(1282,1360,52,2,'2024-04-10 22:54:42','2024-04-10 22:54:42',NULL),(1283,1361,28,1,'2024-04-10 22:54:42','2024-04-10 22:54:42',NULL),(1284,1362,239,1,'2024-04-10 22:54:42','2024-04-10 22:54:42',NULL),(1285,1363,239,1,'2024-04-10 22:54:42','2024-04-10 22:54:42',NULL),(1286,1364,240,1,'2024-04-10 22:54:42','2024-04-10 22:54:42',NULL),(1287,1365,28,1,'2024-04-10 22:54:42','2024-04-10 22:54:42',NULL),(1288,1365,7,2,'2024-04-10 22:54:42','2024-04-10 22:54:42',NULL),(1289,1366,143,1,'2024-04-10 22:54:42','2024-04-10 22:54:42',NULL),(1290,1367,5,1,'2024-04-10 22:54:42','2024-04-10 22:54:42',NULL),(1291,1368,2,1,'2024-04-10 22:54:42','2024-04-10 22:54:42',NULL),(1292,1370,55,1,'2024-04-10 22:54:42','2024-04-10 22:54:42',NULL),(1293,1372,74,1,'2024-04-10 22:54:42','2024-04-10 22:54:42',NULL),(1294,1372,226,2,'2024-04-10 22:54:42','2024-04-10 22:54:42',NULL),(1295,1372,26,3,'2024-04-10 22:54:42','2024-04-10 22:54:42',NULL),(1296,1373,2,1,'2024-04-10 22:54:42','2024-04-10 22:54:42',NULL),(1297,1374,15,1,'2024-04-10 22:54:42','2024-04-10 22:54:42',NULL),(1298,1375,93,1,'2024-04-10 22:54:42','2024-04-10 22:54:42',NULL),(1299,1376,104,1,'2024-04-10 22:54:42','2024-04-10 22:54:42',NULL),(1300,1376,34,2,'2024-04-10 22:54:42','2024-04-10 22:54:42',NULL),(1301,1377,193,1,'2024-04-10 22:54:42','2024-04-10 22:54:42',NULL),(1302,1377,241,2,'2024-04-10 22:54:42','2024-04-10 22:54:42',NULL),(1303,1378,78,1,'2024-04-10 22:54:42','2024-04-10 22:54:42',NULL),(1304,1379,23,1,'2024-04-10 22:54:42','2024-04-10 22:54:42',NULL),(1305,1381,35,1,'2024-04-10 22:54:42','2024-04-10 22:54:42',NULL),(1306,1382,242,1,'2024-04-10 22:54:42','2024-04-10 22:54:42',NULL),(1307,1383,243,1,'2024-04-10 22:54:42','2024-04-10 22:54:42',NULL),(1308,1384,24,1,'2024-04-10 22:54:42','2024-04-10 22:54:42',NULL),(1309,1385,24,1,'2024-04-10 22:54:42','2024-04-10 22:54:42',NULL),(1310,1387,11,1,'2024-04-10 22:54:42','2024-04-10 22:54:42',NULL),(1311,1388,9,1,'2024-04-10 22:54:42','2024-04-10 22:54:42',NULL),(1312,1389,170,1,'2024-04-10 22:54:42','2024-04-10 22:54:42',NULL),(1313,1389,11,2,'2024-04-10 22:54:42','2024-04-10 22:54:42',NULL),(1314,1391,45,1,'2024-04-10 22:54:42','2024-04-10 22:54:42',NULL),(1315,1394,2,1,'2024-04-10 22:54:42','2024-04-10 22:54:42',NULL),(1316,1395,135,1,'2024-04-10 22:54:42','2024-04-10 22:54:42',NULL),(1317,1398,29,1,'2024-04-10 22:54:42','2024-04-10 22:54:42',NULL),(1318,1399,9,1,'2024-04-10 22:54:42','2024-04-10 22:54:42',NULL),(1319,1399,46,2,'2024-04-10 22:54:42','2024-04-10 22:54:42',NULL),(1320,1399,10,3,'2024-04-10 22:54:42','2024-04-10 22:54:42',NULL),(1321,1400,175,1,'2024-04-10 22:54:42','2024-04-10 22:54:42',NULL),(1322,1402,7,1,'2024-04-10 22:54:42','2024-04-10 22:54:42',NULL),(1323,1403,130,1,'2024-04-10 22:54:42','2024-04-10 22:54:42',NULL),(1324,1406,7,1,'2024-04-10 22:54:42','2024-04-10 22:54:42',NULL),(1325,1406,26,2,'2024-04-10 22:54:42','2024-04-10 22:54:42',NULL),(1326,1407,124,1,'2024-04-10 22:54:42','2024-04-10 22:54:42',NULL),(1327,1408,73,1,'2024-04-10 22:54:42','2024-04-10 22:54:42',NULL),(1328,1408,5,2,'2024-04-10 22:54:42','2024-04-10 22:54:42',NULL),(1329,1409,244,1,'2024-04-10 22:54:42','2024-04-10 22:54:42',NULL),(1330,1410,245,1,'2024-04-10 22:54:42','2024-04-10 22:54:42',NULL),(1331,1414,246,1,'2024-04-10 22:54:42','2024-04-10 22:54:42',NULL),(1332,1415,2,1,'2024-04-10 22:54:42','2024-04-10 22:54:42',NULL),(1333,1416,44,1,'2024-04-10 22:54:42','2024-04-10 22:54:42',NULL),(1334,1417,233,1,'2024-04-10 22:54:42','2024-04-10 22:54:42',NULL),(1335,1417,147,2,'2024-04-10 22:54:42','2024-04-10 22:54:42',NULL),(1336,1418,133,1,'2024-04-10 22:54:42','2024-04-10 22:54:42',NULL),(1337,1419,5,1,'2024-04-10 22:54:42','2024-04-10 22:54:42',NULL),(1338,1420,27,1,'2024-04-10 22:54:42','2024-04-10 22:54:42',NULL),(1339,1421,156,1,'2024-04-10 22:54:42','2024-04-10 22:54:42',NULL),(1340,1421,28,2,'2024-04-10 22:54:42','2024-04-10 22:54:42',NULL),(1341,1422,133,1,'2024-04-10 22:54:42','2024-04-10 22:54:42',NULL),(1342,1423,210,1,'2024-04-10 22:54:42','2024-04-10 22:54:42',NULL),(1343,1424,15,1,'2024-04-10 22:54:42','2024-04-10 22:54:42',NULL),(1344,1425,26,1,'2024-04-10 22:54:42','2024-04-10 22:54:42',NULL),(1345,1427,247,1,'2024-04-10 22:54:42','2024-04-10 22:54:42',NULL),(1346,1428,28,1,'2024-04-10 22:54:42','2024-04-10 22:54:42',NULL),(1347,1428,73,3,'2024-04-10 22:54:42','2024-04-10 22:54:42',NULL),(1348,1429,50,1,'2024-04-10 22:54:42','2024-04-10 22:54:42',NULL),(1349,1429,55,2,'2024-04-10 22:54:42','2024-04-10 22:54:42',NULL),(1350,1429,34,3,'2024-04-10 22:54:42','2024-04-10 22:54:42',NULL),(1351,1430,55,1,'2024-04-10 22:54:42','2024-04-10 22:54:42',NULL),(1352,1430,78,2,'2024-04-10 22:54:42','2024-04-10 22:54:42',NULL),(1353,1431,12,1,'2024-04-10 22:54:42','2024-04-10 22:54:42',NULL),(1354,1433,14,1,'2024-04-10 22:54:42','2024-04-10 22:54:42',NULL),(1355,1436,28,1,'2024-04-10 22:54:42','2024-04-10 22:54:42',NULL),(1356,1437,88,1,'2024-04-10 22:54:42','2024-04-10 22:54:42',NULL),(1357,1438,24,1,'2024-04-10 22:54:42','2024-04-10 22:54:42',NULL),(1358,1439,49,1,'2024-04-10 22:54:42','2024-04-10 22:54:42',NULL),(1359,1440,7,1,'2024-04-10 22:54:42','2024-04-10 22:54:42',NULL),(1360,1440,72,2,'2024-04-10 22:54:42','2024-04-10 22:54:42',NULL),(1361,1442,133,1,'2024-04-10 22:54:42','2024-04-10 22:54:42',NULL),(1362,1444,15,1,'2024-04-10 22:54:42','2024-04-10 22:54:42',NULL),(1363,1446,2,1,'2024-04-10 22:54:42','2024-04-10 22:54:42',NULL),(1364,1446,201,2,'2024-04-10 22:54:42','2024-04-10 22:54:42',NULL),(1365,1449,49,1,'2024-04-10 22:54:42','2024-04-10 22:54:42',NULL),(1366,1450,248,1,'2024-04-10 22:54:42','2024-04-10 22:54:42',NULL),(1367,1452,107,1,'2024-04-10 22:54:42','2024-04-10 22:54:42',NULL),(1368,1452,3,2,'2024-04-10 22:54:42','2024-04-10 22:54:42',NULL),(1369,1453,7,1,'2024-04-10 22:54:42','2024-04-10 22:54:42',NULL),(1370,1454,132,1,'2024-04-10 22:54:42','2024-04-10 22:54:42',NULL),(1371,1457,79,1,'2024-04-10 22:54:42','2024-04-10 22:54:42',NULL),(1372,1460,152,1,'2024-04-10 22:54:42','2024-04-10 22:54:42',NULL),(1373,1461,242,1,'2024-04-10 22:54:42','2024-04-10 22:54:42',NULL),(1374,1462,11,1,'2024-04-10 22:54:42','2024-04-10 22:54:42',NULL),(1375,1462,232,2,'2024-04-10 22:54:42','2024-04-10 22:54:42',NULL),(1376,1463,15,1,'2024-04-10 22:54:42','2024-04-10 22:54:42',NULL),(1377,1464,14,1,'2024-04-10 22:54:42','2024-04-10 22:54:42',NULL),(1378,1465,2,1,'2024-04-10 22:54:42','2024-04-10 22:54:42',NULL),(1379,1466,12,1,'2024-04-10 22:54:42','2024-04-10 22:54:42',NULL),(1380,1467,90,1,'2024-04-10 22:54:42','2024-04-10 22:54:42',NULL),(1381,1467,95,2,'2024-04-10 22:54:42','2024-04-10 22:54:42',NULL),(1382,1467,249,3,'2024-04-10 22:54:42','2024-04-10 22:54:42',NULL),(1383,1468,201,1,'2024-04-10 22:54:42','2024-04-10 22:54:42',NULL),(1384,1468,2,2,'2024-04-10 22:54:42','2024-04-10 22:54:42',NULL),(1385,1469,58,1,'2024-04-10 22:54:42','2024-04-10 22:54:42',NULL),(1386,1469,162,2,'2024-04-10 22:54:42','2024-04-10 22:54:42',NULL),(1387,1470,250,1,'2024-04-10 22:54:42','2024-04-10 22:54:42',NULL),(1388,1472,5,1,'2024-04-10 22:54:42','2024-04-10 22:54:42',NULL),(1389,1473,125,1,'2024-04-10 22:54:42','2024-04-10 22:54:42',NULL),(1390,1474,104,1,'2024-04-10 22:54:42','2024-04-10 22:54:42',NULL),(1391,1475,14,1,'2024-04-10 22:54:42','2024-04-10 22:54:42',NULL),(1392,1477,73,1,'2024-04-10 22:54:42','2024-04-10 22:54:42',NULL),(1393,1477,35,2,'2024-04-10 22:54:42','2024-04-10 22:54:42',NULL),(1394,1478,7,1,'2024-04-10 22:54:42','2024-04-10 22:54:42',NULL),(1395,1479,2,1,'2024-04-10 22:54:42','2024-04-10 22:54:42',NULL),(1396,1481,195,1,'2024-04-10 22:54:42','2024-04-10 22:54:42',NULL),(1397,1483,147,1,'2024-04-10 22:54:42','2024-04-10 22:54:42',NULL),(1398,1484,110,1,'2024-04-10 22:54:42','2024-04-10 22:54:42',NULL),(1399,1485,213,1,'2024-04-10 22:54:42','2024-04-10 22:54:42',NULL),(1400,1485,23,2,'2024-04-10 22:54:42','2024-04-10 22:54:42',NULL),(1401,1487,15,1,'2024-04-10 22:54:42','2024-04-10 22:54:42',NULL),(1402,1488,15,1,'2024-04-10 22:54:42','2024-04-10 22:54:42',NULL),(1403,1489,177,1,'2024-04-10 22:54:42','2024-04-10 22:54:42',NULL),(1404,1492,24,1,'2024-04-10 22:54:42','2024-04-10 22:54:42',NULL),(1405,1492,15,2,'2024-04-10 22:54:42','2024-04-10 22:54:42',NULL),(1406,1507,133,1,'2024-04-10 22:54:42','2024-04-10 22:54:42',NULL),(1407,1509,9,1,'2024-04-10 22:54:42','2024-04-10 22:54:42',NULL),(1408,1509,25,2,'2024-04-10 22:54:42','2024-04-10 22:54:42',NULL),(1409,1510,25,1,'2024-04-10 22:54:42','2024-04-10 22:54:42',NULL),(1410,1511,35,1,'2024-04-10 22:54:42','2024-04-10 22:54:42',NULL),(1411,1511,28,2,'2024-04-10 22:54:42','2024-04-10 22:54:42',NULL),(1412,1511,47,3,'2024-04-10 22:54:42','2024-04-10 22:54:42',NULL),(1413,1512,166,2,'2024-04-10 22:54:42','2024-04-10 22:54:42',NULL),(1414,1513,23,1,'2024-04-10 22:54:42','2024-04-10 22:54:42',NULL),(1415,1515,8,1,'2024-04-10 22:54:42','2024-04-10 22:54:42',NULL),(1416,1516,28,1,'2024-04-10 22:54:42','2024-04-10 22:54:42',NULL),(1417,1516,19,2,'2024-04-10 22:54:42','2024-04-10 22:54:42',NULL),(1418,1517,51,1,'2024-04-10 22:54:42','2024-04-10 22:54:42',NULL),(1419,1521,175,1,'2024-04-10 22:54:42','2024-04-10 22:54:42',NULL),(1420,1522,26,1,'2024-04-10 22:54:42','2024-04-10 22:54:42',NULL),(1421,1524,20,1,'2024-04-10 22:54:42','2024-04-10 22:54:42',NULL),(1422,1525,29,1,'2024-04-10 22:54:42','2024-04-10 22:54:42',NULL),(1423,1526,23,1,'2024-04-10 22:54:42','2024-04-10 22:54:42',NULL),(1424,1527,110,1,'2024-04-10 22:54:42','2024-04-10 22:54:42',NULL),(1425,1528,107,1,'2024-04-10 22:54:42','2024-04-10 22:54:42',NULL),(1426,1528,55,2,'2024-04-10 22:54:42','2024-04-10 22:54:42',NULL),(1427,1530,66,1,'2024-04-10 22:54:42','2024-04-10 22:54:42',NULL),(1428,1530,5,2,'2024-04-10 22:54:43','2024-04-10 22:54:43',NULL),(1429,1532,153,1,'2024-04-10 22:54:43','2024-04-10 22:54:43',NULL),(1430,1532,155,2,'2024-04-10 22:54:43','2024-04-10 22:54:43',NULL),(1431,1533,15,1,'2024-04-10 22:54:43','2024-04-10 22:54:43',NULL),(1432,1534,10,1,'2024-04-10 22:54:43','2024-04-10 22:54:43',NULL),(1433,1534,21,2,'2024-04-10 22:54:43','2024-04-10 22:54:43',NULL),(1434,1535,176,1,'2024-04-10 22:54:43','2024-04-10 22:54:43',NULL),(1435,1536,26,1,'2024-04-10 22:54:43','2024-04-10 22:54:43',NULL),(1436,1537,5,1,'2024-04-10 22:54:43','2024-04-10 22:54:43',NULL),(1437,1538,251,1,'2024-04-10 22:54:43','2024-04-10 22:54:43',NULL),(1438,1540,5,1,'2024-04-10 22:54:43','2024-04-10 22:54:43',NULL),(1439,1540,66,2,'2024-04-10 22:54:43','2024-04-10 22:54:43',NULL),(1440,1540,7,3,'2024-04-10 22:54:43','2024-04-10 22:54:43',NULL),(1441,1547,71,1,'2024-04-10 22:54:43','2024-04-10 22:54:43',NULL),(1442,1547,252,2,'2024-04-10 22:54:43','2024-04-10 22:54:43',NULL),(1443,1548,25,1,'2024-04-10 22:54:43','2024-04-10 22:54:43',NULL),(1444,1549,34,1,'2024-04-10 22:54:43','2024-04-10 22:54:43',NULL),(1445,1549,35,2,'2024-04-10 22:54:43','2024-04-10 22:54:43',NULL),(1446,1552,41,1,'2024-04-10 22:54:43','2024-04-10 22:54:43',NULL),(1447,1553,54,1,'2024-04-10 22:54:43','2024-04-10 22:54:43',NULL),(1448,1554,8,1,'2024-04-10 22:54:43','2024-04-10 22:54:43',NULL),(1449,1555,64,1,'2024-04-10 22:54:43','2024-04-10 22:54:43',NULL),(1450,1556,42,1,'2024-04-10 22:54:43','2024-04-10 22:54:43',NULL),(1451,1557,134,1,'2024-04-10 22:54:43','2024-04-10 22:54:43',NULL),(1452,1557,46,2,'2024-04-10 22:54:43','2024-04-10 22:54:43',NULL),(1453,1558,234,1,'2024-04-10 22:54:43','2024-04-10 22:54:43',NULL),(1454,1559,46,1,'2024-04-10 22:54:43','2024-04-10 22:54:43',NULL),(1455,1560,177,1,'2024-04-10 22:54:43','2024-04-10 22:54:43',NULL),(1456,1560,110,2,'2024-04-10 22:54:43','2024-04-10 22:54:43',NULL),(1457,1560,253,3,'2024-04-10 22:54:43','2024-04-10 22:54:43',NULL),(1458,1561,254,1,'2024-04-10 22:54:43','2024-04-10 22:54:43',NULL),(1459,1562,105,1,'2024-04-10 22:54:43','2024-04-10 22:54:43',NULL),(1460,1562,25,2,'2024-04-10 22:54:43','2024-04-10 22:54:43',NULL),(1461,1563,2,1,'2024-04-10 22:54:43','2024-04-10 22:54:43',NULL),(1462,1567,255,1,'2024-04-10 22:54:43','2024-04-10 22:54:43',NULL),(1463,1568,256,1,'2024-04-10 22:54:43','2024-04-10 22:54:43',NULL),(1464,1568,158,2,'2024-04-10 22:54:43','2024-04-10 22:54:43',NULL),(1465,1571,42,1,'2024-04-10 22:54:43','2024-04-10 22:54:43',NULL),(1466,1572,1,1,'2024-04-10 22:54:43','2024-04-10 22:54:43',NULL),(1467,1574,23,1,'2024-04-10 22:54:43','2024-04-10 22:54:43',NULL),(1468,1574,51,2,'2024-04-10 22:54:43','2024-04-10 22:54:43',NULL);

--
