-- Table structure for table `estimate_info_details`
--

CREATE TABLE `estimate_info_details` (
  `id` int unsigned NOT NULL AUTO_INCREMENT COMMENT 'ID',
  `estimate_info_id` int unsigned NOT NULL COMMENT '見積ID',
  `group_number` int DEFAULT NULL COMMENT 'グループ番号',
  `group_name` varchar(255) CHARACTER SET utf8mb4 COLLATE utf8mb4_unicode_ci DEFAULT NULL COMMENT 'グループ名',
  `content` varchar(255) CHARACTER SET utf8mb4 COLLATE utf8mb4_unicode_ci DEFAULT NULL COMMENT '見積行内容',
  `estimated_price` decimal(12,2) DEFAULT NULL COMMENT '見積額',
  `wholesale_rate` decimal(5,2) DEFAULT NULL COMMENT '掛率',
  `is_required` tinyint(1) NOT NULL DEFAULT '0' COMMENT '必須フラグ',
  `is_replace_requested` tinyint NOT NULL DEFAULT '1' COMMENT '交換希望フラグ',
  `is_maintenance` tinyint(1) DEFAULT NULL COMMENT '点検フラグ',
  `is_required_reason_for_repair` tinyint(1) NOT NULL DEFAULT '1' COMMENT '修理理由必須フラグ',
  `reason_for_repair` text CHARACTER SET utf8mb4 COLLATE utf8mb4_unicode_ci COMMENT '修理理由',
  `created_at` datetime NOT NULL DEFAULT CURRENT_TIMESTAMP COMMENT '作成日時',
  `updated_at` datetime NOT NULL DEFAULT CURRENT_TIMESTAMP ON UPDATE CURRENT_TIMESTAMP COMMENT '更新日時',
  `deleted_at` datetime DEFAULT NULL COMMENT '削除日時',
  PRIMARY KEY (`id`),
  KEY `replacements_estimate_info_id_foreign` (`estimate_info_id`),
  CONSTRAINT `replacements_estimate_info_id_foreign` FOREIGN KEY (`estimate_info_id`) REFERENCES `estimate_info` (`id`)
) ENGINE=InnoDB AUTO_INCREMENT=582 DEFAULT CHARSET=utf8mb4 COLLATE=utf8mb4_unicode_ci;

--
-- Dumping data for table `estimate_info_details`
--

INSERT INTO `estimate_info_details` VALUES (1,26,NULL,NULL,NULL,40260.95,NULL,1,1,NULL,1,NULL,'2023-07-02 12:40:53','2023-07-02 12:40:53',NULL),(2,17,NULL,NULL,NULL,81385.43,NULL,0,1,NULL,1,NULL,'2023-07-02 12:40:53','2023-07-02 12:40:53',NULL),(3,19,NULL,NULL,NULL,56586.25,NULL,0,1,NULL,1,NULL,'2023-07-02 12:40:53','2023-07-02 12:40:53',NULL),(4,28,NULL,NULL,NULL,44338.86,NULL,0,1,NULL,1,NULL,'2023-07-02 12:40:53','2023-07-02 12:40:53',NULL),(5,10,NULL,NULL,NULL,1963.85,NULL,1,1,NULL,1,NULL,'2023-07-02 12:40:53','2023-07-02 12:40:53',NULL),(6,23,NULL,NULL,NULL,75622.33,NULL,1,1,NULL,1,NULL,'2023-07-02 12:40:53','2023-07-02 12:40:53',NULL),(7,7,NULL,NULL,NULL,11525.87,NULL,0,1,NULL,1,NULL,'2023-07-02 12:40:53','2023-07-02 12:40:53',NULL),(8,14,NULL,NULL,NULL,94185.01,NULL,0,1,NULL,1,NULL,'2023-07-02 12:40:53','2023-07-02 12:40:53',NULL),(9,12,NULL,NULL,NULL,40292.05,NULL,1,1,NULL,1,NULL,'2023-07-02 12:40:53','2023-07-02 12:40:53',NULL),(10,25,NULL,NULL,NULL,13640.09,NULL,1,1,NULL,1,NULL,'2023-07-02 12:40:53','2023-07-02 12:40:53',NULL),(11,21,NULL,NULL,NULL,90760.83,NULL,1,1,NULL,1,NULL,'2023-07-02 12:40:53','2023-07-02 12:40:53',NULL),(12,19,NULL,NULL,NULL,15635.12,NULL,1,1,NULL,1,NULL,'2023-07-02 12:40:53','2023-07-02 12:40:53',NULL),(13,4,NULL,NULL,NULL,75694.42,NULL,1,1,NULL,1,NULL,'2023-07-02 12:40:53','2023-07-02 12:40:53',NULL),(14,1,NULL,NULL,NULL,23986.08,NULL,0,1,NULL,1,NULL,'2023-07-02 12:40:53','2023-07-02 12:40:53',NULL),(15,22,NULL,NULL,NULL,15305.08,NULL,1,1,NULL,1,NULL,'2023-07-02 12:40:53','2023-07-02 12:40:53',NULL),(16,8,NULL,NULL,NULL,39177.70,NULL,1,1,NULL,1,NULL,'2023-07-02 12:40:53','2023-07-02 12:40:53',NULL),(17,13,NULL,NULL,NULL,23697.36,NULL,1,1,NULL,1,NULL,'2023-07-02 12:40:53','2023-07-02 12:40:53',NULL),(18,10,NULL,NULL,NULL,83216.37,NULL,0,1,NULL,1,NULL,'2023-07-02 12:40:53','2023-07-02 12:40:53',NULL),(19,28,NULL,NULL,NULL,94277.01,NULL,1,1,NULL,1,NULL,'2023-07-02 12:40:53','2023-07-02 12:40:53',NULL),(20,13,NULL,NULL,NULL,63042.86,NULL,0,1,NULL,1,NULL,'2023-07-02 12:40:53','2023-07-02 12:40:53',NULL),(21,7,NULL,NULL,NULL,43710.04,NULL,0,1,NULL,1,NULL,'2023-07-02 12:40:53','2023-07-02 12:40:53',NULL),(22,22,NULL,NULL,NULL,68719.98,NULL,1,1,NULL,1,NULL,'2023-07-02 12:40:53','2023-07-02 12:40:53',NULL),(23,9,NULL,NULL,NULL,75.72,NULL,0,1,NULL,1,NULL,'2023-07-02 12:40:53','2023-07-02 12:40:53',NULL),(24,11,NULL,NULL,NULL,48390.49,NULL,1,1,NULL,1,NULL,'2023-07-02 12:40:53','2023-07-02 12:40:53',NULL),(25,5,NULL,NULL,NULL,66876.24,NULL,1,1,NULL,1,NULL,'2023-07-02 12:40:53','2023-07-02 12:40:53',NULL),(26,20,NULL,NULL,NULL,41218.10,NULL,0,1,NULL,1,NULL,'2023-07-02 12:40:53','2023-07-02 12:40:53',NULL),(27,4,NULL,NULL,NULL,25973.09,NULL,0,1,NULL,1,NULL,'2023-07-02 12:40:53','2023-07-02 12:40:53',NULL),(28,7,NULL,NULL,NULL,40403.23,NULL,1,1,NULL,1,NULL,'2023-07-02 12:40:53','2023-07-02 12:40:53',NULL),(29,19,NULL,NULL,NULL,14936.22,NULL,1,1,NULL,1,NULL,'2023-07-02 12:40:53','2023-07-02 12:40:53',NULL),(30,11,NULL,NULL,NULL,35813.45,NULL,0,1,NULL,1,NULL,'2023-07-02 12:40:53','2023-07-02 12:40:53',NULL),(70,89,NULL,NULL,'MS01-1',10000.00,NULL,1,1,NULL,1,NULL,'2023-07-06 09:37:04','2023-07-06 09:37:04',NULL),(71,89,NULL,NULL,'MS01-7',3750.00,NULL,1,1,NULL,1,NULL,'2023-07-06 09:37:04','2023-07-06 09:37:04',NULL),(72,89,NULL,NULL,'MS01-11',6800.00,NULL,1,1,NULL,1,NULL,'2023-07-06 09:37:04','2023-07-06 09:37:04',NULL),(73,89,NULL,NULL,'修理キャンセル料金',5000.00,NULL,0,1,NULL,1,NULL,'2023-07-06 09:37:04','2023-07-06 09:37:04',NULL),(74,90,NULL,NULL,'MS01-1',10000.00,NULL,1,1,NULL,1,NULL,'2023-07-06 09:59:56','2023-07-06 09:59:56',NULL),(75,90,NULL,NULL,'MS01-7',3750.00,NULL,1,1,NULL,1,NULL,'2023-07-06 09:59:56','2023-07-06 09:59:56',NULL),(76,90,NULL,NULL,'MS01-11',6800.00,NULL,1,1,NULL,1,NULL,'2023-07-06 09:59:56','2023-07-06 09:59:56',NULL),(77,90,NULL,NULL,'修理キャンセル料金',5000.00,NULL,0,1,NULL,1,NULL,'2023-07-06 09:59:56','2023-07-06 09:59:56',NULL),(86,110,NULL,NULL,'MS01-1',10000.00,NULL,1,1,NULL,1,NULL,'2023-07-06 11:59:50','2023-07-06 11:59:50',NULL),(87,110,NULL,NULL,'MS01-7',3750.00,NULL,1,1,NULL,1,NULL,'2023-07-06 11:59:50','2023-07-06 11:59:50',NULL),(88,110,NULL,NULL,'MS01-11',6800.00,NULL,1,1,NULL,1,NULL,'2023-07-06 11:59:50','2023-07-06 11:59:50',NULL),(89,110,NULL,NULL,'修理キャンセル料金',5000.00,NULL,0,1,NULL,1,NULL,'2023-07-06 11:59:50','2023-07-06 11:59:50',NULL),(90,112,NULL,NULL,'MS01-1',10000.00,NULL,1,1,NULL,1,NULL,'2023-07-06 12:05:22','2023-07-06 12:05:22',NULL),(91,112,NULL,NULL,'MS01-7',3750.00,NULL,1,1,NULL,1,NULL,'2023-07-06 12:05:22','2023-07-06 12:05:22',NULL),(92,112,NULL,NULL,'MS01-11',6800.00,NULL,1,1,NULL,1,NULL,'2023-07-06 12:05:22','2023-07-06 12:05:22',NULL),(93,112,NULL,NULL,'修理キャンセル料金',5000.00,NULL,0,1,NULL,1,NULL,'2023-07-06 12:05:22','2023-07-06 12:05:22',NULL),(94,113,NULL,NULL,'MS01-1',10000.00,NULL,1,1,NULL,1,NULL,'2023-07-06 12:38:20','2023-07-06 12:38:20',NULL),(95,113,NULL,NULL,'MS01-7',3750.00,NULL,1,1,NULL,1,NULL,'2023-07-06 12:38:20','2023-07-06 12:38:20',NULL),(96,113,NULL,NULL,'MS01-11',6800.00,NULL,1,1,NULL,1,NULL,'2023-07-06 12:38:20','2023-07-06 12:38:20',NULL),(97,113,NULL,NULL,'修理キャンセル料金',5000.00,NULL,0,1,NULL,1,NULL,'2023-07-06 12:38:20','2023-07-06 12:38:20',NULL),(98,114,NULL,NULL,'MS01-1',10000.00,NULL,1,1,NULL,1,NULL,'2023-07-06 13:48:09','2023-07-06 13:48:09',NULL),(99,114,NULL,NULL,'MS01-7',3750.00,NULL,1,1,NULL,1,NULL,'2023-07-06 13:48:09','2023-07-06 13:48:09',NULL),(100,114,NULL,NULL,'MS01-11',6800.00,NULL,1,1,NULL,1,NULL,'2023-07-06 13:48:09','2023-07-06 13:48:09',NULL),(101,114,NULL,NULL,'修理キャンセル料金',5000.00,NULL,0,1,NULL,1,NULL,'2023-07-06 13:48:09','2023-07-06 13:48:09',NULL),(102,115,NULL,NULL,'MS01-1',10000.00,NULL,1,1,NULL,1,NULL,'2023-07-06 13:49:51','2023-07-06 13:49:51',NULL),(103,115,NULL,NULL,'MS01-7',3750.00,NULL,1,1,NULL,1,NULL,'2023-07-06 13:49:51','2023-07-06 13:49:51',NULL),(104,115,NULL,NULL,'MS01-11',6800.00,NULL,1,1,NULL,1,NULL,'2023-07-06 13:49:51','2023-07-06 13:49:51',NULL),(105,115,NULL,NULL,'修理キャンセル料金',5000.00,NULL,0,1,NULL,1,NULL,'2023-07-06 13:49:51','2023-07-06 13:49:51',NULL),(106,116,NULL,NULL,'MS01-1',10000.00,NULL,1,1,NULL,1,NULL,'2023-07-06 13:51:30','2023-07-06 13:51:30',NULL),(107,116,NULL,NULL,'MS01-7',3750.00,NULL,1,1,NULL,1,NULL,'2023-07-06 13:51:30','2023-07-06 13:51:30',NULL),(108,116,NULL,NULL,'MS01-11',6800.00,NULL,1,1,NULL,1,NULL,'2023-07-06 13:51:30','2023-07-06 13:51:30',NULL),(109,116,NULL,NULL,'修理キャンセル料金',5000.00,NULL,0,1,NULL,1,NULL,'2023-07-06 13:51:30','2023-07-06 13:51:30',NULL),(110,119,NULL,NULL,'MS-F 分解・洗浄・点検',10000.00,NULL,1,1,NULL,1,NULL,'2023-07-06 14:50:54','2023-07-06 14:50:54',NULL),(111,119,NULL,NULL,'MS-F 水ﾊﾞﾙﾌﾞ交換',3750.00,NULL,1,1,NULL,1,NULL,'2023-07-06 14:50:54','2023-07-06 14:50:54',NULL),(112,119,NULL,NULL,'MS-F ﾉｽﾞﾙ一式交換',6800.00,NULL,0,1,NULL,1,NULL,'2023-07-06 14:50:54','2023-07-10 10:56:29',NULL),(113,119,NULL,NULL,'修理キャンセル料金',5000.00,NULL,0,1,NULL,1,NULL,'2023-07-06 14:50:54','2023-07-06 14:50:54',NULL),(114,120,NULL,NULL,'ME36（HL-C）、ME25（HL-D） ｱﾏﾁｭｱ交換',25000.00,NULL,0,1,NULL,1,NULL,'2023-07-07 09:49:03','2023-07-07 09:50:09',NULL),(115,120,NULL,NULL,'修理キャンセル料金',5000.00,NULL,0,1,NULL,1,NULL,'2023-07-07 09:49:03','2023-07-07 09:49:03',NULL),(116,121,NULL,NULL,'MS-F 分解・洗浄・点検',10000.00,NULL,1,1,NULL,1,NULL,'2023-07-10 09:54:52','2023-07-10 09:54:52',NULL),(117,121,NULL,NULL,'MS-F 水ﾊﾞﾙﾌﾞ交換',3750.00,NULL,1,1,NULL,1,NULL,'2023-07-10 09:54:52','2023-07-10 09:54:52',NULL),(118,121,NULL,NULL,'MS-F ﾉｽﾞﾙ一式交換',6800.00,NULL,1,1,NULL,1,NULL,'2023-07-10 09:54:52','2023-07-10 09:54:52',NULL),(119,121,NULL,NULL,'貸用品貸出料金',3000.00,NULL,1,1,NULL,0,NULL,'2023-07-10 09:54:52','2023-12-07 18:34:26',NULL),(120,121,NULL,NULL,'分解・洗浄・点検料金',5000.00,NULL,0,1,NULL,1,NULL,'2023-07-10 09:54:52','2023-07-10 09:54:52',NULL),(121,122,NULL,NULL,'MS-F 分解・洗浄・点検',10000.00,NULL,1,1,NULL,1,NULL,'2023-07-11 12:25:14','2023-07-11 12:25:14',NULL),(122,122,NULL,NULL,'MS-F 水ﾊﾞﾙﾌﾞ交換',3750.00,NULL,1,1,NULL,1,NULL,'2023-07-11 12:25:14','2023-07-11 12:25:14',NULL),(123,122,NULL,NULL,'MS-F ﾉｽﾞﾙ一式交換',6800.00,NULL,1,1,NULL,1,NULL,'2023-07-11 12:25:14','2023-07-11 12:25:14',NULL),(124,122,NULL,NULL,'貸用品貸出料金',3000.00,NULL,1,1,NULL,0,NULL,'2023-07-11 12:25:14','2023-12-07 18:34:26',NULL),(125,122,NULL,NULL,'分解・洗浄・点検料金',5000.00,NULL,0,1,NULL,1,NULL,'2023-07-11 12:25:14','2023-07-11 12:25:14',NULL),(126,123,NULL,NULL,'MS-F 分解・洗浄・点検',10000.00,NULL,1,1,NULL,1,NULL,'2023-07-11 12:38:20','2023-07-11 12:38:20',NULL),(127,123,NULL,NULL,'MS-F 水ﾊﾞﾙﾌﾞ交換',3750.00,NULL,1,1,NULL,1,NULL,'2023-07-11 12:38:20','2023-07-11 12:38:20',NULL),(128,123,NULL,NULL,'MS-F ﾉｽﾞﾙ一式交換',6800.00,NULL,1,1,NULL,1,NULL,'2023-07-11 12:38:20','2023-07-11 12:38:20',NULL),(129,123,NULL,NULL,'分解・洗浄・点検料金',5000.00,NULL,0,1,NULL,1,NULL,'2023-07-11 12:38:20','2023-07-11 12:38:20',NULL),(130,124,NULL,NULL,'ME36（HL-C）、ME25（HL-D） ｱﾏﾁｭｱ交換',25000.00,NULL,1,1,NULL,1,NULL,'2023-07-12 09:24:01','2023-07-12 09:24:01',NULL),(131,124,NULL,NULL,'点検料金',5000.00,NULL,0,1,NULL,1,NULL,'2023-07-12 09:24:01','2023-07-12 09:24:01',NULL),(132,125,NULL,NULL,'MS-F 分解・洗浄・点検',10000.00,NULL,1,1,NULL,1,NULL,'2023-07-12 10:54:00','2023-07-12 10:54:00',NULL),(133,125,NULL,NULL,'MS-F 水ﾊﾞﾙﾌﾞ交換',3750.00,NULL,1,1,NULL,1,NULL,'2023-07-12 10:54:00','2023-07-12 10:54:00',NULL),(134,125,NULL,NULL,'MS-F ﾉｽﾞﾙ一式交換',6800.00,NULL,1,1,NULL,1,NULL,'2023-07-12 10:54:00','2023-07-12 10:54:00',NULL),(135,125,NULL,NULL,'貸用品貸出料金',3000.00,NULL,1,1,NULL,0,NULL,'2023-07-12 10:54:00','2023-12-07 18:34:26',NULL),(136,125,NULL,NULL,'点検料金',5000.00,NULL,0,1,NULL,1,NULL,'2023-07-12 10:54:00','2023-07-12 10:54:00',NULL),(137,126,NULL,NULL,'MS-F 分解・洗浄・点検',10000.00,NULL,1,1,NULL,1,NULL,'2023-07-13 00:17:26','2023-07-13 00:17:26',NULL),(138,126,NULL,NULL,'MS-F 水ﾊﾞﾙﾌﾞ交換',3750.00,NULL,1,1,NULL,1,NULL,'2023-07-13 00:17:26','2023-07-13 00:17:26',NULL),(139,126,NULL,NULL,'MS-F ﾉｽﾞﾙ一式交換',6800.00,NULL,1,1,NULL,1,NULL,'2023-07-13 00:17:26','2023-07-13 00:17:26',NULL),(140,126,NULL,NULL,'点検料金',5000.00,NULL,0,1,NULL,1,NULL,'2023-07-13 00:17:26','2023-07-13 00:17:26',NULL),(141,127,NULL,NULL,'MS-F 分解・洗浄・点検',10000.00,NULL,1,1,NULL,1,'テストです、\r\nテストテスト','2023-07-13 08:09:33','2023-10-19 09:21:46',NULL),(142,127,NULL,NULL,'MS-F 水ﾊﾞﾙﾌﾞ交換',3750.00,NULL,1,1,NULL,1,'あいうえお\r\nかきくけこ','2023-07-13 08:09:33','2023-10-19 09:21:33',NULL),(143,127,NULL,NULL,'MS-F ﾉｽﾞﾙ一式交換',6800.00,NULL,1,1,NULL,1,NULL,'2023-07-13 08:09:33','2023-07-13 08:09:33',NULL),(144,127,NULL,NULL,'点検料金',5000.00,NULL,0,1,NULL,1,NULL,'2023-07-13 08:09:33','2023-07-13 08:09:33',NULL),(145,128,NULL,NULL,'MS-F 分解・洗浄・点検',10000.00,NULL,1,1,NULL,1,'テストですあいうえお','2023-07-13 08:57:43','2023-10-15 15:50:45',NULL),(146,128,NULL,NULL,'MS-F 水ﾊﾞﾙﾌﾞ交換',3750.00,NULL,1,1,NULL,1,NULL,'2023-07-13 08:57:43','2023-07-13 08:57:43',NULL),(147,128,NULL,NULL,'MS-F ﾉｽﾞﾙ一式交換',6800.00,NULL,1,1,NULL,1,NULL,'2023-07-13 08:57:43','2023-07-13 08:57:43',NULL),(148,128,NULL,NULL,'点検料金',5000.00,NULL,0,1,NULL,1,NULL,'2023-07-13 08:57:43','2023-07-13 08:57:43',NULL),(149,129,NULL,NULL,'MS-F 分解・洗浄・点検',10000.00,NULL,1,1,NULL,1,NULL,'2023-07-13 16:04:13','2023-07-13 16:04:13',NULL),(150,129,NULL,NULL,'MS-F 水ﾊﾞﾙﾌﾞ交換',3750.00,NULL,1,1,NULL,1,NULL,'2023-07-13 16:04:13','2023-07-13 16:04:13',NULL),(151,129,NULL,NULL,'MS-F ﾉｽﾞﾙ一式交換',6800.00,NULL,1,1,NULL,1,NULL,'2023-07-13 16:04:13','2023-07-13 16:04:13',NULL),(152,129,NULL,NULL,'点検料金',5000.00,NULL,0,1,NULL,1,NULL,'2023-07-13 16:04:13','2023-07-13 16:04:13',NULL),(153,130,NULL,NULL,'MS-F 分解・洗浄・点検',10000.00,NULL,1,1,NULL,1,NULL,'2023-07-13 16:44:37','2023-07-13 16:44:37',NULL),(154,130,NULL,NULL,'MS-F 水ﾊﾞﾙﾌﾞ交換',3750.00,NULL,1,1,NULL,1,NULL,'2023-07-13 16:44:37','2023-07-13 16:44:37',NULL),(155,130,NULL,NULL,'MS-F ﾉｽﾞﾙ一式交換',6800.00,NULL,1,1,NULL,1,NULL,'2023-07-13 16:44:37','2023-07-13 16:44:37',NULL),(156,130,NULL,NULL,'点検料金',5000.00,NULL,0,1,NULL,1,NULL,'2023-07-13 16:44:37','2023-07-13 16:44:37',NULL),(157,131,NULL,NULL,'MS-F 分解・洗浄・点検',10000.00,NULL,1,1,NULL,1,NULL,'2023-07-13 18:12:49','2023-07-13 18:12:49',NULL),(158,131,NULL,NULL,'MS-F 水ﾊﾞﾙﾌﾞ交換',3750.00,NULL,1,1,NULL,1,NULL,'2023-07-13 18:12:49','2023-07-13 18:12:49',NULL),(159,131,NULL,NULL,'MS-F ﾉｽﾞﾙ一式交換',6800.00,NULL,1,1,NULL,1,NULL,'2023-07-13 18:12:49','2023-07-13 18:12:49',NULL),(160,131,NULL,NULL,'点検料金',5000.00,NULL,0,1,NULL,1,NULL,'2023-07-13 18:12:49','2023-07-13 18:12:49',NULL),(161,132,NULL,NULL,'MS-F 分解・洗浄・点検',10000.00,NULL,1,1,NULL,1,NULL,'2023-07-13 23:04:11','2023-07-13 23:04:11',NULL),(162,132,NULL,NULL,'MS-F 水ﾊﾞﾙﾌﾞ交換',3750.00,NULL,1,1,NULL,1,NULL,'2023-07-13 23:04:11','2023-07-13 23:04:11',NULL),(163,132,NULL,NULL,'MS-F ﾉｽﾞﾙ一式交換',6800.00,NULL,1,1,NULL,1,NULL,'2023-07-13 23:04:11','2023-07-13 23:04:11',NULL),(164,132,NULL,NULL,'点検料金',5000.00,NULL,0,1,NULL,1,NULL,'2023-07-13 23:04:11','2023-07-13 23:04:11',NULL),(165,133,NULL,NULL,'MS-F 分解・洗浄・点検',10000.00,NULL,1,1,NULL,1,NULL,'2023-07-14 22:49:37','2023-07-14 22:49:37',NULL),(166,133,NULL,NULL,'MS-F 水ﾊﾞﾙﾌﾞ交換',3750.00,NULL,1,1,NULL,1,NULL,'2023-07-14 22:49:37','2023-07-14 22:49:37',NULL),(167,133,NULL,NULL,'MS-F ﾉｽﾞﾙ一式交換',6800.00,NULL,1,1,NULL,1,NULL,'2023-07-14 22:49:37','2023-07-14 22:49:37',NULL),(168,133,NULL,NULL,'点検料金',5000.00,NULL,0,1,NULL,1,NULL,'2023-07-14 22:49:37','2023-07-14 22:49:37',NULL),(169,134,NULL,NULL,'MS-F 分解・洗浄・点検',10000.00,NULL,1,1,NULL,1,NULL,'2023-07-20 07:56:31','2023-07-20 07:56:31',NULL),(170,134,NULL,NULL,'MS-F 水ﾊﾞﾙﾌﾞ交換',3750.00,NULL,1,1,NULL,1,'あかさたな\r\nはまやらわ','2023-07-20 07:56:31','2023-10-19 09:22:43',NULL),(171,134,NULL,NULL,'MS-F ﾉｽﾞﾙ一式交換',6800.00,NULL,1,1,NULL,1,'テストテスト','2023-07-20 07:56:31','2023-10-19 09:22:50',NULL),(172,134,NULL,NULL,'点検料金',5000.00,NULL,0,1,NULL,1,NULL,'2023-07-20 07:56:31','2023-07-20 07:56:31',NULL),(173,135,NULL,NULL,'MS-F 分解・洗浄・点検',10000.00,NULL,1,1,NULL,1,'あいうえお','2023-07-20 19:04:23','2024-02-25 20:08:51',NULL),(174,135,NULL,NULL,'MS-F 水ﾊﾞﾙﾌﾞ交換',3750.00,NULL,1,1,NULL,1,'かきくけこ','2023-07-20 19:04:23','2024-02-25 20:08:58',NULL),(175,135,NULL,NULL,'MS-F ﾉｽﾞﾙ一式交換',6800.00,NULL,1,1,NULL,1,'あああ','2023-07-20 19:04:23','2024-02-25 20:09:05',NULL),(176,135,NULL,NULL,'点検料金',5000.00,NULL,0,1,NULL,1,NULL,'2023-07-20 19:04:23','2023-07-20 19:04:23',NULL),(177,136,NULL,NULL,'MS-F 分解・洗浄・点検',10000.00,NULL,1,1,NULL,1,'あ','2023-07-21 22:48:12','2023-11-08 23:31:03',NULL),(178,136,NULL,NULL,'MS-F 水ﾊﾞﾙﾌﾞ交換',3750.00,NULL,1,1,NULL,1,'い','2023-07-21 22:48:12','2023-11-08 23:31:16',NULL),(179,136,NULL,NULL,'MS-F ﾉｽﾞﾙ一式交換',6800.00,NULL,1,1,NULL,1,'う','2023-07-21 22:48:12','2023-11-08 23:31:25',NULL),(180,136,NULL,NULL,'点検料金',5000.00,NULL,0,1,NULL,1,NULL,'2023-07-21 22:48:12','2023-07-21 22:48:12',NULL),(181,137,NULL,NULL,'MS-F 分解・洗浄・点検',10000.00,NULL,1,1,NULL,1,NULL,'2023-07-21 22:54:04','2023-07-21 22:54:04',NULL),(182,137,NULL,NULL,'MS-F 水ﾊﾞﾙﾌﾞ交換',3750.00,NULL,1,1,NULL,1,NULL,'2023-07-21 22:54:04','2023-07-21 22:54:04',NULL),(183,137,NULL,NULL,'MS-F ﾉｽﾞﾙ一式交換',6800.00,NULL,1,1,NULL,1,NULL,'2023-07-21 22:54:04','2023-07-21 22:54:04',NULL),(184,137,NULL,NULL,'点検料金',5000.00,NULL,0,1,NULL,1,NULL,'2023-07-21 22:54:04','2023-07-21 22:54:04',NULL),(213,145,NULL,NULL,'MS-F 分解・洗浄・点検',10000.00,NULL,1,1,NULL,1,NULL,'2023-07-22 13:29:39','2023-07-22 13:29:39',NULL),(214,145,NULL,NULL,'MS-F 水ﾊﾞﾙﾌﾞ交換',3750.00,NULL,1,1,NULL,1,NULL,'2023-07-22 13:29:39','2023-07-22 13:29:39',NULL),(215,145,NULL,NULL,'MS-F ﾉｽﾞﾙ一式交換',6800.00,NULL,1,1,NULL,1,NULL,'2023-07-22 13:29:39','2023-07-22 13:29:39',NULL),(216,145,NULL,NULL,'点検料金',5000.00,NULL,0,1,NULL,1,NULL,'2023-07-22 13:29:39','2023-07-22 13:29:39',NULL),(217,146,NULL,NULL,'MS-F 分解・洗浄・点検',10000.00,NULL,1,1,NULL,1,NULL,'2023-08-18 21:43:04','2023-08-18 21:43:04',NULL),(218,146,NULL,NULL,'MS-F 水ﾊﾞﾙﾌﾞ交換',3750.00,NULL,1,1,NULL,1,NULL,'2023-08-18 21:43:04','2023-08-18 21:43:04',NULL),(219,146,NULL,NULL,'MS-F ﾉｽﾞﾙ一式交換',6800.00,NULL,1,1,NULL,1,NULL,'2023-08-18 21:43:04','2023-08-18 21:43:04',NULL),(220,146,NULL,NULL,'貸用品貸出料金',3000.00,NULL,1,1,NULL,0,NULL,'2023-08-18 21:43:04','2023-12-07 18:34:26',NULL),(221,146,NULL,NULL,'点検料金',5000.00,NULL,0,1,NULL,1,NULL,'2023-08-18 21:43:04','2023-08-18 21:43:04',NULL),(222,147,NULL,NULL,'ME36（HL-C）、ME25（HL-D） ｱﾏﾁｭｱ交換',25000.00,NULL,1,1,NULL,1,NULL,'2023-08-18 21:49:34','2023-08-18 21:49:34',NULL),(223,147,NULL,NULL,'点検料金',5000.00,NULL,0,1,NULL,1,NULL,'2023-08-18 21:49:34','2023-08-18 21:49:34',NULL),(224,148,NULL,NULL,'ME36（HL-C）、ME25（HL-D） ｱﾏﾁｭｱ交換',25000.00,NULL,1,1,NULL,1,NULL,'2023-08-24 09:31:47','2023-08-24 09:31:47',NULL),(225,148,NULL,NULL,'点検料金',5000.00,NULL,0,1,NULL,1,NULL,'2023-08-24 09:31:47','2023-08-24 09:31:47',NULL),(226,149,NULL,NULL,'MS-F 分解・洗浄・点検',10000.00,NULL,1,1,NULL,1,NULL,'2023-09-12 08:26:28','2023-09-12 08:26:28',NULL),(227,149,NULL,NULL,'MS-F 水ﾊﾞﾙﾌﾞ交換',3750.00,NULL,1,1,NULL,1,NULL,'2023-09-12 08:26:28','2023-09-12 08:26:28',NULL),(228,149,NULL,NULL,'MS-F ﾉｽﾞﾙ一式交換',6800.00,NULL,1,1,NULL,1,NULL,'2023-09-12 08:26:28','2023-09-12 08:26:28',NULL),(229,149,NULL,NULL,'貸用品貸出料金',3000.00,NULL,1,1,NULL,0,NULL,'2023-09-12 08:26:28','2023-12-07 18:34:26',NULL),(230,149,NULL,NULL,'点検料金',5000.00,NULL,0,1,NULL,1,NULL,'2023-09-12 08:26:28','2023-09-12 08:26:28',NULL),(231,150,NULL,NULL,'ME36（HL-C）、ME25（HL-D） ｱﾏﾁｭｱ交換',25000.00,NULL,1,1,NULL,1,NULL,'2023-10-19 08:43:42','2023-10-19 08:43:42',NULL),(232,150,NULL,NULL,'点検料金',5000.00,NULL,0,1,NULL,1,NULL,'2023-10-19 08:43:42','2023-10-19 08:43:42',NULL),(233,151,NULL,NULL,'MS-F 分解・洗浄・点検',10000.00,NULL,1,1,NULL,1,'初見所見','2023-10-19 08:44:05','2023-10-19 08:44:29',NULL),(234,151,NULL,NULL,'MS-F 水ﾊﾞﾙﾌﾞ交換',3750.00,NULL,1,1,NULL,1,'あいうえお\r\nかきくけこ','2023-10-19 08:44:05','2023-10-19 09:19:17',NULL),(235,151,NULL,NULL,'MS-F ﾉｽﾞﾙ一式交換',6800.00,NULL,1,1,NULL,1,NULL,'2023-10-19 08:44:05','2023-10-19 08:44:05',NULL),(236,151,NULL,NULL,'点検料金',5000.00,NULL,0,1,NULL,1,NULL,'2023-10-19 08:44:05','2023-10-19 08:44:05',NULL),(237,182,NULL,NULL,'必須修理',0.00,NULL,1,1,NULL,1,NULL,'2023-10-21 15:37:17','2023-10-21 15:37:17',NULL),(238,182,NULL,NULL,'MS-F 分解・洗浄・点検',10000.00,NULL,1,1,NULL,1,NULL,'2023-10-21 15:37:17','2023-10-21 15:37:17',NULL),(239,182,NULL,NULL,'MS-F 水ﾊﾞﾙﾌﾞ交換',3750.00,NULL,1,1,NULL,1,NULL,'2023-10-21 15:37:17','2023-10-21 15:37:17',NULL),(240,182,NULL,NULL,'プレベンティブサービス',0.00,NULL,1,1,NULL,1,NULL,'2023-10-21 15:37:17','2023-10-21 15:37:17',NULL),(241,182,NULL,NULL,'MS-F ﾉｽﾞﾙ一式交換',6800.00,NULL,0,1,NULL,1,NULL,'2023-10-21 15:37:17','2023-10-21 15:37:17',NULL),(242,182,NULL,NULL,'運送料',30000.00,NULL,0,1,NULL,1,NULL,'2023-10-21 15:37:17','2023-10-21 15:37:17',NULL),(243,182,NULL,NULL,'invoice number: INV12345678',0.00,NULL,1,1,NULL,1,NULL,'2023-10-21 15:37:17','2023-10-21 15:37:17',NULL),(244,182,NULL,NULL,'',0.00,NULL,1,1,NULL,1,NULL,'2023-10-21 15:37:17','2023-10-21 15:37:17',NULL),(245,182,NULL,NULL,'',0.00,NULL,1,1,NULL,1,NULL,'2023-10-21 15:37:17','2023-10-21 15:37:17',NULL),(246,182,NULL,NULL,'',0.00,NULL,1,1,NULL,1,NULL,'2023-10-21 15:37:17','2023-10-21 15:37:17',NULL),(247,182,NULL,NULL,'',0.00,NULL,1,1,NULL,1,NULL,'2023-10-21 15:37:17','2023-10-21 15:37:17',NULL),(248,182,NULL,NULL,'オサダ対応料金',20000.00,NULL,1,1,NULL,1,NULL,'2023-10-21 15:37:17','2023-10-21 15:37:17',NULL),(249,182,NULL,NULL,'オサダ対応料金',20000.00,NULL,1,1,NULL,1,NULL,'2023-10-21 15:37:17','2023-10-21 15:37:17',NULL),(250,183,NULL,NULL,'必須修理',0.00,NULL,1,1,NULL,1,NULL,'2023-10-21 15:38:41','2023-10-21 15:38:41',NULL),(251,183,NULL,NULL,'MS-F 分解・洗浄・点検',10000.00,NULL,1,1,NULL,1,NULL,'2023-10-21 15:38:41','2023-10-21 15:38:41',NULL),(252,183,NULL,NULL,'MS-F 水ﾊﾞﾙﾌﾞ交換',3750.00,NULL,1,1,NULL,1,NULL,'2023-10-21 15:38:41','2023-10-21 15:38:41',NULL),(253,183,NULL,NULL,'プレベンティブサービス',0.00,NULL,1,1,NULL,1,NULL,'2023-10-21 15:38:41','2023-10-21 15:38:41',NULL),(254,183,NULL,NULL,'MS-F ﾉｽﾞﾙ一式交換',6800.00,NULL,0,1,NULL,1,NULL,'2023-10-21 15:38:41','2023-10-21 15:38:41',NULL),(255,183,NULL,NULL,'運送料',30000.00,NULL,0,1,NULL,1,NULL,'2023-10-21 15:38:41','2023-10-21 15:38:41',NULL),(256,183,NULL,NULL,'invoice number: INV12345678',0.00,NULL,1,1,NULL,1,NULL,'2023-10-21 15:38:41','2023-10-21 15:38:41',NULL),(257,183,NULL,NULL,'',0.00,NULL,1,1,NULL,1,NULL,'2023-10-21 15:38:41','2023-10-21 15:38:41',NULL),(258,183,NULL,NULL,'',0.00,NULL,1,1,NULL,1,NULL,'2023-10-21 15:38:41','2023-10-21 15:38:41',NULL),(259,183,NULL,NULL,'',0.00,NULL,1,1,NULL,1,NULL,'2023-10-21 15:38:41','2023-10-21 15:38:41',NULL),(260,183,NULL,NULL,'',0.00,NULL,1,1,NULL,1,NULL,'2023-10-21 15:38:41','2023-10-21 15:38:41',NULL),(261,183,NULL,NULL,'運送料',20000.00,NULL,1,1,NULL,1,NULL,'2023-10-21 15:38:41','2023-10-21 15:38:41',NULL),(262,183,NULL,NULL,'運送料',20000.00,NULL,1,1,NULL,1,NULL,'2023-10-21 15:38:41','2023-10-21 15:38:41',NULL),(263,184,NULL,NULL,'必須修理',0.00,NULL,1,1,NULL,1,NULL,'2023-10-21 15:43:45','2023-10-21 15:43:45',NULL),(264,184,NULL,NULL,'MS-F 分解・洗浄・点検',10000.00,NULL,1,1,NULL,1,NULL,'2023-10-21 15:43:45','2023-10-21 15:43:45',NULL),(265,184,NULL,NULL,'MS-F 水ﾊﾞﾙﾌﾞ交換',3750.00,NULL,1,1,NULL,1,NULL,'2023-10-21 15:43:45','2023-10-21 15:43:45',NULL),(266,184,NULL,NULL,'プレベンティブサービス',0.00,NULL,1,1,NULL,1,NULL,'2023-10-21 15:43:45','2023-10-21 15:43:45',NULL),(267,184,NULL,NULL,'MS-F ﾉｽﾞﾙ一式交換',6800.00,NULL,0,1,NULL,1,NULL,'2023-10-21 15:43:45','2023-10-21 15:43:45',NULL),(268,184,NULL,NULL,'運送料',30000.00,NULL,0,1,NULL,1,NULL,'2023-10-21 15:43:45','2023-10-21 15:43:45',NULL),(269,184,NULL,NULL,'invoice number: INV12345678',0.00,NULL,1,1,NULL,1,NULL,'2023-10-21 15:43:45','2023-10-21 15:43:45',NULL),(270,184,NULL,NULL,'',0.00,NULL,1,1,NULL,1,NULL,'2023-10-21 15:43:45','2023-10-21 15:43:45',NULL),(271,184,NULL,NULL,'',0.00,NULL,1,1,NULL,1,NULL,'2023-10-21 15:43:45','2023-10-21 15:43:45',NULL),(272,184,NULL,NULL,'',0.00,NULL,1,1,NULL,1,NULL,'2023-10-21 15:43:45','2023-10-21 15:43:45',NULL),(273,184,NULL,NULL,'',0.00,NULL,1,1,NULL,1,NULL,'2023-10-21 15:43:45','2023-10-21 15:43:45',NULL),(274,184,NULL,NULL,'点検料金',5000.00,NULL,0,1,NULL,1,NULL,'2023-10-21 15:43:45','2023-10-21 15:43:45',NULL),(275,184,NULL,NULL,'運送料',20000.00,NULL,1,1,NULL,1,NULL,'2023-10-21 15:43:45','2023-10-21 15:43:45',NULL),(276,185,NULL,NULL,'MS-F 分解・洗浄・点検',10000.00,NULL,1,1,NULL,1,NULL,'2023-10-21 15:47:21','2023-10-21 15:47:21',NULL),(277,185,NULL,NULL,'MS-F 水ﾊﾞﾙﾌﾞ交換',3750.00,NULL,1,1,NULL,1,NULL,'2023-10-21 15:47:21','2023-10-21 15:47:21',NULL),(278,185,NULL,NULL,'MS-F ﾉｽﾞﾙ一式交換',6800.00,NULL,0,1,NULL,1,NULL,'2023-10-21 15:47:21','2023-10-21 15:47:21',NULL),(279,185,NULL,NULL,'運送料',30000.00,NULL,0,1,NULL,1,NULL,'2023-10-21 15:47:21','2023-10-21 15:47:21',NULL),(280,185,NULL,NULL,'点検料金',5000.00,NULL,0,1,NULL,1,NULL,'2023-10-21 15:47:21','2023-10-21 15:47:21',NULL),(281,186,NULL,NULL,'MS-F 分解・洗浄・点検',10000.00,NULL,1,1,NULL,1,NULL,'2023-10-21 15:48:03','2023-10-21 15:48:03',NULL),(282,186,NULL,NULL,'MS-F 水ﾊﾞﾙﾌﾞ交換',3750.00,NULL,1,1,NULL,1,NULL,'2023-10-21 15:48:03','2023-10-21 15:48:03',NULL),(283,186,NULL,NULL,'MS-F ﾉｽﾞﾙ一式交換',6800.00,NULL,0,1,NULL,1,NULL,'2023-10-21 15:48:03','2023-10-21 15:48:03',NULL),(284,186,NULL,NULL,'運送料',30000.00,NULL,0,1,NULL,1,NULL,'2023-10-21 15:48:03','2023-10-21 15:48:03',NULL),(285,186,NULL,NULL,'点検料金',5000.00,NULL,0,1,NULL,1,NULL,'2023-10-21 15:48:03','2023-10-21 15:48:03',NULL),(286,190,NULL,NULL,'MS-F 分解・洗浄・点検',10000.00,NULL,1,1,NULL,1,NULL,'2023-10-21 15:50:55','2023-10-21 15:50:55',NULL),(287,190,NULL,NULL,'MS-F 水ﾊﾞﾙﾌﾞ交換',3750.00,NULL,1,1,NULL,1,NULL,'2023-10-21 15:50:55','2023-10-21 15:50:55',NULL),(288,190,NULL,NULL,'MS-F ﾉｽﾞﾙ一式交換',6800.00,NULL,0,1,NULL,1,NULL,'2023-10-21 15:50:55','2023-10-21 15:50:55',NULL),(289,190,NULL,NULL,'運送料',30000.00,NULL,0,1,NULL,1,NULL,'2023-10-21 15:50:55','2023-10-21 15:50:55',NULL),(290,190,NULL,NULL,'invoice number: INV12345678',0.00,NULL,1,1,NULL,1,NULL,'2023-10-21 15:50:55','2023-10-21 15:50:55',NULL),(291,190,NULL,NULL,'点検料金',5000.00,NULL,0,1,NULL,1,NULL,'2023-10-21 15:50:55','2023-10-21 15:50:55',NULL),(292,191,NULL,NULL,'MS-F 分解・洗浄・点検',10000.00,NULL,1,1,NULL,1,NULL,'2023-10-21 15:53:27','2023-10-21 15:53:27',NULL),(293,191,NULL,NULL,'MS-F 水ﾊﾞﾙﾌﾞ交換',3750.00,NULL,1,1,NULL,1,NULL,'2023-10-21 15:53:27','2023-10-21 15:53:27',NULL),(294,191,NULL,NULL,'MS-F ﾉｽﾞﾙ一式交換',6800.00,NULL,0,1,NULL,1,NULL,'2023-10-21 15:53:27','2023-10-21 15:53:27',NULL),(295,191,NULL,NULL,'運送料',30000.00,NULL,0,1,NULL,1,NULL,'2023-10-21 15:53:27','2023-10-21 15:53:27',NULL),(296,191,NULL,NULL,'invoice number: INV12345678',0.00,NULL,1,1,NULL,1,NULL,'2023-10-21 15:53:27','2023-10-21 15:53:27',NULL),(297,191,NULL,NULL,'点検料金',5000.00,NULL,0,1,NULL,1,NULL,'2023-10-21 15:53:27','2023-10-21 15:53:27',NULL),(298,192,NULL,NULL,'MS-F 分解・洗浄・点検',10000.00,NULL,1,1,NULL,1,NULL,'2023-10-21 15:54:12','2023-10-21 15:54:12',NULL),(299,192,NULL,NULL,'MS-F 水ﾊﾞﾙﾌﾞ交換',3750.00,NULL,1,1,NULL,1,NULL,'2023-10-21 15:54:12','2023-10-21 15:54:12',NULL),(300,192,NULL,NULL,'MS-F ﾉｽﾞﾙ一式交換',6800.00,NULL,0,1,NULL,1,NULL,'2023-10-21 15:54:12','2023-10-21 15:54:12',NULL),(301,192,NULL,NULL,'運送料',30000.00,NULL,1,1,NULL,1,NULL,'2023-10-21 15:54:12','2023-10-21 15:54:12',NULL),(302,192,NULL,NULL,'invoice number: INV12345678',0.00,NULL,1,1,NULL,1,NULL,'2023-10-21 15:54:12','2023-10-21 15:54:12',NULL),(303,192,NULL,NULL,'点検料金',5000.00,NULL,0,1,NULL,1,NULL,'2023-10-21 15:54:12','2023-10-21 15:54:12',NULL),(304,199,NULL,NULL,'MS-F 分解・洗浄・点検',10000.00,NULL,1,1,NULL,1,NULL,'2023-10-22 07:07:56','2023-10-22 07:07:56',NULL),(305,199,NULL,NULL,'MS-F 水ﾊﾞﾙﾌﾞ交換',3750.00,NULL,1,1,NULL,1,NULL,'2023-10-22 07:07:56','2023-10-22 07:07:56',NULL),(306,199,NULL,NULL,'MS-F ﾉｽﾞﾙ一式交換',6800.00,NULL,0,1,NULL,1,NULL,'2023-10-22 07:07:56','2023-10-22 07:07:56',NULL),(307,199,NULL,NULL,'運送料',30000.00,NULL,1,1,NULL,1,NULL,'2023-10-22 07:07:56','2023-10-22 07:07:56',NULL),(308,199,NULL,NULL,'invoice number: INV12345678',0.00,NULL,1,1,NULL,1,NULL,'2023-10-22 07:07:56','2023-10-22 07:07:56',NULL),(309,199,NULL,NULL,'点検料金',5000.00,NULL,0,1,NULL,1,NULL,'2023-10-22 07:07:56','2023-10-22 07:07:56',NULL),(310,205,NULL,NULL,'MS-F 分解・洗浄・点検',10000.00,NULL,1,1,NULL,1,NULL,'2023-10-22 07:12:18','2023-10-22 07:12:18',NULL),(311,205,NULL,NULL,'MS-F 水ﾊﾞﾙﾌﾞ交換',3750.00,NULL,1,1,NULL,1,NULL,'2023-10-22 07:12:18','2023-10-22 07:12:18',NULL),(312,205,NULL,NULL,'MS-F ﾉｽﾞﾙ一式交換',6800.00,NULL,0,1,NULL,1,NULL,'2023-10-22 07:12:18','2023-10-22 07:12:18',NULL),(313,205,NULL,NULL,'運送料(invoice number: INV12345678)',30000.00,NULL,1,1,NULL,1,NULL,'2023-10-22 07:12:18','2023-10-22 07:12:18',NULL),(314,205,NULL,NULL,'invoice number: INV12345678',0.00,NULL,1,1,NULL,1,NULL,'2023-10-22 07:12:18','2023-10-22 07:12:18',NULL),(315,205,NULL,NULL,'点検料金',5000.00,NULL,0,1,NULL,1,NULL,'2023-10-22 07:12:18','2023-10-22 07:12:18',NULL),(316,232,NULL,NULL,'MS-F 分解・洗浄・点検',10000.00,NULL,1,1,NULL,1,NULL,'2023-10-22 08:53:44','2023-10-22 08:53:44',NULL),(317,232,NULL,NULL,'MS-F 水ﾊﾞﾙﾌﾞ交換',3750.00,NULL,1,1,NULL,1,NULL,'2023-10-22 08:53:44','2023-10-22 08:53:44',NULL),(318,232,NULL,NULL,'MS-F ﾉｽﾞﾙ一式交換',6800.00,NULL,0,1,NULL,1,NULL,'2023-10-22 08:53:44','2023-10-22 08:53:44',NULL),(319,232,NULL,NULL,'運送料( invoice number: INV12345678)',30000.00,NULL,1,1,NULL,1,NULL,'2023-10-22 08:53:44','2023-10-22 08:53:44',NULL),(320,232,NULL,NULL,'点検料金',5000.00,NULL,0,1,NULL,1,NULL,'2023-10-22 08:53:44','2023-10-22 08:53:44',NULL),(321,235,NULL,NULL,'MS-F 分解・洗浄・点検',10000.00,NULL,1,1,NULL,1,NULL,'2023-10-22 10:10:31','2023-10-22 10:10:31',NULL),(322,235,NULL,NULL,'MS-F 水ﾊﾞﾙﾌﾞ交換',3750.00,NULL,1,1,NULL,1,NULL,'2023-10-22 10:10:31','2023-10-22 10:10:31',NULL),(323,235,NULL,NULL,'MS-F ﾉｽﾞﾙ一式交換',6800.00,NULL,0,1,NULL,1,NULL,'2023-10-22 10:10:31','2023-10-22 10:10:31',NULL),(324,235,NULL,NULL,'運送料(invoice number: INV12345678)',30000.00,NULL,1,1,NULL,1,'invoice number: INV12345678の運送料はこちらに登録しております。運送料invoice number: INV12345678の全ての⾒積もりにご回答いただいた後、⼀括でご返送いたします','2023-10-22 10:10:31','2023-10-22 10:10:31',NULL),(325,235,NULL,NULL,'点検料金',5000.00,NULL,0,1,NULL,1,NULL,'2023-10-22 10:10:31','2023-10-22 10:10:31',NULL),(326,236,NULL,NULL,'MS-F 分解・洗浄・点検',10000.00,NULL,1,1,NULL,1,NULL,'2023-10-22 10:11:25','2023-10-22 10:11:25',NULL),(327,236,NULL,NULL,'MS-F 水ﾊﾞﾙﾌﾞ交換',3750.00,NULL,1,1,NULL,1,NULL,'2023-10-22 10:11:25','2023-10-22 10:11:25',NULL),(328,236,NULL,NULL,'MS-F ﾉｽﾞﾙ一式交換',6800.00,NULL,0,1,NULL,1,NULL,'2023-10-22 10:11:25','2023-10-22 10:11:25',NULL),(329,236,NULL,NULL,'運送料(invoice number: INV12345678)',30000.00,NULL,1,1,NULL,1,'invoice number: INV12345678の運送料はこちらに登録しております。invoice number: INV12345678の全ての⾒積もりにご回答いただいた後、⼀括でご返送いたします','2023-10-22 10:11:25','2023-10-22 10:11:25',NULL),(330,236,NULL,NULL,'点検料金',5000.00,NULL,0,1,NULL,1,NULL,'2023-10-22 10:11:25','2023-10-22 10:11:25',NULL),(336,238,NULL,NULL,'MS-F 分解・洗浄・点検',10000.00,NULL,1,1,NULL,1,NULL,'2023-10-22 10:24:49','2023-10-22 10:24:49',NULL),(337,238,NULL,NULL,'MS-F 水ﾊﾞﾙﾌﾞ交換',3750.00,NULL,1,1,NULL,1,NULL,'2023-10-22 10:24:49','2023-10-22 10:24:49',NULL),(338,238,NULL,NULL,'MS-F ﾉｽﾞﾙ一式交換',6800.00,NULL,0,1,NULL,1,NULL,'2023-10-22 10:24:49','2023-10-22 10:24:49',NULL),(339,238,NULL,NULL,'運送料(invoice number: INV12345678)',30000.00,NULL,1,1,NULL,1,'invoice number: INV12345678の運送料はこちらに登録しております。invoice number: INV12345678の全ての⾒積もりにご回答いただいた後、⼀括でご返送いたします','2023-10-22 10:24:49','2023-10-22 10:24:49',NULL),(340,238,NULL,NULL,'点検料金',5000.00,NULL,0,1,NULL,1,NULL,'2023-10-22 10:24:49','2023-10-22 10:24:49',NULL),(341,239,NULL,NULL,'MS-F 分解・洗浄・点検',10000.00,NULL,1,1,NULL,1,NULL,'2023-10-22 10:27:56','2023-10-22 10:27:56',NULL),(342,239,NULL,NULL,'MS-F 水ﾊﾞﾙﾌﾞ交換',3750.00,NULL,1,1,NULL,1,NULL,'2023-10-22 10:27:56','2023-10-22 10:27:56',NULL),(343,239,NULL,NULL,'MS-F ﾉｽﾞﾙ一式交換',6800.00,NULL,0,1,NULL,1,NULL,'2023-10-22 10:27:56','2023-10-22 10:27:56',NULL),(344,239,NULL,NULL,'運送料(invoice number: INV12345678)',30000.00,NULL,1,1,NULL,1,'invoice number: INV12345678の運送料はこちらに登録しております。invoice number: INV12345678の全ての⾒積もりにご回答いただいた後、⼀括でご返送いたします','2023-10-22 10:27:56','2023-10-22 10:27:56',NULL),(345,239,NULL,NULL,'点検料金',5000.00,NULL,0,1,NULL,1,NULL,'2023-10-22 10:27:56','2023-10-22 10:27:56',NULL),(346,240,NULL,NULL,'MS-F 分解・洗浄・点検',10000.00,NULL,1,1,NULL,1,NULL,'2023-10-22 10:30:51','2023-10-22 10:30:51',NULL),(347,240,NULL,NULL,'MS-F 水ﾊﾞﾙﾌﾞ交換',3750.00,NULL,1,1,NULL,1,NULL,'2023-10-22 10:30:51','2023-10-22 10:30:51',NULL),(348,240,NULL,NULL,'MS-F ﾉｽﾞﾙ一式交換',6800.00,NULL,0,1,NULL,1,NULL,'2023-10-22 10:30:51','2023-10-22 10:30:51',NULL),(349,240,NULL,NULL,'運送料(invoice number: INV12345678)',30000.00,NULL,1,1,NULL,1,'invoice number: INV12345678の運送料はこちらに登録しております。invoice number: INV12345678の全ての⾒積もりにご回答いただいた後、⼀括でご返送いたします','2023-10-22 10:30:51','2023-10-22 10:30:51',NULL),(350,240,NULL,NULL,'点検料金',5000.00,NULL,0,1,NULL,1,NULL,'2023-10-22 10:30:51','2023-10-22 10:30:51',NULL),(351,241,NULL,NULL,'MS-F 分解・洗浄・点検',10000.00,NULL,1,1,NULL,1,NULL,'2023-10-22 10:37:15','2023-10-22 10:37:15',NULL),(352,241,NULL,NULL,'MS-F 水ﾊﾞﾙﾌﾞ交換',3750.00,NULL,1,1,NULL,1,NULL,'2023-10-22 10:37:15','2023-10-22 10:37:15',NULL),(353,241,NULL,NULL,'MS-F ﾉｽﾞﾙ一式交換',6800.00,NULL,0,1,NULL,1,NULL,'2023-10-22 10:37:15','2023-10-22 10:37:15',NULL),(354,241,NULL,NULL,'運送料(invoice number: INV12345678)',30000.00,NULL,1,1,NULL,1,'invoice number: INV12345678の運送料はこちらに登録しております。invoice number: INV12345678の全ての⾒積もりにご回答いただいた後、⼀括でご返送いたします','2023-10-22 10:37:15','2023-10-22 10:37:15',NULL),(355,241,NULL,NULL,'点検料金',5000.00,NULL,0,1,NULL,1,NULL,'2023-10-22 10:37:15','2023-10-22 10:37:15',NULL),(356,242,NULL,NULL,'MS-F 分解・洗浄・点検',10000.00,NULL,1,1,NULL,1,NULL,'2023-10-22 10:37:43','2023-10-22 10:37:43',NULL),(357,242,NULL,NULL,'MS-F 水ﾊﾞﾙﾌﾞ交換',3750.00,NULL,1,1,NULL,1,NULL,'2023-10-22 10:37:43','2023-10-22 10:37:43',NULL),(358,242,NULL,NULL,'MS-F ﾉｽﾞﾙ一式交換',6800.00,NULL,0,1,NULL,1,NULL,'2023-10-22 10:37:43','2023-10-22 10:37:43',NULL),(359,242,NULL,NULL,'運送料(invoice number: INV12345678)',30000.00,NULL,1,1,NULL,1,'invoice number: INV12345678の運送料はこちらに登録しております。invoice number: INV12345678の全ての⾒積もりにご回答いただいた後、⼀括でご返送いたします','2023-10-22 10:37:43','2023-10-22 10:37:43',NULL),(360,242,NULL,NULL,'点検料金',5000.00,NULL,0,1,NULL,1,NULL,'2023-10-22 10:37:43','2023-10-22 10:37:43',NULL),(366,244,NULL,NULL,'MS-F 分解・洗浄・点検',10000.00,NULL,1,1,NULL,1,NULL,'2023-10-22 10:52:32','2023-10-22 10:52:32',NULL),(367,244,NULL,NULL,'MS-F 水ﾊﾞﾙﾌﾞ交換',3750.00,NULL,1,1,NULL,1,NULL,'2023-10-22 10:52:32','2023-10-22 10:52:32',NULL),(368,244,NULL,NULL,'MS-F ﾉｽﾞﾙ一式交換',6800.00,NULL,0,1,NULL,1,NULL,'2023-10-22 10:52:32','2023-10-22 10:52:32',NULL),(369,244,NULL,NULL,'運送料(invoice number: INV12345678)',30000.00,NULL,1,1,NULL,1,'invoice number: INV12345678の運送料はこちらに登録しております。invoice number: INV12345678の全ての⾒積もりにご回答いただいた後、⼀括でご返送いたします','2023-10-22 10:52:32','2023-10-22 10:52:32',NULL),(370,244,NULL,NULL,'点検料金',5000.00,NULL,0,1,NULL,1,NULL,'2023-10-22 10:52:32','2023-10-22 10:52:32',NULL),(376,246,NULL,NULL,'MS-F 分解・洗浄・点検',10000.00,NULL,1,1,NULL,1,NULL,'2023-10-22 10:53:55','2023-10-22 10:53:55',NULL),(377,246,NULL,NULL,'MS-F 水ﾊﾞﾙﾌﾞ交換',3750.00,NULL,1,1,NULL,1,NULL,'2023-10-22 10:53:55','2023-10-22 10:53:55',NULL),(378,246,NULL,NULL,'MS-F ﾉｽﾞﾙ一式交換',6800.00,NULL,0,1,NULL,1,NULL,'2023-10-22 10:53:55','2023-10-22 10:53:55',NULL),(379,246,NULL,NULL,'運送料(invoice number: INV12345678)',30000.00,NULL,1,1,NULL,1,'invoice number: INV12345678の運送料はこちらに登録しております。invoice number: INV12345678の全ての⾒積もりにご回答いただいた後、⼀括でご返送いたします','2023-10-22 10:53:55','2023-10-22 10:53:55',NULL),(380,246,NULL,NULL,'点検料金',5000.00,NULL,0,1,NULL,1,NULL,'2023-10-22 10:53:55','2023-10-22 10:53:55',NULL),(381,247,NULL,NULL,'MS-F 分解・洗浄・点検',10000.00,NULL,1,1,NULL,1,NULL,'2023-10-22 10:54:15','2023-10-22 10:54:15',NULL),(382,247,NULL,NULL,'MS-F 水ﾊﾞﾙﾌﾞ交換',3750.00,NULL,1,1,NULL,1,NULL,'2023-10-22 10:54:15','2023-10-22 10:54:15',NULL),(383,247,NULL,NULL,'MS-F ﾉｽﾞﾙ一式交換',6800.00,NULL,0,1,NULL,1,NULL,'2023-10-22 10:54:15','2023-10-22 10:54:15',NULL),(384,247,NULL,NULL,'運送料(invoice number: INV12345678)',30000.00,NULL,1,1,NULL,1,'invoice number: INV12345678の運送料はこちらに登録しております。invoice number: INV12345678の全ての⾒積もりにご回答いただいた後、⼀括でご返送いたします','2023-10-22 10:54:15','2023-10-22 10:54:15',NULL),(385,247,NULL,NULL,'点検料金',5000.00,NULL,0,1,NULL,1,NULL,'2023-10-22 10:54:15','2023-10-22 10:54:15',NULL),(386,248,NULL,NULL,'MS-F 分解・洗浄・点検',10000.00,NULL,1,1,NULL,1,NULL,'2023-10-22 10:54:50','2023-10-22 10:54:50',NULL),(387,248,NULL,NULL,'MS-F 水ﾊﾞﾙﾌﾞ交換',3750.00,NULL,1,1,NULL,1,NULL,'2023-10-22 10:54:50','2023-10-22 10:54:50',NULL),(388,248,NULL,NULL,'MS-F ﾉｽﾞﾙ一式交換',6800.00,NULL,0,1,NULL,1,NULL,'2023-10-22 10:54:50','2023-10-22 10:54:50',NULL),(389,248,NULL,NULL,'運送料(invoice number: INV12345678)',30000.00,NULL,1,1,NULL,1,'invoice number: INV12345678の運送料はこちらに登録しております。invoice number: INV12345678の全ての⾒積もりにご回答いただいた後、⼀括でご返送いたします','2023-10-22 10:54:50','2023-10-22 10:54:50',NULL),(390,248,NULL,NULL,'点検料金',5000.00,NULL,0,1,NULL,1,NULL,'2023-10-22 10:54:50','2023-10-22 10:54:50',NULL),(401,251,NULL,NULL,'MS-F 分解・洗浄・点検',10000.00,NULL,1,1,NULL,1,NULL,'2023-10-22 16:22:22','2023-10-22 16:22:22',NULL),(402,251,NULL,NULL,'MS-F 水ﾊﾞﾙﾌﾞ交換',3750.00,NULL,1,1,NULL,1,NULL,'2023-10-22 16:22:22','2023-10-22 16:22:22',NULL),(403,251,NULL,NULL,'MS-F ﾉｽﾞﾙ一式交換',6800.00,NULL,0,1,NULL,1,NULL,'2023-10-22 16:22:22','2023-10-22 16:22:22',NULL),(404,251,NULL,NULL,'運送料(invoice number: INV12345678)',30000.00,NULL,1,1,NULL,1,'invoice number: INV12345678の運送料はこちらに登録しております。invoice number: INV12345678の全ての⾒積もりにご回答いただいた後、⼀括でご返送いたします','2023-10-22 16:22:22','2023-10-22 16:22:22',NULL),(405,251,NULL,NULL,'点検料金',5000.00,NULL,0,1,NULL,1,NULL,'2023-10-22 16:22:22','2023-10-22 16:22:22',NULL),(406,265,NULL,NULL,'ME36（HL-C）、ME25（HL-D） 分解・洗浄・点検',10000.00,NULL,1,1,NULL,1,NULL,'2023-10-25 09:12:31','2023-10-25 09:12:31',NULL),(407,265,NULL,NULL,'ME36（HL-C）、ME25（HL-D） ﾘﾝｸﾞﾊﾞﾈ交換',4500.00,NULL,1,1,NULL,1,NULL,'2023-10-25 09:12:31','2023-10-25 09:12:31',NULL),(408,265,NULL,NULL,'ME36（HL-C）、ME25（HL-D） 外ｶﾊﾞｰ交換',7500.00,NULL,1,1,NULL,1,NULL,'2023-10-25 09:12:31','2023-10-25 09:12:31',NULL),(409,265,NULL,NULL,'ME36（HL-C）、ME25（HL-D） 逆止弁交換',5000.00,NULL,1,1,NULL,1,NULL,'2023-10-25 09:12:31','2023-10-25 09:12:31',NULL),(410,265,NULL,NULL,'ME36（HL-C）、ME25（HL-D） ﾓｰﾀｼｰｽ一式交換',45000.00,NULL,1,1,NULL,1,NULL,'2023-10-25 09:12:31','2023-10-25 09:12:31',NULL),(411,265,NULL,NULL,'運送料（インボイスNo.123456）',17500.00,NULL,1,1,NULL,1,NULL,'2023-10-25 09:12:31','2023-10-25 09:12:31',NULL),(412,265,NULL,NULL,'点検料金',5000.00,NULL,0,1,NULL,1,NULL,'2023-10-25 09:12:31','2023-10-25 09:12:31',NULL),(413,266,NULL,NULL,'ME36（HL-C）、ME25（HL-D） 分解・洗浄・点検',10000.00,NULL,1,1,NULL,1,NULL,'2023-10-25 09:16:12','2023-10-25 09:16:12',NULL),(414,266,NULL,NULL,'ME36（HL-C）、ME25（HL-D） ﾘﾝｸﾞﾊﾞﾈ交換',4500.00,NULL,1,1,NULL,1,NULL,'2023-10-25 09:16:12','2023-10-25 09:16:12',NULL),(415,266,NULL,NULL,'ME36（HL-C）、ME25（HL-D） 外ｶﾊﾞｰ交換',7500.00,NULL,1,1,NULL,1,NULL,'2023-10-25 09:16:12','2023-10-25 09:16:12',NULL),(416,266,NULL,NULL,'ME36（HL-C）、ME25（HL-D） 逆止弁交換',5000.00,NULL,1,1,NULL,1,NULL,'2023-10-25 09:16:12','2023-10-25 09:16:12',NULL),(417,266,NULL,NULL,'ME36（HL-C）、ME25（HL-D） ﾓｰﾀｼｰｽ一式交換',45000.00,NULL,1,1,NULL,1,NULL,'2023-10-25 09:16:12','2023-10-25 09:16:12',NULL),(418,266,NULL,NULL,'運送料（インボイスNo.123456）',17500.00,NULL,1,1,NULL,1,'の運送料はこちらに登録しております。の全ての⾒積もりにご回答いただいた後、⼀括でご返送いたします','2023-10-25 09:16:12','2023-10-25 09:16:12',NULL),(419,266,NULL,NULL,'点検料金',5000.00,NULL,0,1,NULL,1,NULL,'2023-10-25 09:16:12','2023-10-25 09:16:12',NULL),(420,275,NULL,NULL,'ME36（HL-C）、ME25（HL-D） 分解・洗浄・点検',10000.00,NULL,1,1,NULL,1,NULL,'2023-10-25 09:25:00','2023-10-25 09:25:00',NULL),(421,275,NULL,NULL,'ME36（HL-C）、ME25（HL-D） ﾘﾝｸﾞﾊﾞﾈ交換',4500.00,NULL,1,1,NULL,1,NULL,'2023-10-25 09:25:00','2023-10-25 09:25:00',NULL),(422,275,NULL,NULL,'ME36（HL-C）、ME25（HL-D） 外ｶﾊﾞｰ交換',7500.00,NULL,1,1,NULL,1,NULL,'2023-10-25 09:25:00','2023-10-25 09:25:00',NULL),(423,275,NULL,NULL,'ME36（HL-C）、ME25（HL-D） 逆止弁交換',5000.00,NULL,1,1,NULL,1,NULL,'2023-10-25 09:25:00','2023-10-25 09:25:00',NULL),(424,275,NULL,NULL,'ME36（HL-C）、ME25（HL-D） ﾓｰﾀｼｰｽ一式交換',45000.00,NULL,1,1,NULL,1,NULL,'2023-10-25 09:25:00','2023-10-25 09:25:00',NULL),(425,275,NULL,NULL,'運送料（インボイスNo.123456）',17500.00,NULL,1,1,NULL,1,'インボイスNo.123456の運送料はこちらに登録しております。インボイスNo.123456の全ての⾒積もりにご回答いただいた後、⼀括でご返送いたします','2023-10-25 09:25:00','2023-10-25 09:25:00',NULL),(426,275,NULL,NULL,'点検料金',5000.00,NULL,0,1,NULL,1,NULL,'2023-10-25 09:25:00','2023-10-25 09:25:00',NULL),(427,284,NULL,NULL,'ME36（HL-C）、ME25（HL-D） 分解・洗浄・点検',10000.00,NULL,1,1,NULL,1,NULL,'2023-10-25 09:35:59','2023-10-25 09:35:59',NULL),(428,284,NULL,NULL,'ME36（HL-C）、ME25（HL-D） ﾘﾝｸﾞﾊﾞﾈ交換',4500.00,NULL,1,1,NULL,1,NULL,'2023-10-25 09:35:59','2023-10-25 09:35:59',NULL),(429,284,NULL,NULL,'ME36（HL-C）、ME25（HL-D） 外ｶﾊﾞｰ交換',7500.00,NULL,1,1,NULL,1,NULL,'2023-10-25 09:35:59','2023-10-25 09:35:59',NULL),(430,284,NULL,NULL,'ME36（HL-C）、ME25（HL-D） 逆止弁交換',5000.00,NULL,1,1,NULL,1,NULL,'2023-10-25 09:35:59','2023-10-25 09:35:59',NULL),(431,284,NULL,NULL,'ME36（HL-C）、ME25（HL-D） ﾓｰﾀｼｰｽ一式交換',45000.00,NULL,1,1,NULL,1,NULL,'2023-10-25 09:35:59','2023-10-25 09:35:59',NULL),(432,284,NULL,NULL,'運送料（インボイスNo.123456）',17500.00,NULL,1,1,NULL,1,'インボイスNo.123456の運送料はこちらに登録しております。インボイスNo.123456の全ての⾒積もりにご回答いただいた後、⼀括でご返送いたします','2023-10-25 09:35:59','2023-10-25 09:35:59',NULL),(433,284,NULL,NULL,'点検料金',5000.00,NULL,0,1,NULL,1,NULL,'2023-10-25 09:35:59','2023-10-25 09:35:59',NULL),(434,285,NULL,NULL,'ME36（HL-C）、ME25（HL-D） 分解・洗浄・点検',10000.00,NULL,1,1,NULL,1,NULL,'2023-10-25 09:41:27','2023-10-25 09:41:27',NULL),(435,285,NULL,NULL,'ME36（HL-C）、ME25（HL-D） ﾘﾝｸﾞﾊﾞﾈ交換',4500.00,NULL,1,1,NULL,1,NULL,'2023-10-25 09:41:27','2023-10-25 09:41:27',NULL),(436,285,NULL,NULL,'ME36（HL-C）、ME25（HL-D） 外ｶﾊﾞｰ交換',7500.00,NULL,1,1,NULL,1,NULL,'2023-10-25 09:41:27','2023-10-25 09:41:27',NULL),(437,285,NULL,NULL,'ME36（HL-C）、ME25（HL-D） 逆止弁交換',5000.00,NULL,1,1,NULL,1,NULL,'2023-10-25 09:41:27','2023-10-25 09:41:27',NULL),(438,285,NULL,NULL,'ME36（HL-C）、ME25（HL-D） ﾓｰﾀｼｰｽ一式交換',45000.00,NULL,1,1,NULL,1,NULL,'2023-10-25 09:41:27','2023-10-25 09:41:27',NULL),(439,285,NULL,NULL,'運送料（インボイスNo.123456）',17500.00,NULL,1,1,NULL,1,'インボイスNo.123456の運送料はこちらに登録しております。インボイスNo.123456の全ての⾒積もりにご回答いただいた後、⼀括でご返送いたします','2023-10-25 09:41:27','2023-10-25 09:41:27',NULL),(440,285,NULL,NULL,'点検料金',5000.00,NULL,0,1,NULL,1,NULL,'2023-10-25 09:41:27','2023-10-25 09:41:27',NULL),(441,286,NULL,NULL,'MS-F 分解・洗浄・点検',10000.00,NULL,1,1,NULL,1,NULL,'2023-10-29 11:42:36','2023-10-29 11:42:36',NULL),(442,286,NULL,NULL,'MS-F 水ﾊﾞﾙﾌﾞ交換',3750.00,NULL,1,1,NULL,1,NULL,'2023-10-29 11:42:36','2023-10-29 11:42:36',NULL),(443,286,NULL,NULL,'MS-F ﾉｽﾞﾙ一式交換',6800.00,NULL,0,1,NULL,1,NULL,'2023-10-29 11:42:36','2023-10-29 11:42:36',NULL),(444,286,NULL,NULL,'貸用品貸出料金',3000.00,NULL,1,1,NULL,0,NULL,'2023-10-29 11:42:36','2023-12-07 18:34:26',NULL),(445,286,NULL,NULL,'点検料金',5000.00,NULL,0,1,NULL,1,NULL,'2023-10-29 11:42:36','2023-10-29 11:42:36',NULL),(446,287,NULL,NULL,'MS-F 分解・洗浄・点検',10000.00,NULL,1,1,NULL,1,'aaa','2023-12-20 14:06:24','2023-12-20 14:06:30',NULL),(447,287,NULL,NULL,'MS-F 水ﾊﾞﾙﾌﾞ交換',3750.00,NULL,1,1,NULL,1,'bb','2023-12-20 14:06:24','2023-12-20 14:06:35',NULL),(448,287,NULL,NULL,'MS-F ﾉｽﾞﾙ一式交換',6800.00,NULL,0,1,NULL,1,'ddd','2023-12-20 14:06:24','2023-12-20 14:06:41',NULL),(449,287,NULL,NULL,'点検料金',5000.00,NULL,0,1,NULL,1,NULL,'2023-12-20 14:06:24','2023-12-20 14:06:24',NULL),(450,288,NULL,NULL,'MS-F 分解・洗浄・点検',10000.00,NULL,1,1,NULL,1,NULL,'2024-03-21 21:23:36','2024-03-21 21:23:36',NULL),(451,288,NULL,NULL,'MS-F 水ﾊﾞﾙﾌﾞ交換',3750.00,NULL,1,1,NULL,1,NULL,'2024-03-21 21:23:36','2024-03-21 21:23:36',NULL),(452,288,NULL,NULL,'MS-F ﾉｽﾞﾙ一式交換',6800.00,NULL,0,1,NULL,1,NULL,'2024-03-21 21:23:36','2024-03-21 21:23:36',NULL),(453,288,NULL,NULL,'貸用品貸出料金',3000.00,NULL,1,1,NULL,0,NULL,'2024-03-21 21:23:36','2024-03-21 21:23:36',NULL),(454,288,NULL,NULL,'点検料金',5000.00,NULL,0,1,NULL,1,NULL,'2024-03-21 21:23:36','2024-03-21 21:23:36',NULL),(455,289,NULL,NULL,'MS-F 分解・洗浄・点検',10000.00,NULL,1,1,NULL,1,NULL,'2024-03-22 22:34:38','2024-03-22 22:34:38',NULL),(456,289,NULL,NULL,'MS-F 水ﾊﾞﾙﾌﾞ交換',3750.00,NULL,1,1,NULL,1,NULL,'2024-03-22 22:34:38','2024-03-22 22:34:38',NULL),(457,289,NULL,NULL,'MS-F ﾉｽﾞﾙ一式交換',6800.00,NULL,0,1,NULL,1,NULL,'2024-03-22 22:34:38','2024-03-22 22:34:38',NULL),(458,289,NULL,NULL,'貸用品貸出料金',3000.00,NULL,1,1,NULL,0,NULL,'2024-03-22 22:34:38','2024-03-22 22:34:38',NULL),(459,289,NULL,NULL,'点検料金',5000.00,NULL,0,1,NULL,1,NULL,'2024-03-22 22:34:38','2024-03-22 22:34:38',NULL),(460,290,NULL,NULL,'MS-F 分解・洗浄・点検',10000.00,NULL,1,1,NULL,1,NULL,'2024-03-23 06:27:26','2024-03-23 06:27:26',NULL),(461,290,NULL,NULL,'MS-F 水ﾊﾞﾙﾌﾞ交換',3750.00,NULL,1,1,NULL,1,NULL,'2024-03-23 06:27:26','2024-03-23 06:27:26',NULL),(462,290,NULL,NULL,'MS-F ﾉｽﾞﾙ一式交換',6800.00,NULL,0,1,NULL,1,NULL,'2024-03-23 06:27:26','2024-03-23 06:27:26',NULL),(463,290,NULL,NULL,'貸用品貸出料金',3000.00,NULL,1,1,NULL,0,NULL,'2024-03-23 06:27:26','2024-03-23 06:27:26',NULL),(464,290,NULL,NULL,'点検料金',5000.00,NULL,0,1,NULL,1,NULL,'2024-03-23 06:27:26','2024-03-23 06:27:26',NULL),(465,291,NULL,NULL,'MS-F 分解・洗浄・点検',10000.00,NULL,1,1,NULL,1,NULL,'2024-03-23 06:30:46','2024-03-23 06:30:46',NULL),(466,291,NULL,NULL,'MS-F 水ﾊﾞﾙﾌﾞ交換',3750.00,NULL,1,1,NULL,1,NULL,'2024-03-23 06:30:46','2024-03-23 06:30:46',NULL),(467,291,NULL,NULL,'MS-F ﾉｽﾞﾙ一式交換',6800.00,NULL,0,1,NULL,1,NULL,'2024-03-23 06:30:46','2024-03-23 06:30:46',NULL),(468,291,NULL,NULL,'貸用品貸出料金',3000.00,NULL,1,1,NULL,0,NULL,'2024-03-23 06:30:46','2024-03-23 06:30:46',NULL),(469,291,NULL,NULL,'点検料金',5000.00,NULL,0,1,NULL,1,NULL,'2024-03-23 06:30:46','2024-03-23 06:30:46',NULL),(470,292,NULL,NULL,'MS-F 分解・洗浄・点検',10000.00,NULL,1,1,NULL,1,NULL,'2024-03-23 06:32:47','2024-03-23 06:32:47',NULL),(471,292,NULL,NULL,'MS-F 水ﾊﾞﾙﾌﾞ交換',3750.00,NULL,1,1,NULL,1,NULL,'2024-03-23 06:32:47','2024-03-23 06:32:47',NULL),(472,292,NULL,NULL,'MS-F ﾉｽﾞﾙ一式交換',6800.00,NULL,0,1,NULL,1,NULL,'2024-03-23 06:32:47','2024-03-23 06:32:47',NULL),(473,292,NULL,NULL,'貸用品貸出料金',3000.00,NULL,1,1,NULL,0,NULL,'2024-03-23 06:32:47','2024-03-23 06:32:47',NULL),(474,292,NULL,NULL,'点検料金',5000.00,NULL,0,1,NULL,1,NULL,'2024-03-23 06:32:47','2024-03-23 06:32:47',NULL),(475,293,NULL,NULL,'MS-F 分解・洗浄・点検',10000.00,NULL,1,1,NULL,1,'test','2024-04-10 23:20:04','2024-04-11 08:37:44',NULL),(476,293,NULL,NULL,'MS-F 水ﾊﾞﾙﾌﾞ交換',3750.00,NULL,1,1,NULL,1,'あいうえお','2024-04-10 23:20:04','2024-04-11 08:37:51',NULL),(477,293,NULL,NULL,'MS-F ﾉｽﾞﾙ一式交換',6800.00,NULL,0,1,NULL,1,'かきくけこ','2024-04-10 23:20:04','2024-04-11 08:37:59',NULL),(478,293,NULL,NULL,'点検料金',5000.00,NULL,0,1,NULL,1,NULL,'2024-04-10 23:20:04','2024-04-10 23:20:04',NULL),(479,295,NULL,NULL,'貸用品貸出料金',3000.00,NULL,1,1,NULL,0,NULL,'2024-04-11 19:14:59','2024-04-11 19:14:59',NULL),(480,296,NULL,NULL,'貸用品貸出料金',3000.00,NULL,1,1,NULL,0,NULL,'2024-04-11 19:28:12','2024-04-11 19:28:12',NULL),(481,297,NULL,NULL,'貸用品貸出料金',3000.00,NULL,1,1,NULL,0,NULL,'2024-04-11 19:37:35','2024-04-11 19:37:35',NULL),(482,298,NULL,NULL,'貸用品貸出料金',3000.00,NULL,1,1,NULL,0,NULL,'2024-04-11 19:58:18','2024-04-11 19:58:18',NULL),(483,299,NULL,NULL,'貸用品貸出料金',3000.00,NULL,1,1,NULL,0,NULL,'2024-04-11 20:00:19','2024-04-11 20:00:19',NULL),(484,300,NULL,NULL,'貸用品貸出料金',3000.00,NULL,1,1,NULL,0,NULL,'2024-04-11 20:01:00','2024-04-11 20:01:00',NULL),(485,301,NULL,NULL,'貸用品貸出料金',3000.00,NULL,1,1,NULL,0,NULL,'2024-04-11 20:01:19','2024-04-11 20:01:19',NULL),(486,302,NULL,NULL,'MS-F 分解・洗浄・点検',10000.00,NULL,1,1,NULL,1,'test','2024-04-11 20:17:57','2024-04-11 20:18:09',NULL),(487,302,NULL,NULL,'MS-F 水ﾊﾞﾙﾌﾞ交換',3750.00,NULL,1,1,NULL,1,'asdga','2024-04-11 20:17:57','2024-04-11 20:18:14',NULL),(488,302,NULL,NULL,'MS-F ﾉｽﾞﾙ一式交換',6800.00,NULL,0,1,NULL,1,'あか','2024-04-11 20:17:57','2024-04-11 20:18:21',NULL),(489,302,NULL,NULL,'点検料金',5000.00,NULL,0,1,NULL,1,NULL,'2024-04-11 20:17:57','2024-04-11 20:17:57',NULL),(490,303,NULL,NULL,'貸用品貸出料金',3000.00,NULL,1,1,NULL,0,NULL,'2024-04-11 20:23:35','2024-04-11 20:23:35',NULL),(491,304,NULL,NULL,'貸用品貸出料金',3000.00,NULL,1,1,NULL,0,NULL,'2024-04-11 20:25:58','2024-04-11 20:25:58',NULL),(492,305,NULL,NULL,'貸用品貸出料金',3000.00,NULL,1,1,NULL,0,NULL,'2024-04-11 20:54:27','2024-04-11 20:54:27',NULL),(493,306,NULL,NULL,'貸用品貸出料金',3000.00,NULL,1,1,NULL,0,NULL,'2024-04-11 20:54:44','2024-04-11 20:54:44',NULL),(494,307,NULL,NULL,'MS-F 分解・洗浄・点検',10000.00,NULL,1,1,NULL,1,'aaa','2024-04-13 21:48:32','2024-04-14 05:17:58',NULL),(495,307,NULL,NULL,'MS-F 水ﾊﾞﾙﾌﾞ交換',3750.00,NULL,1,1,NULL,1,'aab','2024-04-13 21:48:32','2024-04-14 05:18:07',NULL),(496,307,NULL,NULL,'MS-F ﾉｽﾞﾙ一式交換',6800.00,NULL,0,1,NULL,1,'bbba','2024-04-13 21:48:32','2024-04-14 05:18:17',NULL),(497,307,NULL,NULL,'貸用品貸出料金',3000.00,NULL,1,1,NULL,0,NULL,'2024-04-13 21:48:32','2024-04-13 21:48:32',NULL),(498,307,NULL,NULL,'点検料金',5000.00,NULL,0,1,NULL,1,NULL,'2024-04-13 21:48:32','2024-04-13 21:48:32',NULL),(499,311,NULL,NULL,'テスト',1000.00,NULL,1,1,NULL,1,NULL,'2024-04-15 08:21:34','2024-04-15 08:21:34',NULL),(500,311,NULL,NULL,'テスト',30000.00,NULL,1,1,NULL,1,NULL,'2024-04-15 08:21:34','2024-04-15 08:21:34',NULL),(501,312,NULL,NULL,'テスト',10000.00,NULL,1,1,NULL,1,NULL,'2024-04-15 08:24:28','2024-04-15 08:24:28',NULL),(502,312,NULL,NULL,'テスト',4000.00,NULL,1,1,NULL,1,NULL,'2024-04-15 08:24:28','2024-04-15 08:24:28',NULL),(503,313,NULL,NULL,'テスト',30000.00,NULL,1,1,NULL,1,NULL,'2024-04-15 08:38:20','2024-04-15 08:38:20',NULL),(504,313,NULL,NULL,'テスト',4000.00,NULL,1,1,NULL,1,NULL,'2024-04-15 08:38:20','2024-04-15 08:38:20',NULL),(505,314,NULL,NULL,'テスト',10000.00,NULL,1,1,NULL,1,NULL,'2024-04-15 08:40:13','2024-04-15 08:40:13',NULL),(506,314,NULL,NULL,'テスト',4000.00,NULL,1,1,NULL,1,NULL,'2024-04-15 08:40:13','2024-04-15 08:40:13',NULL),(507,315,NULL,NULL,'テスト',10000.00,NULL,1,1,NULL,1,NULL,'2024-04-15 08:44:37','2024-04-15 08:44:37',NULL),(508,315,NULL,NULL,'テスト',4000.00,NULL,1,1,NULL,1,NULL,'2024-04-15 08:44:37','2024-04-15 08:44:37',NULL),(509,317,NULL,NULL,'テスト',10000.00,NULL,1,1,NULL,1,NULL,'2024-04-15 08:46:01','2024-04-15 08:46:01',NULL),(510,317,NULL,NULL,'テスト',4000.00,NULL,1,1,NULL,1,NULL,'2024-04-15 08:46:01','2024-04-15 08:46:01',NULL),(511,318,NULL,NULL,'テスト',40000.00,NULL,1,1,NULL,1,NULL,'2024-04-15 08:47:00','2024-04-15 08:47:00',NULL),(512,318,NULL,NULL,'テスト',1000.00,NULL,1,1,NULL,1,NULL,'2024-04-15 08:47:00','2024-04-15 08:47:00',NULL),(513,319,NULL,NULL,'テスト',5000.00,NULL,1,1,NULL,1,NULL,'2024-04-15 08:49:46','2024-04-15 08:49:46',NULL),(514,319,NULL,NULL,'テスト',40000.00,NULL,1,1,NULL,1,NULL,'2024-04-15 08:49:46','2024-04-15 08:49:46',NULL),(515,320,NULL,NULL,'テスト',30000.00,NULL,1,1,NULL,1,'テスト修理','2024-04-15 09:33:35','2024-04-15 09:33:35',NULL),(516,320,NULL,NULL,'テスト',3000.00,NULL,1,1,NULL,1,'テスト修理','2024-04-15 09:33:35','2024-04-15 09:33:35',NULL),(517,321,NULL,NULL,'テスト',10000.00,NULL,1,1,NULL,1,'テスト修理','2024-04-15 09:35:23','2024-04-15 09:35:23',NULL),(518,321,NULL,NULL,'テスト',4000.00,NULL,1,1,NULL,1,'テスト修理','2024-04-15 09:35:23','2024-04-15 09:35:23',NULL),(519,322,NULL,NULL,'テスト',50000.00,NULL,1,1,NULL,1,'テスト修理','2024-04-15 09:36:55','2024-04-15 09:36:55',NULL),(520,322,NULL,NULL,'テスト',3000.00,NULL,1,1,NULL,1,'テスト修理','2024-04-15 09:36:55','2024-04-15 09:36:55',NULL),(521,323,NULL,NULL,'テスト',40000.00,NULL,1,1,NULL,1,'テスト修理','2024-04-15 09:42:08','2024-04-15 09:42:08',NULL),(522,323,NULL,NULL,'テスト',3000.00,NULL,1,1,NULL,1,'テスト修理','2024-04-15 09:42:08','2024-04-15 09:42:08',NULL),(523,324,NULL,NULL,'テスト',10000.00,NULL,1,1,NULL,1,'テスト修理','2024-04-15 09:44:07','2024-04-15 09:44:07',NULL),(524,324,NULL,NULL,'テスト',4000.00,NULL,1,1,NULL,1,'テスト修理','2024-04-15 09:44:07','2024-04-15 09:44:07',NULL),(525,325,NULL,NULL,'テスト',5000.00,NULL,1,1,NULL,1,'テスト修理','2024-04-15 10:03:37','2024-04-15 10:03:37',NULL),(526,325,NULL,NULL,'テスト',10000.00,NULL,1,1,NULL,1,'テスト修理','2024-04-15 10:03:37','2024-04-15 10:03:37',NULL),(527,326,NULL,NULL,'テスト',10000.00,NULL,1,1,NULL,1,'テスト修理','2024-04-15 10:06:35','2024-04-15 10:06:35',NULL),(528,326,NULL,NULL,'テスト',4000.00,NULL,1,1,NULL,1,'テスト修理','2024-04-15 10:06:35','2024-04-15 10:06:35',NULL),(529,327,NULL,NULL,'テスト',10000.00,NULL,1,1,NULL,1,'テスト修理','2024-04-15 10:09:55','2024-04-15 10:09:55',NULL),(530,327,NULL,NULL,'テスト',15000.00,NULL,1,1,NULL,1,'テスト修理','2024-04-15 10:09:55','2024-04-15 10:09:55',NULL),(531,328,NULL,NULL,'テスト',10000.00,NULL,1,1,NULL,1,'テスト修理','2024-04-15 10:12:00','2024-04-15 10:12:00',NULL),(532,328,NULL,NULL,'テスト',5000.00,NULL,1,1,NULL,1,'テスト修理','2024-04-15 10:12:00','2024-04-15 10:12:00',NULL),(533,329,NULL,NULL,'テスト',50000.00,NULL,1,1,NULL,1,'テスト修理','2024-04-15 10:18:35','2024-04-15 10:18:35',NULL),(534,329,NULL,NULL,'テスト',2000.00,NULL,1,1,NULL,1,'テスト修理','2024-04-15 10:18:35','2024-04-15 10:18:35',NULL),(535,331,NULL,NULL,'テスト',5000.00,NULL,1,1,NULL,1,'テスト修理','2024-04-15 10:22:41','2024-04-15 10:22:41',NULL),(536,331,NULL,NULL,'テスト',10000.00,NULL,1,1,NULL,1,'テスト修理','2024-04-15 10:22:41','2024-04-15 10:22:41',NULL),(537,331,NULL,NULL,'貸用品貸出料金',3000.00,NULL,1,1,NULL,0,NULL,'2024-04-15 10:22:41','2024-04-15 10:22:41',NULL),(538,331,NULL,NULL,'点検料金',5000.00,NULL,0,1,NULL,1,NULL,'2024-04-15 10:22:41','2024-04-15 10:22:41',NULL),(544,340,NULL,NULL,'MS-F 分解・洗浄・点検',10000.00,NULL,1,1,NULL,1,NULL,'2024-04-15 22:12:43','2024-04-15 22:12:43',NULL),(545,340,NULL,NULL,'MS-F 水ﾊﾞﾙﾌﾞ交換',3750.00,NULL,1,1,NULL,1,NULL,'2024-04-15 22:12:43','2024-04-15 22:12:43',NULL),(546,340,NULL,NULL,'MS-F ﾉｽﾞﾙ一式交換',6800.00,NULL,0,1,NULL,1,NULL,'2024-04-15 22:12:43','2024-04-15 22:12:43',NULL),(547,340,NULL,NULL,'貸用品貸出料金',3000.00,NULL,1,1,NULL,0,NULL,'2024-04-15 22:12:43','2024-04-15 22:12:43',NULL),(548,340,NULL,NULL,'点検料金',5000.00,NULL,0,1,NULL,1,NULL,'2024-04-15 22:12:43','2024-04-15 22:12:43',NULL),(549,341,NULL,NULL,'貸用品貸出料金',3000.00,NULL,1,1,NULL,0,NULL,'2024-04-16 14:24:35','2024-04-16 14:24:35',NULL),(550,342,1,'OPU-D','OPU-D・D2・D2V　分解・点検・調整',25000.00,NULL,1,1,1,1,NULL,'2024-05-22 15:56:48','2024-05-22 15:56:48',NULL),(551,342,1,'OPU-D','OPU-D・D2・D2V　ﾌｯﾄｽｲｯﾁ一式交換（白・OPU-D）',32500.00,NULL,1,1,0,1,NULL,'2024-05-22 15:56:48','2024-05-22 15:56:48',NULL),(552,342,1,'OPU-D','OPU-D・D2・D2V　ｲﾝｽﾂﾙﾒﾝﾄﾎﾙﾀﾞｰ一式交換',6000.00,NULL,1,1,0,1,NULL,'2024-05-22 15:56:48','2024-05-22 15:56:48',NULL),(553,342,1,'OPU-D','OPU-D・D2・D2V　本体前ｶﾊﾞｰ一式交換',60000.00,NULL,1,1,0,1,NULL,'2024-05-22 15:56:48','2024-05-22 15:56:48',NULL),(554,342,1,'OPU-D','OPU-D・D2・D2V　本体後ｶﾊﾞｰ交換',19000.00,NULL,1,1,0,1,NULL,'2024-05-22 15:56:48','2024-05-22 15:56:48',NULL),(555,342,2,'G1モータ','G1モータ 分解・洗浄・点検',10000.00,NULL,1,1,1,1,NULL,'2024-05-22 15:56:48','2024-05-22 15:56:48',NULL),(556,342,2,'G1モータ','G1モータ ｽﾃｰﾀｰ交換',31250.00,NULL,1,1,0,1,NULL,'2024-05-22 15:56:48','2024-05-22 15:56:48',NULL),(557,342,2,'G1モータ','G1 ｼﾞｬﾝｸｼｮﾝﾘﾝｸﾞﾊﾞﾈ交換',4500.00,NULL,1,1,0,1,NULL,'2024-05-22 15:56:48','2024-05-22 15:56:48',NULL),(558,342,2,'G1モータ','G1モータ ﾗﾝﾌﾟ電極交換',5000.00,NULL,1,1,0,1,NULL,'2024-05-22 15:56:48','2024-05-22 15:56:48',NULL),(559,342,2,'G1モータ','G1モータ ﾍﾞｱﾘﾝｸﾞﾎﾙﾀﾞｰ交換',6250.00,NULL,1,1,0,1,NULL,'2024-05-22 15:56:48','2024-05-22 15:56:48',NULL),(560,342,3,'SE-10L','SE-10・10L 分解・洗浄・点検',13000.00,NULL,1,1,1,1,NULL,'2024-05-22 15:56:48','2024-05-22 15:56:48',NULL),(561,342,3,'SE-10L','SE-10・10L 振動子部交換',45500.00,NULL,1,1,0,1,NULL,'2024-05-22 15:56:48','2024-05-22 15:56:48',NULL),(562,342,3,'SE-10L','SE-10・10L 握手ケース交換',5000.00,NULL,1,1,0,1,NULL,'2024-05-22 15:56:48','2024-05-22 15:56:48',NULL),(563,342,3,'SE-10L','SE-10・10L エンドブッシュ押え交換',2750.00,NULL,1,1,0,1,NULL,'2024-05-22 15:56:48','2024-05-22 15:56:48',NULL),(564,342,3,'SE-10L','SE-10・10L ライトガイド交換',19000.00,NULL,1,1,0,1,NULL,'2024-05-22 15:56:48','2024-05-22 15:56:48',NULL),(565,342,3,'SE-10L','SE-10・10L エンドブッシュ交換',3000.00,NULL,1,1,0,1,NULL,'2024-05-22 15:56:48','2024-05-22 15:56:48',NULL),(566,342,NULL,NULL,'貸用品貸出料金',3000.00,NULL,1,1,0,0,NULL,'2024-05-22 15:56:48','2024-05-22 15:56:48',NULL),(567,342,NULL,NULL,'点検料金',5000.00,NULL,0,1,0,1,NULL,'2024-05-22 15:56:48','2024-05-22 15:56:48',NULL),(568,343,0,'','MS-F 分解・洗浄・点検',10000.00,NULL,1,1,1,1,'テストです','2024-06-02 13:40:11','2024-06-02 13:40:37',NULL),(569,343,0,'','MS-F 水ﾊﾞﾙﾌﾞ交換',3750.00,NULL,1,1,0,1,'テストです','2024-06-02 13:40:11','2024-06-02 13:40:44',NULL),(570,343,0,'','MS-F ﾉｽﾞﾙ一式交換',6800.00,NULL,0,1,0,1,'テストです','2024-06-02 13:40:11','2024-06-02 13:40:55',NULL),(571,343,NULL,NULL,'点検料金',5000.00,NULL,0,1,0,1,NULL,'2024-06-02 13:40:11','2024-06-02 13:40:11',NULL),(572,344,NULL,NULL,'SH28 分解・洗浄・点検',10000.00,NULL,1,1,NULL,1,NULL,'2024-07-09 20:45:40','2024-07-09 20:45:40',NULL),(573,344,NULL,NULL,'SH28 ﾚﾊﾞｰ軸交換',3200.00,NULL,1,1,NULL,1,NULL,'2024-07-09 20:45:40','2024-07-09 20:45:40',NULL),(574,344,NULL,NULL,'ノーズコーンS',14300.00,NULL,1,1,NULL,1,NULL,'2024-07-09 20:45:40','2024-07-09 20:45:40',NULL),(575,344,NULL,NULL,'SH28 ｽﾋﾟﾝﾄﾞﾙ交換',31250.00,NULL,1,1,NULL,1,NULL,'2024-07-09 20:45:40','2024-07-09 20:45:40',NULL),(576,344,NULL,NULL,'点検料金',5000.00,NULL,0,1,NULL,1,NULL,'2024-07-09 20:45:40','2024-07-09 20:45:40',NULL),(577,345,NULL,NULL,'SH28 分解・洗浄・点検',10000.00,NULL,1,1,NULL,1,NULL,'2024-07-09 20:48:10','2024-07-09 20:48:10',NULL),(578,345,NULL,NULL,'SH28 ﾚﾊﾞｰ軸交換',3200.00,NULL,1,1,NULL,1,NULL,'2024-07-09 20:48:10','2024-07-09 20:48:10',NULL),(579,345,NULL,NULL,'ノーズコーンS',14300.00,NULL,1,1,NULL,1,NULL,'2024-07-09 20:48:10','2024-07-09 20:48:10',NULL),(580,345,NULL,NULL,'SH28 ｽﾋﾟﾝﾄﾞﾙ交換',31250.00,NULL,0,1,NULL,1,NULL,'2024-07-09 20:48:10','2024-07-09 20:48:10',NULL),(581,345,NULL,NULL,'点検料金',5000.00,NULL,0,1,NULL,1,NULL,'2024-07-09 20:48:10','2024-07-09 20:48:10',NULL);

--
-- Table structure for table `event_files`
--

CREATE TABLE `event_files` (
  `id` int unsigned NOT NULL AUTO_INCREMENT COMMENT 'ID',
  `event_group_id` int unsigned NOT NULL COMMENT 'イベントグループID',
  `file_id` bigint unsigned DEFAULT NULL COMMENT 'ファイルID',
  `created_at` datetime NOT NULL DEFAULT CURRENT_TIMESTAMP COMMENT '作成日時',
  `updated_at` datetime NOT NULL DEFAULT CURRENT_TIMESTAMP COMMENT '更新日時',
  `deleted_at` datetime DEFAULT NULL COMMENT '削除日時',
  PRIMARY KEY (`id`),
  KEY `event_files_file_id_foreign` (`file_id`),
  CONSTRAINT `event_files_file_id_foreign` FOREIGN KEY (`file_id`) REFERENCES `files` (`id`)
) ENGINE=InnoDB DEFAULT CHARSET=utf8mb4 COLLATE=utf8mb4_unicode_ci;

--
-- Dumping data for table `event_files`
--


--
-- Table structure for table `event_group_sequences`
--

CREATE TABLE `event_group_sequences` (
  `id` int unsigned NOT NULL AUTO_INCREMENT COMMENT 'ID',
  `created_at` datetime NOT NULL DEFAULT CURRENT_TIMESTAMP COMMENT '作成日時',
  `updated_at` datetime NOT NULL DEFAULT CURRENT_TIMESTAMP COMMENT '更新日時',
  `deleted_at` datetime DEFAULT NULL COMMENT '削除日時',
  PRIMARY KEY (`id`)
) ENGINE=InnoDB AUTO_INCREMENT=15 DEFAULT CHARSET=utf8mb4 COLLATE=utf8mb4_unicode_ci;

--
-- Dumping data for table `event_group_sequences`
--

INSERT INTO `event_group_sequences` VALUES (1,'2024-01-27 21:07:01','2024-01-27 21:07:01',NULL),(2,'2024-01-27 21:28:53','2024-01-27 21:28:53',NULL),(3,'2024-01-27 21:34:54','2024-01-27 21:34:54',NULL),(4,'2024-01-27 21:35:54','2024-01-27 21:35:54',NULL),(5,'2024-01-27 22:25:57','2024-01-27 22:25:57',NULL),(6,'2024-02-20 08:43:27','2024-02-20 08:43:27',NULL),(7,'2024-02-20 08:48:54','2024-02-20 08:48:54',NULL),(8,'2024-03-26 11:00:12','2024-03-26 11:00:12',NULL),(9,'2024-04-10 03:01:17','2024-04-10 03:01:17',NULL),(10,'2024-04-13 16:04:34','2024-04-13 16:04:34',NULL),(11,'2024-06-02 13:33:59','2024-06-02 13:33:59',NULL),(14,'2024-06-03 12:31:09','2024-06-03 12:31:09',NULL);

--
-- Table structure for table `events`
--

CREATE TABLE `events` (
  `id` int unsigned NOT NULL AUTO_INCREMENT COMMENT 'ID',
  `group_id` int unsigned NOT NULL COMMENT 'グループID',
  `clinic_id` int unsigned DEFAULT NULL COMMENT '対象医院ID',
  `title` varchar(255) CHARACTER SET utf8mb4 COLLATE utf8mb4_unicode_ci NOT NULL COMMENT '件名',
  `explanation` longtext CHARACTER SET utf8mb4 COLLATE utf8mb4_unicode_ci COMMENT '説明',
  `start_at` datetime NOT NULL COMMENT '開始日時',
  `end_at` datetime NOT NULL COMMENT '終了日時',
  `is_all_day` tinyint(1) NOT NULL DEFAULT '0' COMMENT '終日フラグ',
  `is_designated_clinic` tinyint(1) NOT NULL DEFAULT '0' COMMENT '特定医院向けフラグ',
  `is_domestic_dentistry` tinyint(1) NOT NULL DEFAULT '0' COMMENT '国内歯科向けフラグ',
  `is_domestic_veterinary` tinyint(1) NOT NULL DEFAULT '0' COMMENT '国内獣医科向けフラグ',
  `is_domestic_medical` tinyint(1) NOT NULL DEFAULT '0' COMMENT '国内医科向けフラグ',
  `is_domestic_others` tinyint(1) NOT NULL DEFAULT '0' COMMENT '国内その他向けフラグ',
  `is_oversea` tinyint(1) NOT NULL DEFAULT '0' COMMENT '海外向けフラグ',
  `oversea_country_id` json DEFAULT NULL COMMENT '海外対象国リスト',
  `oversea_country_id_for_index` varchar(255) CHARACTER SET utf8mb4 COLLATE utf8mb4_unicode_ci GENERATED ALWAYS AS (json_unquote(json_extract(`oversea_country_id`,_utf8mb4'$.country_id'))) STORED COMMENT '海外対象国リストindex設定用',
  `is_oversea_other` tinyint(1) NOT NULL DEFAULT '0' COMMENT 'その他海外向けフラグ',
  `is_registered_by_clinic` tinyint(1) NOT NULL DEFAULT '0' COMMENT '医院側登録フラグ',
  `is_attached_file` tinyint(1) NOT NULL DEFAULT '0' COMMENT '資料添付フラグ',
  `is_video_chat` tinyint(1) NOT NULL DEFAULT '0' COMMENT '動画通話予定フラグ',
  `is_maintenance` tinyint(1) NOT NULL DEFAULT '0' COMMENT '定期メンテナンスフラグ',
  `target_clinic_id` longtext CHARACTER SET utf8mb4 COLLATE utf8mb4_unicode_ci COMMENT 'お知らせ対象医院ID',
  `employee_id` int DEFAULT NULL COMMENT '担当者ID',
  `repair_request_id` varchar(255) CHARACTER SET utf8mb4 COLLATE utf8mb4_unicode_ci DEFAULT NULL COMMENT '修理依頼ID',
  `created_at` datetime NOT NULL DEFAULT CURRENT_TIMESTAMP COMMENT '作成日時',
  `updated_at` datetime NOT NULL DEFAULT CURRENT_TIMESTAMP COMMENT '更新日時',
  `deleted_at` datetime DEFAULT NULL COMMENT '削除日時',
  PRIMARY KEY (`id`),
  KEY `events_clinic_id_foreign` (`clinic_id`),
  KEY `events_group_id_foreign` (`group_id`),
  KEY `events_employee_id_foreign` (`employee_id`),
  CONSTRAINT `events_clinic_id_foreign` FOREIGN KEY (`clinic_id`) REFERENCES `clinics` (`id`),
  CONSTRAINT `events_employee_id_foreign` FOREIGN KEY (`employee_id`) REFERENCES `employees` (`id`),
  CONSTRAINT `events_group_id_foreign` FOREIGN KEY (`group_id`) REFERENCES `event_group_sequences` (`id`)
) ENGINE=InnoDB AUTO_INCREMENT=13 DEFAULT CHARSET=utf8mb4 COLLATE=utf8mb4_unicode_ci;

--
-- Dumping data for table `events`
--

INSERT INTO `events` (`id`, `group_id`, `clinic_id`, `title`, `explanation`, `start_at`, `end_at`, `is_all_day`, `is_designated_clinic`, `is_domestic_dentistry`, `is_domestic_veterinary`, `is_domestic_medical`, `is_domestic_others`, `is_oversea`, `oversea_country_id`, `is_oversea_other`, `is_registered_by_clinic`, `is_attached_file`, `is_video_chat`, `is_maintenance`, `target_clinic_id`, `employee_id`, `repair_request_id`, `created_at`, `updated_at`, `deleted_at`) VALUES (1,1,31,'打ち合わせ','<p>テストです、</p>','2024-01-30 16:00:00','2024-01-30 17:00:00',0,1,0,0,0,0,0,NULL,0,1,0,0,0,'31',NULL,NULL,'2024-01-27 21:07:01','2024-01-27 21:07:01',NULL),(2,2,31,'あいうえお','<p>テストです。</p>','2024-01-27 21:30:00','2024-01-27 22:30:00',0,1,0,0,0,0,0,NULL,0,0,0,0,0,'31',NULL,NULL,'2024-01-27 21:28:53','2024-01-27 21:28:53',NULL),(3,3,31,'あいうえおあいうえおあいうえおあいうえおあいうえおあいうえおあいうえおあいうえおあいうえおあいうえおあいうえおあいうえおあいうえお','<p>テストです。</p><p>テストです。</p>','2024-01-30 20:30:00','2024-02-01 02:30:00',0,1,0,0,0,0,0,NULL,0,0,0,0,0,'31',1,NULL,'2024-01-27 21:34:54','2024-02-20 08:36:35',NULL),(4,4,31,'タイトル','<p><br></p>','2024-01-30 22:30:00','2024-01-30 23:00:00',0,1,0,0,0,0,0,NULL,0,1,0,0,0,'31',NULL,NULL,'2024-01-27 21:35:54','2024-01-27 21:35:54',NULL),(5,5,34,'越権テスト',NULL,'2024-01-29 15:30:00','2024-01-29 16:30:00',0,1,0,0,0,0,0,NULL,0,0,0,0,0,'34',NULL,NULL,'2024-01-27 22:25:57','2024-01-27 22:25:57',NULL),(6,6,31,'テストです','<p>あいうえお</p>','2024-02-20 08:40:00','2024-02-20 09:40:00',0,1,0,0,0,0,0,NULL,0,0,0,1,0,'31',1,NULL,'2024-02-20 08:43:27','2024-02-20 08:43:27',NULL),(7,7,31,'あいうえお','<p>あああ</p>','2024-02-20 10:30:00','2024-02-20 10:50:00',0,1,0,0,0,0,0,NULL,0,1,0,0,0,'31',NULL,NULL,'2024-02-20 08:48:54','2024-02-20 08:48:54',NULL),(8,8,34,'あああ','<p>ああ</p>','2024-03-26 10:00:00','2024-03-26 11:00:00',0,1,0,0,0,0,0,NULL,0,0,0,0,0,'34',1,NULL,'2024-03-26 11:00:12','2024-03-26 11:00:12',NULL),(9,9,31,'テストです','<p>いくぜ</p><p><a href=\"https://meet.google.com/vrx-kjvc-qkh\" target=\"_blank\">google</a></p>','2024-04-11 13:00:00','2024-04-11 14:00:00',0,1,0,0,0,0,0,NULL,0,0,0,0,0,'31',1,NULL,'2024-04-10 03:01:17','2024-04-12 16:14:57',NULL),(10,10,31,'テストです','<p>あいうえお</p>','2024-04-14 16:00:00','2024-04-14 17:00:00',0,1,0,0,0,0,0,NULL,0,0,0,0,0,'31',1,NULL,'2024-04-13 16:04:34','2024-04-13 16:04:34',NULL),(11,11,31,'修理訪問',NULL,'2024-06-02 13:30:00','2024-06-02 14:30:00',0,1,0,0,0,0,0,NULL,0,0,0,0,0,'31',1,NULL,'2024-06-02 13:33:59','2024-06-03 09:32:37',NULL),(12,14,31,'現場修理','<p>現場修理<br></p>','2024-06-04 12:30:00','2024-06-04 13:30:00',0,1,0,0,0,0,0,NULL,0,0,0,0,0,'31',1,'97','2024-06-03 12:31:09','2024-06-03 12:31:09',NULL);

--
-- Table structure for table `failed_jobs`
--

CREATE TABLE `failed_jobs` (
  `id` bigint unsigned NOT NULL AUTO_INCREMENT,
  `uuid` varchar(255) CHARACTER SET utf8mb4 COLLATE utf8mb4_unicode_ci NOT NULL,
  `connection` text CHARACTER SET utf8mb4 COLLATE utf8mb4_unicode_ci NOT NULL,
  `queue` text CHARACTER SET utf8mb4 COLLATE utf8mb4_unicode_ci NOT NULL,
  `payload` longtext CHARACTER SET utf8mb4 COLLATE utf8mb4_unicode_ci NOT NULL,
  `exception` longtext CHARACTER SET utf8mb4 COLLATE utf8mb4_unicode_ci NOT NULL,
  `failed_at` timestamp NOT NULL DEFAULT CURRENT_TIMESTAMP,
  PRIMARY KEY (`id`),
  UNIQUE KEY `failed_jobs_uuid_unique` (`uuid`)
) ENGINE=InnoDB DEFAULT CHARSET=utf8mb4 COLLATE=utf8mb4_unicode_ci;

--
-- Dumping data for table `failed_jobs`
--


--
-- Table structure for table `failure_handlings`
--

CREATE TABLE `failure_handlings` (
  `id` int unsigned NOT NULL AUTO_INCREMENT COMMENT 'ID',
  `failure_id` int unsigned NOT NULL COMMENT '故障内容マスタID',
  `handling` varchar(255) CHARACTER SET utf8mb4 COLLATE utf8mb4_unicode_ci NOT NULL COMMENT '対応方法',
  `handling_manual_ja_file_id` bigint unsigned NOT NULL COMMENT '対応マニュアル ファイルID',
  `created_at` datetime NOT NULL DEFAULT CURRENT_TIMESTAMP COMMENT '作成日時',
  `updated_at` datetime NOT NULL DEFAULT CURRENT_TIMESTAMP ON UPDATE CURRENT_TIMESTAMP COMMENT '更新日時',
  `deleted_at` datetime DEFAULT NULL COMMENT '削除日時',
  PRIMARY KEY (`id`),
  KEY `failure_handlings_failure_id_foreign` (`failure_id`),
  KEY `failure_handlings_handling_manual_ja_file_id_foreign` (`handling_manual_ja_file_id`),
  CONSTRAINT `failure_handlings_failure_id_foreign` FOREIGN KEY (`failure_id`) REFERENCES `failures` (`id`),
  CONSTRAINT `failure_handlings_handling_manual_ja_file_id_foreign` FOREIGN KEY (`handling_manual_ja_file_id`) REFERENCES `files` (`id`)
) ENGINE=InnoDB AUTO_INCREMENT=31 DEFAULT CHARSET=utf8mb4 COLLATE=utf8mb4_unicode_ci;

--
-- Dumping data for table `failure_handlings`
--

INSERT INTO `failure_handlings` VALUES (1,182,'ハードウェアの問題を解決するために、専門家に相談する。',37,'2023-07-02 12:40:51','2023-07-02 12:40:51',NULL),(2,341,'アップグレード修理',38,'2023-07-02 12:40:51','2023-07-02 12:40:51',NULL),(3,63,'ウイルススキャンを実行する。',36,'2023-07-02 12:40:51','2023-07-02 12:40:51',NULL),(4,86,'クリーンルームの利用',9,'2023-07-02 12:40:51','2023-07-02 12:40:51',NULL),(5,148,'代替機器の提供',26,'2023-07-02 12:40:51','2023-07-02 12:40:51',NULL),(6,270,'データのバックアップ',8,'2023-07-02 12:40:51','2023-07-02 12:40:51',NULL),(7,60,'コンピュータをクリーンブート状態にして、不必要なアプリケーションやサービスを無効にする。',6,'2023-07-02 12:40:51','2023-07-02 12:40:51',NULL),(8,23,'トラブルシューティング',53,'2023-07-02 12:40:51','2023-07-02 12:40:51',NULL),(9,232,'トレーニング/サポート',23,'2023-07-02 12:40:51','2023-07-02 12:40:51',NULL),(10,78,'故障状況の確認',5,'2023-07-02 12:40:51','2023-07-02 12:40:51',NULL),(11,112,'知識共有',41,'2023-07-02 12:40:51','2023-07-02 12:40:51',NULL),(12,303,'予測保全',36,'2023-07-02 12:40:51','2023-07-02 12:40:51',NULL),(13,358,'予防保全',52,'2023-07-02 12:40:51','2023-07-02 12:40:51',NULL),(14,224,'デバイスドライバを更新する。',48,'2023-07-02 12:40:51','2023-07-02 12:40:51',NULL),(15,278,'故障原因の特定',18,'2023-07-02 12:40:51','2023-07-02 12:40:51',NULL),(16,40,'交換プログラム',44,'2023-07-02 12:40:51','2023-07-02 12:40:51',NULL),(17,277,'新しいハードウェアを購入して、古いハードウェアを交換する。',2,'2023-07-02 12:40:51','2023-07-02 12:40:51',NULL),(18,309,'ハードウェアの接続を確認する。',27,'2023-07-02 12:40:51','2023-07-02 12:40:51',NULL),(19,167,'カスタマイズ修理',15,'2023-07-02 12:40:51','2023-07-02 12:40:51',NULL),(20,213,'予備機器の準備',4,'2023-07-02 12:40:51','2023-07-02 12:40:51',NULL),(21,92,'ソフトウェアの再インストールや更新を行う。',52,'2023-07-02 12:40:51','2023-07-02 12:40:51',NULL),(22,314,'検証/検査修理',52,'2023-07-02 12:40:51','2023-07-02 12:40:51',NULL),(23,113,'予防保全の強化',26,'2023-07-02 12:40:51','2023-07-02 12:40:51',NULL),(24,334,'緊急対応',52,'2023-07-02 12:40:51','2023-07-02 12:40:51',NULL),(25,81,'BIOSの設定をリセットする。',37,'2023-07-02 12:40:51','2023-07-02 12:40:51',NULL),(26,330,'リスク評価',49,'2023-07-02 12:40:51','2023-07-02 12:40:51',NULL),(27,201,'パーツ在庫の確保',14,'2023-07-02 12:40:51','2023-07-02 12:40:51',NULL),(28,296,'セーフモードで起動して問題を診断する。',6,'2023-07-02 12:40:51','2023-07-02 12:40:51',NULL),(29,25,'統計分析',37,'2023-07-02 12:40:51','2023-07-02 12:40:51',NULL),(30,229,'修理対応',14,'2023-07-02 12:40:51','2023-07-02 12:40:51',NULL);

--
-- Table structure for table `failures`
--

CREATE TABLE `failures` (
  `id` int unsigned NOT NULL AUTO_INCREMENT COMMENT 'ID',
  `equipment_id` int unsigned NOT NULL COMMENT '機器マスタID',
  `equipment_type_id` int unsigned DEFAULT NULL COMMENT '型式マスタID',
  `detail` varchar(255) CHARACTER SET utf8mb4 COLLATE utf8mb4_unicode_ci NOT NULL COMMENT '故障内容',
  `detail_en` varchar(255) CHARACTER SET utf8mb4 COLLATE utf8mb4_unicode_ci NOT NULL COMMENT '故障内容(英語)',
  `flowchart_ja_file_id` bigint unsigned DEFAULT NULL COMMENT '故障フローチャート（日本語）ファイルID',
  `flowchart_en_file_id` bigint unsigned DEFAULT NULL COMMENT '故障フローチャート（英語）ファイルID',
  `standard_repair_price` int DEFAULT NULL COMMENT '標準修理価格',
  `created_at` datetime NOT NULL DEFAULT CURRENT_TIMESTAMP COMMENT '作成日時',
  `updated_at` datetime NOT NULL DEFAULT CURRENT_TIMESTAMP ON UPDATE CURRENT_TIMESTAMP COMMENT '更新日時',
  `deleted_at` datetime DEFAULT NULL COMMENT '削除日時',
  PRIMARY KEY (`id`),
  KEY `failures_equipment_id_foreign` (`equipment_id`),
  KEY `failures_equipment_type_id_foreign` (`equipment_type_id`),
  KEY `failures_flowchart_en_file_id_foreign` (`flowchart_en_file_id`),
  KEY `failures_flowchart_ja_file_id_foreign` (`flowchart_ja_file_id`),
  CONSTRAINT `failures_equipment_id_foreign` FOREIGN KEY (`equipment_id`) REFERENCES `equipments` (`id`),
  CONSTRAINT `failures_equipment_type_id_foreign` FOREIGN KEY (`equipment_type_id`) REFERENCES `equipment_types` (`id`),
  CONSTRAINT `failures_flowchart_en_file_id_foreign` FOREIGN KEY (`flowchart_en_file_id`) REFERENCES `files` (`id`),
  CONSTRAINT `failures_flowchart_ja_file_id_foreign` FOREIGN KEY (`flowchart_ja_file_id`) REFERENCES `files` (`id`)
) ENGINE=InnoDB AUTO_INCREMENT=10000 DEFAULT CHARSET=utf8mb4 COLLATE=utf8mb4_unicode_ci;

--
-- Dumping data for table `failures`
--

INSERT INTO `failures` VALUES (1,1,11,'回転がおかしい・バーが抜ける','Rotation failure / bar drop off',NULL,NULL,34500,'2023-07-14 22:44:40','2023-11-11 14:25:01',NULL),(2,1,12,'回転がおかしい・バーが抜ける','Rotation failure / bar drop off',1,1,34500,'2023-07-14 22:44:40','2023-11-11 14:25:01',NULL),(3,1,11,'水の出が悪い','Insufficient water supply',1,1,43500,'2023-07-14 22:44:40','2023-11-11 14:25:01',NULL),(4,1,11,'上蓋が押せない','The top cover cannot be pushed.',1,1,43500,'2023-07-14 22:44:40','2023-11-11 14:25:01',NULL),(6,1,1,'水の出が悪い','Insufficient water supply',1,1,43500,'2023-07-14 22:44:40','2023-11-11 14:25:01',NULL),(7,1,1,'上蓋が押せない','The top cover cannot be pushed.',1,1,43500,'2023-07-14 22:44:40','2023-11-11 14:25:01',NULL),(8,1,13,'回転がおかしい・バーが抜ける','Rotation failure / bar drop off',1,1,40500,'2023-07-14 22:44:40','2023-11-11 14:25:01',NULL),(9,1,13,'上蓋が押せない','The top cover cannot be pushed.',1,1,49500,'2023-07-14 22:44:40','2023-11-11 14:25:01',NULL),(10,1,14,'回転がおかしい・バーが抜ける','Rotation failure / bar drop off',1,1,47000,'2023-07-14 22:44:40','2023-11-11 14:25:01',NULL),(11,1,14,'水の出が悪い','Insufficient water supply',1,1,56000,'2023-07-14 22:44:40','2023-11-11 14:25:01',NULL),(12,1,14,'上蓋が押せない','The top cover cannot be pushed.',1,1,56000,'2023-07-14 22:44:40','2023-11-11 14:25:01',NULL),(13,1,15,'回転がおかしい・バーが抜ける','Rotation failure / bar drop off',1,1,47000,'2023-07-14 22:44:40','2023-11-11 14:25:01',NULL),(14,1,15,'水の出が悪い','Insufficient water supply',1,1,56000,'2023-07-14 22:44:40','2023-11-11 14:25:01',NULL),(15,1,15,'上蓋が押せない','The top cover cannot be pushed.',1,1,56000,'2023-07-14 22:44:40','2023-11-11 14:25:01',NULL),(16,1,16,'回転がおかしい・バーが抜ける','Rotation failure / bar drop off',1,1,34500,'2023-07-14 22:44:40','2023-11-11 14:25:01',NULL),(17,1,16,'水の出が悪い','Insufficient water supply',1,1,43500,'2023-07-14 22:44:40','2023-11-11 14:25:01',NULL),(18,1,16,'上蓋が押せない','The top cover cannot be pushed.',1,1,43500,'2023-07-14 22:44:40','2023-11-11 14:25:01',NULL),(19,1,17,'回転がおかしい・バーが抜ける','Rotation failure / bar drop off',1,1,34500,'2023-07-14 22:44:40','2023-11-11 14:25:01',NULL),(20,1,17,'水の出が悪い','Insufficient water supply',1,1,43500,'2023-07-14 22:44:40','2023-11-11 14:25:01',NULL),(21,1,17,'上蓋が押せない','The top cover cannot be pushed.',1,1,43500,'2023-07-14 22:44:40','2023-11-11 14:25:01',NULL),(22,1,20,'回転がおかしい・バーが抜ける','Rotation failure / bar drop off',1,1,34500,'2023-07-14 22:44:40','2023-11-11 14:25:01',NULL),(23,1,20,'水の出が悪い','Insufficient water supply',1,1,43500,'2023-07-14 22:44:40','2023-11-11 14:25:01',NULL),(24,1,20,'上蓋が押せない','The top cover cannot be pushed.',1,1,43500,'2023-07-14 22:44:40','2023-11-11 14:25:01',NULL),(26,1,18,'回転がおかしい・バーが抜ける','Rotation failure / bar drop off',1,1,47000,'2023-07-14 22:44:40','2023-11-11 14:25:01',NULL),(27,1,18,'水の出が悪い','Insufficient water supply',1,1,56000,'2023-07-14 22:44:40','2023-11-11 14:25:01',NULL),(28,1,18,'上蓋が押せない','The top cover cannot be pushed.',1,1,56000,'2023-07-14 22:44:40','2023-11-11 14:25:01',NULL),(29,1,19,'回転がおかしい・バーが抜ける','Rotation failure / bar drop off',1,1,47000,'2023-07-14 22:44:40','2023-11-11 14:25:01',NULL),(30,1,19,'水の出が悪い','Insufficient water supply',1,1,56000,'2023-07-14 22:44:40','2023-11-11 14:25:01',NULL),(31,1,19,'上蓋が押せない','The top cover cannot be pushed.',1,1,56000,'2023-07-14 22:44:40','2023-11-11 14:25:01',NULL),(32,1,21,'回転がおかしい・バーが抜ける','Rotation failure / bar drop off',1,1,47000,'2023-07-14 22:44:40','2023-11-11 14:25:01',NULL),(33,1,21,'上蓋が押せない','The top cover cannot be pushed.',1,1,56000,'2023-07-14 22:44:40','2023-11-11 14:25:01',NULL),(35,1,22,'回転がおかしい・バーが抜ける','Rotation failure / bar drop off',1,1,47000,'2023-07-14 22:44:40','2023-11-11 14:25:01',NULL),(36,1,22,'上蓋が押せない','The top cover cannot be pushed.',1,1,56000,'2023-07-14 22:44:40','2023-11-11 14:25:01',NULL),(38,1,23,'回転がおかしい・バーが抜ける','Rotation failure / bar drop off',1,1,34500,'2023-07-14 22:44:40','2023-11-11 14:25:01',NULL),(39,1,23,'水の出が悪い','Insufficient water supply',1,1,43500,'2023-07-14 22:44:40','2023-11-11 14:25:01',NULL),(40,1,23,'上蓋が押せない','The top cover cannot be pushed.',1,1,43500,'2023-07-14 22:44:40','2023-11-11 14:25:01',NULL),(41,1,23,'ライトが暗い','Dark light',1,1,56000,'2023-07-14 22:44:40','2023-11-11 14:25:01',NULL),(43,1,24,'回転がおかしい・バーが抜ける','Rotation failure / bar drop off',1,1,34500,'2023-07-14 22:44:40','2023-11-11 14:25:01',NULL),(44,1,24,'水の出が悪い','Insufficient water supply',1,1,43500,'2023-07-14 22:44:40','2023-11-11 14:25:01',NULL),(45,1,24,'上蓋が押せない','The top cover cannot be pushed.',1,1,43500,'2023-07-14 22:44:40','2023-11-11 14:25:01',NULL),(46,1,24,'ライトが暗い','Dark light',1,1,56000,'2023-07-14 22:44:40','2023-11-11 14:25:01',NULL),(48,1,248,'回転がおかしい・バーが抜ける','Rotation failure / bar drop off',1,1,47000,'2023-07-14 22:44:40','2023-11-11 14:25:01',NULL),(49,1,248,'水の出が悪い','Insufficient water supply',1,1,56000,'2023-07-14 22:44:40','2023-11-11 14:25:01',NULL),(50,1,248,'上蓋が押せない','The top cover cannot be pushed.',1,1,56000,'2023-07-14 22:44:40','2023-11-11 14:25:01',NULL),(51,1,248,'ライトが暗い','Dark light',1,1,68500,'2023-07-14 22:44:40','2023-11-11 14:25:01',NULL),(53,1,25,'回転がおかしい・バーが抜ける','Rotation failure / bar drop off',1,1,47000,'2023-07-14 22:44:40','2023-11-11 14:25:01',NULL),(54,1,25,'水の出が悪い','Insufficient water supply',1,1,56000,'2023-07-14 22:44:40','2023-11-11 14:25:01',NULL),(55,1,25,'上蓋が押せない','The top cover cannot be pushed.',1,1,56000,'2023-07-14 22:44:40','2023-11-11 14:25:01',NULL),(56,1,25,'ライトが暗い','Dark light',1,1,68500,'2023-07-14 22:44:40','2023-11-11 14:25:01',NULL),(58,1,1,'回転がおかしい・バーがぶれる','Rotation failure / bar wobbling',1,1,51500,'2023-07-14 22:44:40','2023-11-11 14:25:01',NULL),(61,1,2,'回転がおかしい・バーが抜ける','Rotation failure / bar drop off',1,1,51500,'2023-07-14 22:44:40','2023-11-11 14:25:01',NULL),(62,1,2,'水の出が悪い','Insufficient water supply',1,1,66200,'2023-07-14 22:44:40','2023-11-11 14:25:01',NULL),(63,1,2,'上蓋が押せない','The top cover cannot be pushed.',1,1,66200,'2023-07-14 22:44:40','2023-11-11 14:25:01',NULL),(64,1,3,'回転がおかしい・バーが抜ける','Rotation failure / bar drop off',1,1,51500,'2023-07-14 22:44:40','2023-11-11 14:25:01',NULL),(65,1,3,'水の出が悪い','Insufficient water supply',1,1,66200,'2023-07-14 22:44:40','2023-11-11 14:25:01',NULL),(66,1,3,'上蓋が押せない','The top cover cannot be pushed.',1,1,66200,'2023-07-14 22:44:40','2023-11-11 14:25:01',NULL),(67,1,4,'回転がおかしい・バーが抜ける','Rotation failure / bar drop off',1,1,51500,'2023-07-14 22:44:40','2023-11-11 14:25:01',NULL),(68,1,4,'水の出が悪い','Insufficient water supply',1,1,66200,'2023-07-14 22:44:40','2023-11-11 14:25:01',NULL),(69,1,4,'上蓋が押せない','The top cover cannot be pushed.',1,1,66200,'2023-07-14 22:44:40','2023-11-11 14:25:01',NULL),(70,1,5,'回転がおかしい・バーが抜ける','Rotation failure / bar drop off',1,1,51500,'2023-07-14 22:44:40','2023-11-11 14:25:01',NULL),(71,1,5,'水の出が悪い','Insufficient water supply',1,1,66200,'2023-07-14 22:44:40','2023-11-11 14:25:01',NULL),(72,1,5,'上蓋が押せない','The top cover cannot be pushed.',1,1,66200,'2023-07-14 22:44:40','2023-11-11 14:25:01',NULL),(73,1,6,'回転がおかしい・バーが抜ける','Rotation failure / bar drop off',1,1,51500,'2023-07-14 22:44:40','2023-11-11 14:25:01',NULL),(74,1,6,'水の出が悪い','Insufficient water supply',1,1,66200,'2023-07-14 22:44:40','2023-11-11 14:25:01',NULL),(75,1,6,'上蓋が押せない','The top cover cannot be pushed.',1,1,66200,'2023-07-14 22:44:40','2023-11-11 14:25:01',NULL),(76,1,7,'回転がおかしい・バーが抜ける','Rotation failure / bar drop off',1,1,51500,'2023-07-14 22:44:40','2023-11-11 14:25:01',NULL),(77,1,7,'水の出が悪い','Insufficient water supply',1,1,66200,'2023-07-14 22:44:40','2023-11-11 14:25:01',NULL),(78,1,7,'上蓋が押せない','The top cover cannot be pushed.',1,1,66200,'2023-07-14 22:44:40','2023-11-11 14:25:01',NULL),(79,1,8,'回転がおかしい・バーが抜ける','Rotation failure / bar drop off',1,1,51500,'2023-07-14 22:44:40','2023-11-11 14:25:01',NULL),(80,1,8,'水の出が悪い','Insufficient water supply',1,1,66200,'2023-07-14 22:44:40','2023-11-11 14:25:01',NULL),(81,1,8,'上蓋が押せない','The top cover cannot be pushed.',1,1,66200,'2023-07-14 22:44:40','2023-11-11 14:25:01',NULL),(82,1,9,'回転がおかしい・バーが抜ける','Rotation failure / bar drop off',1,1,51500,'2023-07-14 22:44:40','2023-11-11 14:25:01',NULL),(83,1,9,'上蓋が押せない','The top cover cannot be pushed.',1,1,66200,'2023-07-14 22:44:40','2023-11-11 14:25:01',NULL),(84,1,10,'回転がおかしい・バーが抜ける','Rotation failure / bar drop off',1,1,51500,'2023-07-14 22:44:40','2023-11-11 14:25:01',NULL),(85,1,10,'上蓋が押せない','The top cover cannot be pushed.',1,1,66200,'2023-07-14 22:44:40','2023-11-11 14:25:01',NULL),(86,2,26,'回転がおかしい・回転しない','Rotation failure, no rotation',NULL,NULL,66600,'2023-07-14 22:44:40','2023-11-11 14:25:01',NULL),(87,2,26,'ランプが点灯しない・点灯しない時がある','Lamp does not turn on / sometimes does not turn on.',NULL,NULL,28400,'2023-07-14 22:44:40','2023-11-11 14:25:01',NULL),(88,2,27,'回転がおかしい・回転しない','Rotation failure, no rotation',NULL,NULL,66600,'2023-07-14 22:44:40','2023-11-11 14:25:01',NULL),(89,2,27,'ランプが点灯しない・点灯しない時がある','Lamp does not turn on / sometimes does not turn on.',NULL,NULL,28400,'2023-07-14 22:44:40','2023-11-11 14:25:01',NULL),(90,2,28,'回転がおかしい・回転しない','Rotation failure, no rotation',NULL,NULL,66600,'2023-07-14 22:44:40','2023-11-11 14:25:01',NULL),(91,2,28,'ランプが点灯しない・点灯しない時がある','Lamp does not turn on / sometimes does not turn on.',NULL,NULL,28400,'2023-07-14 22:44:40','2023-11-11 14:25:01',NULL),(92,2,38,'回転がおかしい・回転しない','Rotation failure, no rotation',NULL,NULL,49850,'2023-07-14 22:44:40','2023-11-11 14:25:01',NULL),(93,2,38,'ランプが点灯しない・点灯しない時がある','Lamp does not turn on / sometimes does not turn on.',NULL,NULL,62400,'2023-07-14 22:44:40','2023-11-11 14:25:01',NULL),(94,2,38,'モータが空回りする','Motor rotates idly.',NULL,NULL,24850,'2023-07-14 22:44:40','2023-11-11 14:25:01',NULL),(95,2,38,'ハンドピースが抜けやすい','Handpiece falls out easily.',NULL,NULL,23100,'2023-07-14 22:44:40','2023-11-11 14:25:01',NULL),(96,2,38,'ハンドピースが外れない','Handpiece cannot be removed.',NULL,NULL,50000,'2023-07-14 22:44:40','2023-11-11 14:25:01',NULL),(97,2,37,'回転がおかしい・回転しない','Rotation failure, no rotation',NULL,NULL,49850,'2023-07-14 22:44:40','2023-11-11 14:25:01',NULL),(98,2,37,'ランプが点灯しない・点灯しない時がある','Lamp does not turn on / sometimes does not turn on.',NULL,NULL,62400,'2023-07-14 22:44:40','2023-11-11 14:25:01',NULL),(99,2,37,'モータが空回りする','Motor rotates idly.',NULL,NULL,24850,'2023-07-14 22:44:40','2023-11-11 14:25:01',NULL),(100,2,37,'ハンドピースが抜けやすい','Handpiece falls out easily.',NULL,NULL,23100,'2023-07-14 22:44:40','2023-11-11 14:25:01',NULL),(101,2,37,'ハンドピースが外れない','Handpiece cannot be removed.',NULL,NULL,50000,'2023-07-14 22:44:40','2023-11-11 14:25:01',NULL),(102,2,39,'回転がおかしい・回転しない','Rotation failure, no rotation',NULL,NULL,48750,'2023-07-14 22:44:40','2023-11-11 14:25:01',NULL),(103,2,39,'ランプが点灯しない・点灯しない時がある','Lamp does not turn on / sometimes does not turn on.',NULL,NULL,36300,'2023-07-14 22:44:40','2023-11-11 14:25:01',NULL),(104,2,39,'モータが空回りする','Motor rotates idly.',NULL,NULL,23750,'2023-07-14 22:44:40','2023-11-11 14:25:01',NULL),(105,2,39,'ハンドピースが抜けやすい','Handpiece falls out easily.',NULL,NULL,22000,'2023-07-14 22:44:40','2023-11-11 14:25:01',NULL),(106,2,39,'ハンドピースが外れない','Handpiece cannot be removed.',NULL,NULL,57500,'2023-07-14 22:44:40','2023-11-11 14:25:01',NULL),(107,2,41,'回転がおかしい','Rotation failure',NULL,NULL,101250,'2023-07-14 22:44:40','2023-11-11 14:25:01',NULL),(108,2,41,'モータが空回りする','Motor rotates idly.',NULL,NULL,57500,'2023-07-14 22:44:40','2023-11-11 14:25:01',NULL),(109,2,41,'コードが断線した','Cable disconnected',NULL,NULL,91250,'2023-07-14 22:44:40','2023-11-11 14:25:01',NULL),(110,2,42,'回転がおかしい','Rotation failure',NULL,NULL,101250,'2023-07-14 22:44:40','2023-11-11 14:25:01',NULL),(111,2,42,'モータが空回りする','Motor rotates idly.',NULL,NULL,51250,'2023-07-14 22:44:40','2023-11-11 14:25:01',NULL),(112,2,42,'コードが断線した','Cable disconnected',NULL,NULL,91250,'2023-07-14 22:44:40','2023-11-11 14:25:01',NULL),(113,2,34,'回転がおかしい','Rotation failure',NULL,NULL,60000,'2023-07-14 22:44:40','2023-11-11 14:25:01',NULL),(114,2,32,'回転がおかしい','Rotation failure',NULL,NULL,56600,'2023-07-14 22:44:40','2023-11-11 14:25:01',NULL),(115,2,33,'回転がおかしい','Rotation failure',NULL,NULL,56600,'2023-07-14 22:44:40','2023-11-11 14:25:01',NULL),(116,2,40,'回転がおかしい・トルクが弱い','Rotation failure / weak torque',NULL,NULL,39850,'2023-07-14 22:44:40','2023-11-11 14:25:01',NULL),(117,2,40,'ホースに接続できない','Cannot connect to the hose.',NULL,NULL,26100,'2023-07-14 22:44:40','2023-11-11 14:25:01',NULL),(118,2,40,'モータが空回りする','Motor rotates idly.',NULL,NULL,14850,'2023-07-14 22:44:40','2023-11-11 14:25:01',NULL),(119,2,40,'ハンドピースが抜けやすい','Handpiece falls out easily.',NULL,NULL,13100,'2023-07-14 22:44:40','2023-11-11 14:25:01',NULL),(120,2,40,'ハンドピースが外れない','Handpiece cannot be removed.',NULL,NULL,48600,'2023-07-14 22:44:40','2023-11-11 14:25:01',NULL),(121,3,49,'回転がおかしい・バーがぶれる','Rotation failure / bar wobbling',NULL,NULL,56000,'2023-07-14 22:44:40','2023-11-11 14:25:01',NULL),(122,3,47,'回転がおかしい・バーがぶれる','Rotation failure / bar wobbling',NULL,NULL,44450,'2023-07-14 22:44:40','2023-11-11 14:25:01',NULL),(123,3,44,'回転がおかしい・バーがぶれる','Rotation failure / bar wobbling',NULL,NULL,33500,'2023-07-14 22:44:40','2023-11-11 14:25:01',NULL),(124,3,51,'回転がおかしい・バーがぶれる','Rotation failure / bar wobbling',NULL,NULL,33500,'2023-07-14 22:44:40','2023-11-11 14:25:01',NULL),(125,3,53,'回転がおかしい・バーがぶれる','Rotation failure / bar wobbling',NULL,NULL,56300,'2023-07-14 22:44:40','2023-11-11 14:25:01',NULL),(128,4,70,'回転がおかしい・ぐらつく・止まる','Rotation failure/wobbling/stop',NULL,NULL,31250,'2023-07-14 22:44:40','2023-11-11 14:25:01',NULL),(129,4,66,'回転がおかしい・ぐらつく・止まる','Rotation failure/wobbling/stop',NULL,NULL,62500,'2023-07-14 22:44:40','2023-11-11 14:25:01',NULL),(130,4,66,'ヘッドが抜けない・入らない','Head cannot be removed/inserted.',NULL,NULL,16000,'2023-07-14 22:44:40','2023-11-11 14:25:01',NULL),(131,4,66,'水漏れが起きる・水が出ない','Water leakage / no water supply',NULL,NULL,38000,'2023-07-14 22:44:40','2023-11-11 14:25:01',NULL),(132,4,66,'ライトが暗い','Dark light',NULL,NULL,18000,'2023-07-14 22:44:40','2023-11-11 14:25:01',NULL),(133,4,66,'ハンドピースがロックされない','Handpiece cannot be locked.',NULL,NULL,11500,'2023-07-14 22:44:40','2023-11-11 14:25:01',NULL),(134,4,67,'回転がおかしい・ぐらつく・止まる','Rotation failure/wobbling/stop',NULL,NULL,69000,'2023-07-14 22:44:40','2023-11-11 14:25:01',NULL),(135,4,67,'ヘッドが抜けない・入らない','Head cannot be removed/inserted.',NULL,NULL,16000,'2023-07-14 22:44:40','2023-11-11 14:25:01',NULL),(136,4,67,'水漏れが起きる・水が出ない','Water leakage / no water supply',NULL,NULL,38000,'2023-07-14 22:44:40','2023-11-11 14:25:01',NULL),(137,4,67,'ライトが暗い','Dark light',NULL,NULL,18000,'2023-07-14 22:44:40','2023-11-11 14:25:01',NULL),(138,4,67,'ハンドピースがロックされない','Handpiece cannot be locked.',NULL,NULL,11500,'2023-07-14 22:44:40','2023-11-11 14:25:01',NULL),(139,4,63,'回転がおかしい・ぐらつく・止まる','Rotation failure/wobbling/stop',NULL,NULL,65000,'2023-07-14 22:44:40','2023-11-11 14:25:01',NULL),(140,4,63,'ヘッドが抜けない・入らない','Head cannot be removed/inserted.',NULL,NULL,16000,'2023-07-14 22:44:40','2023-11-11 14:25:01',NULL),(141,4,63,'水漏れが起きる・水が出ない','Water leakage / no water supply',NULL,NULL,38000,'2023-07-14 22:44:40','2023-11-11 14:25:01',NULL),(142,4,63,'ライトが暗い','Dark light',NULL,NULL,23000,'2023-07-14 22:44:40','2023-11-11 14:25:01',NULL),(143,4,64,'回転がおかしい・ぐらつく・止まる','Rotation failure/wobbling/stop',NULL,NULL,59000,'2023-07-14 22:44:40','2023-11-11 14:25:01',NULL),(144,4,64,'ヘッドが抜けない・入らない','Head cannot be removed/inserted.',NULL,NULL,16000,'2023-07-14 22:44:40','2023-11-11 14:25:01',NULL),(145,4,64,'水漏れが起きる・水が出ない','Water leakage / no water supply',NULL,NULL,38000,'2023-07-14 22:44:40','2023-11-11 14:25:01',NULL),(146,4,64,'ライトが暗い','Dark light',NULL,NULL,23000,'2023-07-14 22:44:40','2023-11-11 14:25:01',NULL),(147,4,65,'回転がおかしい・ぐらつく・止まる','Rotation failure/wobbling/stop',NULL,NULL,59000,'2023-07-14 22:44:40','2023-11-11 14:25:01',NULL),(148,4,65,'ヘッドが抜けない・入らない','Head cannot be removed/inserted.',NULL,NULL,16000,'2023-07-14 22:44:40','2023-11-11 14:25:01',NULL),(149,4,65,'水漏れが起きる・水が出ない','Water leakage / no water supply',NULL,NULL,38000,'2023-07-14 22:44:40','2023-11-11 14:25:01',NULL),(150,4,65,'ライトが暗い','Dark light',NULL,NULL,23000,'2023-07-14 22:44:40','2023-11-11 14:25:01',NULL),(151,5,71,'回転がおかしい・バーが抜けない','Rotation failure / bar hard to pull off',NULL,NULL,23500,'2023-07-14 22:44:40','2023-11-11 14:25:01',NULL),(152,5,71,'回転しない','No rotation',NULL,NULL,19000,'2023-07-14 22:44:40','2023-11-11 14:25:01',NULL),(153,5,72,'回転がおかしい・バーが抜けない','Rotation failure / bar hard to pull off',NULL,NULL,28100,'2023-07-14 22:44:40','2023-11-11 14:25:01',NULL),(154,5,72,'回転しない','No rotation',NULL,NULL,19000,'2023-07-14 22:44:40','2023-11-11 14:25:01',NULL),(155,5,73,'回転がおかしい・バーが抜けない','Rotation failure / bar hard to pull off',NULL,NULL,28100,'2023-07-14 22:44:40','2023-11-11 14:25:01',NULL),(156,5,73,'回転しない','No rotation',NULL,NULL,19000,'2023-07-14 22:44:40','2023-11-11 14:25:01',NULL),(157,5,74,'回転がおかしい・バーが抜けない','Rotation failure / bar hard to pull off',NULL,NULL,56000,'2023-07-14 22:44:40','2023-11-11 14:25:01',NULL),(158,5,74,'バーが取り付けられない','Bar cannot be mounted.',NULL,NULL,31000,'2023-07-14 22:44:40','2023-11-11 14:25:01',NULL),(159,6,54,'動作がおかしい','Malfunction',NULL,NULL,36000,'2023-07-14 22:44:40','2023-11-11 14:25:01',NULL),(160,6,54,'刃を付けられない','Blade cannot be attached.',NULL,NULL,40750,'2023-07-14 22:44:40','2023-11-11 14:25:01',NULL),(161,6,56,'動作がおかしい','Malfunction',NULL,NULL,137000,'2023-07-14 22:44:40','2023-11-11 14:25:01',NULL),(162,6,57,'動作がおかしい','Malfunction',NULL,NULL,137000,'2023-07-14 22:44:40','2023-11-11 14:25:01',NULL),(163,6,85,'回転がおかしい','Rotation failure',NULL,NULL,57500,'2023-07-14 22:44:40','2023-11-11 14:25:01',NULL),(164,6,85,'注水の動作がおかしい','Abnormal water supply',NULL,NULL,77500,'2023-07-14 22:44:40','2023-11-11 14:25:01',NULL),(165,6,86,'回転がおかしい','Rotation failure',NULL,NULL,87500,'2023-07-14 22:44:40','2023-11-11 14:25:01',NULL),(166,6,86,'注水の動作がおかしい','Abnormal water supply',NULL,NULL,100000,'2023-07-14 22:44:40','2023-11-11 14:25:01',NULL),(167,6,88,'回転がおかしい','Rotation failure',NULL,NULL,0,'2023-07-14 22:44:40','2023-11-11 14:25:01',NULL),(168,6,88,'注水の動作がおかしい','Abnormal water supply',NULL,NULL,0,'2023-07-14 22:44:40','2023-11-11 14:25:01',NULL),(169,6,83,'回転がおかしい','Rotation failure',NULL,NULL,80000,'2023-07-14 22:44:40','2023-11-11 14:25:01',NULL),(170,6,84,'回転がおかしい','Rotation failure',NULL,NULL,80000,'2023-07-14 22:44:40','2023-11-11 14:25:01',NULL),(171,7,97,'水漏れが起きる・エアーに水が混じる','Water leakage / water mixed with air',NULL,NULL,13750,'2023-07-14 22:44:40','2023-11-11 14:25:01',NULL),(172,7,97,'エアーが温まらない','Air not warmed',NULL,NULL,16250,'2023-07-14 22:44:40','2023-11-11 14:25:01',NULL),(173,7,97,'エアーが漏れる','Air leakage',NULL,NULL,13750,'2023-07-14 22:44:40','2023-11-11 14:25:01',NULL),(174,7,97,'ライトが点かない','Light does not turn on.',NULL,NULL,60000,'2023-07-14 22:44:40','2023-11-11 14:25:01',NULL),(175,7,98,'水漏れが起きる・エアーに水が混じる','Water leakage / water mixed with air',NULL,NULL,13750,'2023-07-14 22:44:40','2023-11-11 14:25:01',NULL),(176,7,98,'エアーが温まらない','Air not warmed',NULL,NULL,16250,'2023-07-14 22:44:40','2023-11-11 14:25:01',NULL),(177,7,98,'エアーが漏れる','Air leakage',NULL,NULL,13750,'2023-07-14 22:44:40','2023-11-11 14:25:01',NULL),(179,7,99,'水漏れが起きる・エアーに水が混じる','Water leakage / water mixed with air',NULL,NULL,13750,'2023-07-14 22:44:40','2023-11-11 14:25:01',NULL),(180,7,99,'エアーが温まらない','Air not warmed',NULL,NULL,16250,'2023-07-14 22:44:40','2023-11-11 14:25:01',NULL),(181,7,99,'エアーが漏れる','Air leakage',NULL,NULL,13750,'2023-07-14 22:44:40','2023-11-11 14:25:01',NULL),(183,7,100,'水漏れが起きる・エアーに水が混じる','Water leakage / water mixed with air',NULL,NULL,13750,'2023-07-14 22:44:40','2023-11-11 14:25:01',NULL),(184,7,100,'エアーが温まらない','Air not warmed',NULL,NULL,16250,'2023-07-14 22:44:40','2023-11-11 14:25:01',NULL),(185,7,100,'エアーが漏れる','Air leakage',NULL,NULL,13750,'2023-07-14 22:44:40','2023-11-11 14:25:01',NULL),(186,7,100,'ライトが点かない','Light does not turn on.',NULL,NULL,60000,'2023-07-14 22:44:40','2023-11-11 14:25:01',NULL),(187,7,101,'水漏れが起きる・エアーに水が混じる','Water leakage / water mixed with air',NULL,NULL,13750,'2023-07-14 22:44:40','2023-11-11 14:25:01',NULL),(188,7,101,'エアーが温まらない','Air not warmed',NULL,NULL,16250,'2023-07-14 22:44:40','2023-11-11 14:25:01',NULL),(189,7,101,'エアーが漏れる','Air leakage',NULL,NULL,13750,'2023-07-14 22:44:40','2023-11-11 14:25:01',NULL),(190,7,101,'ライトが点かない','Light does not turn on.',NULL,NULL,60000,'2023-07-14 22:44:40','2023-11-11 14:25:01',NULL),(191,7,102,'水漏れが起きる・エアーに水が混じる','Water leakage / water mixed with air',NULL,NULL,13750,'2023-07-14 22:44:40','2023-11-11 14:25:01',NULL),(192,7,102,'エアーが温まらない','Air not warmed',NULL,NULL,16250,'2023-07-14 22:44:40','2023-11-11 14:25:01',NULL),(193,7,102,'エアーが漏れる','Air leakage',NULL,NULL,13750,'2023-07-14 22:44:40','2023-11-11 14:25:01',NULL),(194,7,102,'ライトが点かない','Light does not turn on.',NULL,NULL,60000,'2023-07-14 22:44:40','2023-11-11 14:25:01',NULL),(195,7,103,'水漏れが起きる・エアーに水が混じる','Water leakage / water mixed with air',NULL,NULL,13750,'2023-07-14 22:44:40','2023-11-11 14:25:01',NULL),(196,7,103,'エアーが温まらない','Air not warmed',NULL,NULL,16250,'2023-07-14 22:44:40','2023-11-11 14:25:01',NULL),(197,7,103,'エアーが漏れる','Air leakage',NULL,NULL,13750,'2023-07-14 22:44:40','2023-11-11 14:25:01',NULL),(199,8,109,'振動がしない・弱い','No/weak vibration',NULL,NULL,74250,'2023-07-14 22:44:40','2023-11-11 14:25:01',NULL),(200,8,109,'ピンが折れた','Broken pin',NULL,NULL,74250,'2023-07-14 22:44:40','2023-11-11 14:25:01',NULL),(201,8,109,'チップの取付ができない','Chip cannot be installed.',NULL,NULL,74250,'2023-07-14 22:44:40','2023-11-11 14:25:01',NULL),(202,8,110,'振動がしない・弱い','No/weak vibration',NULL,NULL,124050,'2023-07-14 22:44:40','2023-11-11 14:25:01',NULL),(203,8,110,'ピンが折れた','Broken pin',NULL,NULL,124050,'2023-07-14 22:44:40','2023-11-11 14:25:01',NULL),(204,8,110,'チップの取付ができない','Chip cannot be installed.',NULL,NULL,124050,'2023-07-14 22:44:40','2023-11-11 14:25:01',NULL),(205,10,119,'振動がおかしい・水が出ない・ライトが暗い','Abnormal vibration / no water supply / dark light',NULL,NULL,95000,'2023-07-14 22:44:40','2023-11-11 14:25:01',NULL),(206,10,119,'外ケースが破損した','Broken outer case',NULL,NULL,30700,'2023-07-14 22:44:40','2023-11-11 14:25:01',NULL),(212,10,120,'振動がおかしい・水が出ない','Abnormal vibration / no water supply',NULL,NULL,95000,'2023-07-14 22:44:40','2023-11-11 14:25:01',NULL),(213,10,120,'外ケースが破損した','Broken outer case',NULL,NULL,30700,'2023-07-14 22:44:40','2023-11-11 14:25:01',NULL),(214,10,120,'ライトが暗い','Dark light',NULL,NULL,38750,'2023-07-14 22:44:40','2023-11-11 14:25:01',NULL),(215,11,121,'パウダーが出ない','No powder supply',NULL,NULL,11750,'2023-07-14 22:44:40','2023-11-11 14:25:01',NULL),(216,11,121,'ノズルが外れない','Nozzle cannot be removed.',NULL,NULL,47550,'2023-07-14 22:44:40','2023-11-11 14:25:01',NULL),(222,11,122,'パウダーが出ない','No powder supply',NULL,NULL,11750,'2023-07-14 22:44:40','2023-11-11 14:25:01',NULL),(223,11,122,'パイプが折れた','Broken pipe',NULL,NULL,22500,'2023-07-14 22:44:40','2023-11-11 14:25:01',NULL),(224,11,122,'ノズルが外れない','Nozzle cannot be removed.',NULL,NULL,47550,'2023-07-14 22:44:40','2023-11-11 14:25:01',NULL),(225,12,123,'機器情報９　メモリー異常','Device information 9 Abnormal memory',NULL,NULL,25970,'2023-07-14 22:44:40','2023-11-11 14:25:01',NULL),(227,12,124,'機器情報１３　IC異常','Device information 13 Abnormal IC',NULL,NULL,25970,'2023-07-14 22:44:40','2023-11-11 14:25:01',NULL),(228,12,124,'機器情報１４　本体バッテリ消耗','Device information 14 Body battery drain',NULL,NULL,55400,'2023-07-14 22:44:40','2023-11-11 14:25:01',NULL),(229,12,125,'機器情報９　メモリー異常','Device information 9 Abnormal memory',NULL,NULL,35220,'2023-07-14 22:44:40','2023-11-11 14:25:01',NULL),(230,12,126,'機器情報９　メモリー異常','Device information 9 Abnormal memory',NULL,NULL,35220,'2023-07-14 22:44:40','2023-11-11 14:25:01',NULL),(232,12,128,'機器情報９　メモリー異常','Device information 9 Abnormal memory',NULL,NULL,35220,'2023-07-14 22:44:40','2023-11-11 14:25:01',NULL),(233,13,130,'ファイバーが短い・折れた・出力が弱い','Short/broken/low-output fiber',NULL,NULL,22500,'2023-07-14 22:44:40','2023-11-11 14:25:01',NULL),(234,13,131,'先端が詰まった・変形した・折れた','Clogged/deformed/broken tip',NULL,NULL,11750,'2023-07-14 22:44:40','2023-11-11 14:25:01',NULL),(235,13,216,'チップが折れた','Broken chip',NULL,NULL,51300,'2023-07-14 22:44:40','2023-11-11 14:25:01',NULL),(236,17,140,'電源が入らない','Cannot power on',NULL,NULL,16650,'2023-07-14 22:44:40','2023-11-11 14:25:01',NULL),(237,17,140,'動作しない','Not working',NULL,NULL,45850,'2023-07-14 22:44:40','2023-11-11 14:25:01',NULL),(238,18,147,'ポンプが動かない','Pump not working',NULL,NULL,68750,'2023-07-14 22:44:40','2023-11-11 14:25:01',NULL),(239,18,148,'ポンプが動かない','Pump not working',NULL,NULL,68750,'2023-07-14 22:44:40','2023-11-11 14:25:01',NULL),(240,18,147,'コントローラのコードが破れた','Broken controller cord',NULL,NULL,43750,'2023-07-14 22:44:40','2023-11-11 14:25:01',NULL),(241,18,148,'コントローラのコードが破れた','Broken controller cord',NULL,NULL,43750,'2023-07-14 22:44:40','2023-11-11 14:25:01',NULL),(242,19,156,'水の出が悪い','Insufficient water supply',NULL,NULL,52550,'2023-07-14 22:44:40','2023-11-11 14:25:01',NULL),(243,19,158,'水の出が悪い','Insufficient water supply',NULL,NULL,52550,'2023-07-14 22:44:40','2023-11-11 14:25:01',NULL),(244,19,159,'水の出が悪い','Insufficient water supply',NULL,NULL,35000,'2023-07-14 22:44:40','2023-11-11 14:25:01',NULL),(245,19,161,'水の出が悪い','Insufficient water supply',NULL,NULL,52550,'2023-07-14 22:44:40','2023-11-11 14:25:01',NULL),(246,19,162,'水の出が悪い','Insufficient water supply',NULL,NULL,52550,'2023-07-14 22:44:40','2023-11-11 14:25:01',NULL),(247,19,160,'水の出が悪い','Insufficient water supply',NULL,NULL,52550,'2023-07-14 22:44:40','2023-11-11 14:25:01',NULL),(248,20,167,'エラー2が表示される','Error 2 is displayed.',NULL,NULL,32800,'2023-07-14 22:44:40','2023-11-11 14:25:01',NULL),(249,20,167,'蓋から蒸気が漏れる','Vapor leakage from the lid',NULL,NULL,32800,'2023-07-14 22:44:40','2023-11-11 14:25:01',NULL),(250,20,167,'温度上昇時にエラーが出る','Error at increased temperature',NULL,NULL,32800,'2023-07-14 22:44:40','2023-11-11 14:25:01',NULL),(251,20,167,'カバー部分が破損した・ひびが入っている','Broken/cracked cover',NULL,NULL,32600,'2023-07-14 22:44:40','2023-11-11 14:25:01',NULL),(252,20,167,'音が出ない','No sound',NULL,NULL,31300,'2023-07-14 22:44:40','2023-11-11 14:25:01',NULL),(253,20,167,'エラー1・2が表示される','Error 1/2 is displayed.',NULL,NULL,54700,'2023-07-14 22:44:40','2023-11-11 14:25:01',NULL),(254,20,167,'圧力計の針の戻りが悪い','Pressure gauge needle does not return.',NULL,NULL,32300,'2023-07-14 22:44:40','2023-11-11 14:25:01',NULL),(255,20,168,'エラー2が表示される','Error 2 is displayed.',NULL,NULL,32800,'2023-07-14 22:44:40','2023-11-11 14:25:01',NULL),(256,20,168,'蓋から蒸気が漏れる','Vapor leakage from the lid',NULL,NULL,32800,'2023-07-14 22:44:40','2023-11-11 14:25:01',NULL),(257,20,168,'温度上昇時にエラーが出る','Error at increased temperature',NULL,NULL,32800,'2023-07-14 22:44:40','2023-11-11 14:25:01',NULL),(258,20,168,'エラー6が表示される','Error 6 is displayed.',NULL,NULL,30280,'2023-07-14 22:44:40','2023-11-11 14:25:01',NULL),(259,20,168,'フタロックが外れる','Lid unlocked',NULL,NULL,30280,'2023-07-14 22:44:40','2023-11-11 14:25:01',NULL),(260,20,168,'カバー部分が破損した・ひびが入っている','Broken/cracked cover',NULL,NULL,32600,'2023-07-14 22:44:40','2023-11-11 14:25:01',NULL),(261,20,168,'音が出ない','No sound',NULL,NULL,31300,'2023-07-14 22:44:40','2023-11-11 14:25:01',NULL),(262,20,168,'エラー1・2が表示される','Error 1/2 is displayed.',NULL,NULL,54700,'2023-07-14 22:44:40','2023-11-11 14:25:01',NULL),(263,20,168,'圧力計の針の戻りが悪い','Pressure gauge needle does not return.',NULL,NULL,32300,'2023-07-14 22:44:40','2023-11-11 14:25:01',NULL),(264,20,166,'電源が入らない','Cannot power on',NULL,NULL,31250,'2023-07-14 22:44:40','2023-11-11 14:25:01',NULL),(265,20,166,'エラー4が表示される','Error 4 is displayed.',NULL,NULL,51150,'2023-07-14 22:44:40','2023-11-11 14:25:01',NULL),(266,20,166,'蒸気が漏れる','Vapor leakage',NULL,NULL,36150,'2023-07-14 22:44:40','2023-11-11 14:25:01',NULL),(267,22,173,'測定ができない','Unmeasurable',NULL,NULL,56400,'2023-07-14 22:44:40','2023-11-11 14:25:01',NULL),(268,22,173,'プローブが戻らない','Probe does not return.',NULL,NULL,20400,'2023-07-14 22:44:40','2023-11-11 14:25:01',NULL),(269,22,174,'測定ができない','Unmeasurable',NULL,NULL,52500,'2023-07-14 22:44:40','2023-11-11 14:25:01',NULL),(270,22,175,'測定ができない','Unmeasurable',NULL,NULL,52500,'2023-07-14 22:44:40','2023-11-11 14:25:01',NULL),(271,23,176,'昇降しない','Does not rise/fall',NULL,NULL,25000,'2023-07-14 22:44:40','2023-11-11 14:25:01',NULL),(272,23,176,'リングが外れた','Ring removed',NULL,NULL,27500,'2023-07-14 22:44:40','2023-11-11 14:25:01',NULL),(273,23,176,'座板ががたつく','Seat plate wobbling',NULL,NULL,37500,'2023-07-14 22:44:40','2023-11-11 14:25:01',NULL),(274,23,176,'キャスターが破損した','Broken caster',NULL,NULL,13250,'2023-07-14 22:44:40','2023-11-11 14:25:01',NULL),(275,23,176,'レバーが破損した','Broken lever',NULL,NULL,17500,'2023-07-14 22:44:40','2023-11-11 14:25:01',NULL),(276,23,177,'昇降しない','Does not rise/fall',NULL,NULL,25000,'2023-07-14 22:44:40','2023-11-11 14:25:01',NULL),(277,23,177,'リングが外れた','Ring removed',NULL,NULL,27500,'2023-07-14 22:44:40','2023-11-11 14:25:01',NULL),(278,23,177,'座板ががたつく','Seat plate wobbling',NULL,NULL,37500,'2023-07-14 22:44:40','2023-11-11 14:25:01',NULL),(279,23,177,'キャスターが破損した','Broken caster',NULL,NULL,13250,'2023-07-14 22:44:40','2023-11-11 14:25:01',NULL),(280,23,177,'フットレバーが破損した','Broken foot lever',NULL,NULL,27500,'2023-07-14 22:44:40','2023-11-11 14:25:01',NULL),(281,23,177,'フットレバーキャップがない','No foot lever cap',NULL,NULL,12800,'2023-07-14 22:44:40','2023-11-11 14:25:01',NULL),(282,23,178,'昇降しない','Does not rise/fall',NULL,NULL,25000,'2023-07-14 22:44:40','2023-11-11 14:25:01',NULL),(283,24,181,'エアーが漏れる','Air leakage',NULL,NULL,43800,'2023-07-14 22:44:40','2023-11-11 14:25:01',NULL),(284,24,182,'エアーが漏れる','Air leakage',NULL,NULL,43800,'2023-07-14 22:44:40','2023-11-11 14:25:01',NULL),(285,24,183,'エアーが漏れる','Air leakage',NULL,NULL,43800,'2023-07-14 22:44:40','2023-11-11 14:25:01',NULL),(286,26,186,'点灯しない・暗い','Does not turn on/dark',NULL,NULL,7000,'2023-07-14 22:44:40','2023-11-11 14:25:01',NULL),(287,27,195,'外装が破損した','Broken exterior',NULL,NULL,62000,'2023-07-14 22:44:40','2023-11-11 14:25:01',NULL),(288,27,195,'電源が入らない','Cannot power on',NULL,NULL,324000,'2023-07-14 22:44:40','2023-11-11 14:25:01',NULL),(289,27,195,'起動しない','Does not start',NULL,NULL,143000,'2023-07-14 22:44:40','2023-11-11 14:25:01',NULL),(290,27,195,'センサーが断線した','Sensor disconnected',NULL,NULL,170000,'2023-07-14 22:44:40','2023-11-11 14:25:01',NULL),(291,27,196,'外装が破損した','Broken exterior',NULL,NULL,62000,'2023-07-14 22:44:40','2023-11-11 14:25:01',NULL),(292,27,196,'電源が入らない','Cannot power on',NULL,NULL,324000,'2023-07-14 22:44:40','2023-11-11 14:25:01',NULL),(293,27,196,'起動しない','Does not start',NULL,NULL,143000,'2023-07-14 22:44:40','2023-11-11 14:25:01',NULL),(294,27,196,'センサーが断線した','Sensor disconnected',NULL,NULL,170000,'2023-07-14 22:44:40','2023-11-11 14:25:01',NULL),(295,27,197,'外装が破損した','Broken exterior',NULL,NULL,62000,'2023-07-14 22:44:40','2023-11-11 14:25:01',NULL),(296,27,197,'電源が入らない','Cannot power on',NULL,NULL,324000,'2023-07-14 22:44:40','2023-11-11 14:25:01',NULL),(297,27,197,'起動しない','Does not start',NULL,NULL,143000,'2023-07-14 22:44:40','2023-11-11 14:25:01',NULL),(298,27,197,'センサーが断線した','Sensor disconnected',NULL,NULL,170000,'2023-07-14 22:44:40','2023-11-11 14:25:01',NULL),(299,27,208,'外装が破損した','Broken exterior',NULL,NULL,62000,'2023-07-14 22:44:40','2023-11-11 14:25:01',NULL),(300,27,208,'電源が入らない','Cannot power on',NULL,NULL,324000,'2023-07-14 22:44:40','2023-11-11 14:25:01',NULL),(301,27,208,'起動しない','Does not start',NULL,NULL,143000,'2023-07-14 22:44:40','2023-11-11 14:25:01',NULL),(302,27,208,'センサーが断線した','Sensor disconnected',NULL,NULL,170000,'2023-07-14 22:44:40','2023-11-11 14:25:01',NULL),(303,27,211,'外装が破損した','Broken exterior',NULL,NULL,62000,'2023-07-14 22:44:40','2023-11-11 14:25:01',NULL),(304,27,211,'電源が入らない','Cannot power on',NULL,NULL,324000,'2023-07-14 22:44:40','2023-11-11 14:25:01',NULL),(305,27,211,'起動しない','Does not start',NULL,NULL,143000,'2023-07-14 22:44:40','2023-11-11 14:25:01',NULL),(306,27,211,'センサーが断線した','Sensor disconnected',NULL,NULL,170000,'2023-07-14 22:44:40','2023-11-11 14:25:01',NULL),(307,27,209,'外装が破損した','Broken exterior',NULL,NULL,62000,'2023-07-14 22:44:40','2023-11-11 14:25:01',NULL),(308,27,209,'電源が入らない','Cannot power on',NULL,NULL,324000,'2023-07-14 22:44:40','2023-11-11 14:25:01',NULL),(309,27,209,'起動しない','Does not start',NULL,NULL,143000,'2023-07-14 22:44:40','2023-11-11 14:25:01',NULL),(310,27,209,'センサーが断線した','Sensor disconnected',NULL,NULL,170000,'2023-07-14 22:44:40','2023-11-11 14:25:01',NULL),(311,27,210,'外装が破損した','Broken exterior',NULL,NULL,62000,'2023-07-14 22:44:40','2023-11-11 14:25:01',NULL),(312,27,210,'電源が入らない','Cannot power on',NULL,NULL,324000,'2023-07-14 22:44:40','2023-11-11 14:25:01',NULL),(313,27,210,'起動しない','Does not start',NULL,NULL,143000,'2023-07-14 22:44:40','2023-11-11 14:25:01',NULL),(314,27,210,'センサーが断線した','Sensor disconnected',NULL,NULL,170000,'2023-07-14 22:44:40','2023-11-11 14:25:01',NULL),(315,28,215,'オイルを入れてもアラートが点灯したままになる','Alert remains ON even after adding oil.',NULL,NULL,17500,'2023-07-14 22:44:40','2023-11-11 14:25:01',NULL),(316,28,215,'使用中にハンドピースが外れる','Handpiece removed during use',NULL,NULL,29500,'2023-07-14 22:44:40','2023-11-11 14:25:01',NULL),(317,28,215,'ホースジョイント先端からオイルが漏れる','Oil leakage from the tip of hose joint',NULL,NULL,12500,'2023-07-14 22:44:40','2023-11-11 14:25:01',NULL),(318,28,215,'ドアが緩い・すぐに開いてしまう','Loose/easy-to-open door',NULL,NULL,26250,'2023-07-14 22:44:40','2023-11-11 14:25:01',NULL),(319,28,215,'ドアの隙間からオイルが漏れてくる','Oil leakage from the door gap',NULL,NULL,17750,'2023-07-14 22:44:40','2023-11-11 14:25:01',NULL),(320,30,217,'振動が大きい','Large vibration',1,1,46600,'2023-07-14 22:44:40','2023-11-11 14:25:01',NULL),(321,30,217,'把手部分が破損して持てない','Handle is broken and unusable.',1,1,78150,'2023-07-14 22:44:40','2023-11-11 14:25:01',NULL),(322,30,217,'水が出ない','No water supply',1,1,36600,'2023-07-14 22:44:40','2023-11-11 14:25:01',NULL),(323,30,217,'インスツルメントホルダーが割れた・壊れた','Broken/cracked instrument holder',1,1,44100,'2023-07-14 22:44:40','2023-11-11 14:25:01',NULL),(324,30,217,'ゴム足が外れた','Rubber foot removed',1,1,28100,'2023-07-14 22:44:40','2023-11-11 14:25:01',NULL),(325,30,217,'フットスイッチが反応しない','No response from foot switch',1,1,59100,'2023-07-14 22:44:40','2023-11-11 14:25:01',NULL),(326,30,217,'モータが回転しない','No motor rotation',1,1,131600,'2023-07-14 22:44:40','2023-11-11 14:25:01',NULL),(327,30,217,'超音波スケーラーが使用できない','Ultrasonic scaler is unusable.',1,1,133800,'2023-07-14 22:44:40','2023-11-11 14:25:01',NULL),(328,30,219,'振動が大きい','Large vibration',1,1,46600,'2023-07-14 22:44:40','2023-11-11 14:25:01',NULL),(329,30,219,'把手部分が破損して持てない','Handle is broken and unusable.',1,1,78150,'2023-07-14 22:44:40','2023-11-11 14:25:01',NULL),(330,30,219,'水が出ない','No water supply',1,1,41350,'2023-07-14 22:44:40','2023-11-11 14:25:01',NULL),(331,30,219,'インスツルメントホルダーが割れた・壊れた','Broken/cracked instrument holder',1,1,44100,'2023-07-14 22:44:40','2023-11-11 14:25:01',NULL),(332,30,219,'ゴム足が外れた','Rubber foot removed',1,1,28100,'2023-07-14 22:44:40','2023-11-11 14:25:01',NULL),(333,30,219,'フットスイッチが反応しない','No response from foot switch',1,1,41600,'2023-07-14 22:44:40','2023-11-11 14:25:01',NULL),(334,30,219,'モータが回転しない','No motor rotation',1,1,131600,'2023-07-14 22:44:40','2023-11-11 14:25:01',NULL),(335,30,219,'超音波スケーラーが使用できない','Ultrasonic scaler is unusable.',1,1,133800,'2023-07-14 22:44:40','2023-11-11 14:25:01',NULL),(336,30,220,'吸引しない・吸引力が弱い','No/weak suction',1,1,83900,'2023-07-14 22:44:40','2023-11-11 14:25:01',NULL),(337,30,220,'バキュームホースが切れた・劣化した','Broken/deteriorated vacuum hose',1,1,51400,'2023-07-14 22:44:40','2023-11-11 14:25:01',NULL),(338,30,220,'吸引中に停止する','Stops during suction',1,1,71400,'2023-07-14 22:44:40','2023-11-11 14:25:01',NULL),(339,30,220,'バキュームホースが引っ掛けられない','Vacuum hose cannot be hooked up.',1,1,27030,'2023-07-14 22:44:40','2023-11-11 14:25:01',NULL),(340,30,220,'ゴム足が外れた','Rubber foot removed',1,1,27900,'2023-07-14 22:44:40','2023-11-11 14:25:01',NULL),(341,30,218,'吸引しない・吸引力が弱い','No/weak suction',1,1,83900,'2023-07-14 22:44:40','2023-11-11 14:25:01',NULL),(342,30,218,'バキュームホースが切れた・劣化した','Broken/deteriorated vacuum hose',1,1,51400,'2023-07-14 22:44:40','2023-11-11 14:25:01',NULL),(343,30,218,'吸引中に停止する','Stops during suction',1,1,71400,'2023-07-14 22:44:40','2023-11-11 14:25:01',NULL),(344,30,218,'バキュームホースが引っ掛けられない','Vacuum hose cannot be hooked up.',1,1,27030,'2023-07-14 22:44:40','2023-11-11 14:25:01',NULL),(345,30,218,'ゴム足が外れた','Rubber foot removed',1,1,27900,'2023-07-14 22:44:40','2023-11-11 14:25:01',NULL),(346,30,220,'振動が大きい','Large vibration',1,1,46600,'2023-07-14 22:44:40','2023-11-11 14:25:01',NULL),(347,30,220,'把手部分が破損して持てない','Handle is broken and unusable.',1,1,78150,'2023-07-14 22:44:40','2023-11-11 14:25:01',NULL),(348,30,220,'水が出ない','No water supply',1,1,41350,'2023-07-14 22:44:40','2023-11-11 14:25:01',NULL),(349,30,220,'インスツルメントホルダーが割れた・壊れた','Broken/cracked instrument holder',1,1,44100,'2023-07-14 22:44:40','2023-11-11 14:25:01',NULL),(350,30,220,'ゴム足が外れた','Rubber foot removed',1,1,28100,'2023-07-14 22:44:40','2023-11-11 14:25:01',NULL),(351,30,220,'フットスイッチが反応しない','No response from foot switch',1,1,41600,'2023-07-14 22:44:40','2023-11-11 14:25:01',NULL),(352,30,220,'モータが回転しない','No motor rotation',1,1,131600,'2023-07-14 22:44:40','2023-11-11 14:25:01',NULL),(353,30,220,'超音波スケーラーが使用できない','Ultrasonic scaler is unusable.',1,1,133800,'2023-07-14 22:44:40','2023-11-11 14:25:01',NULL),(354,30,222,'振動が大きい','Large vibration',1,1,46600,'2023-07-14 22:44:40','2023-11-11 14:25:01',NULL),(355,30,222,'把手部分が破損して持てない','Handle is broken and unusable.',1,1,78150,'2023-07-14 22:44:40','2023-11-11 14:25:01',NULL),(356,30,222,'水が出ない','No water supply',1,1,41350,'2023-07-14 22:44:40','2023-11-11 14:25:01',NULL),(357,30,222,'インスツルメントホルダーが割れた・壊れた','Broken/cracked instrument holder',1,1,44100,'2023-07-14 22:44:40','2023-11-11 14:25:01',NULL),(358,30,222,'ゴム足が外れた','Rubber foot removed',1,1,28100,'2023-07-14 22:44:40','2023-11-11 14:25:01',NULL),(359,30,222,'フットスイッチが反応しない','No response from foot switch',1,1,41600,'2023-07-14 22:44:40','2023-11-11 14:25:01',NULL),(360,30,222,'モータが回転しない','No motor rotation',1,1,131600,'2023-07-14 22:44:40','2023-11-11 14:25:01',NULL),(361,30,222,'超音波スケーラーが使用できない','Ultrasonic scaler is unusable.',1,1,133800,'2023-07-14 22:44:40','2023-11-11 14:25:01',NULL),(362,30,223,'吸引しない・吸引力が弱い','No/weak suction',1,1,83900,'2023-07-14 22:44:40','2023-11-11 14:25:01',NULL),(363,30,223,'バキュームホースが切れた・劣化した','Broken/deteriorated vacuum hose',1,1,51400,'2023-07-14 22:44:40','2023-11-11 14:25:01',NULL),(364,30,223,'吸引中に停止する','Stops during suction',1,1,71400,'2023-07-14 22:44:40','2023-11-11 14:25:01',NULL),(365,30,223,'バキュームホースが引っ掛けられない','Vacuum hose cannot be hooked up.',1,1,27030,'2023-07-14 22:44:40','2023-11-11 14:25:01',NULL),(366,30,223,'ゴム足が外れた','Rubber foot removed',1,1,27900,'2023-07-14 22:44:40','2023-11-11 14:25:01',NULL),(367,1,12,'水の出が悪い','Insufficient water supply',1,1,43500,'2023-07-14 22:44:40','2023-11-11 14:25:01',NULL),(368,1,12,'上蓋が押せない','The top cover cannot be pushed.',1,1,43500,'2023-07-14 22:44:40','2023-11-11 14:25:01',NULL),(369,8,109,'利用すると痺れがある','Numbness after use',NULL,NULL,74250,'2023-07-14 22:44:40','2023-11-11 14:25:01',NULL),(370,8,109,'ライトが点かない・照度が低い','Light does not turn on / low light intensity',NULL,NULL,53250,'2023-07-14 22:44:40','2023-11-11 14:25:01',NULL),(372,8,110,'利用すると痺れがある','Numbness after use',NULL,NULL,124050,'2023-07-14 22:44:40','2023-11-11 14:25:01',NULL),(373,8,110,'ライトが点かない・照度が低い','Light does not turn on / low light intensity',NULL,NULL,58500,'2023-07-14 22:44:40','2023-11-11 14:25:01',NULL),(376,20,167,'エラー1・2・9が表示される','Error 1/2/9 is displayed.',NULL,NULL,125300,'2023-07-14 22:44:40','2023-11-11 14:25:01',NULL),(377,20,168,'エラー1・2・9が表示される','Error 1/2/9 is displayed.',NULL,NULL,125300,'2023-07-14 22:44:40','2023-11-11 14:25:01',NULL),(378,20,168,'滅菌中に唸るような音がする','Groaning noise during sterilization',NULL,NULL,71550,'2023-07-14 22:44:40','2023-11-11 14:25:01',NULL),(379,20,168,'ドアが開かない','Door not open',NULL,NULL,89100,'2023-07-14 22:44:40','2023-11-11 14:25:01',NULL),(380,23,176,'ぐらぐらする','Wobbling',NULL,NULL,37500,'2023-07-14 22:44:40','2023-11-11 14:25:01',NULL),(381,23,177,'ぐらぐらする','Wobbling',NULL,NULL,37500,'2023-07-14 22:44:40','2023-11-11 14:25:01',NULL),(382,23,178,'自然と下がってくる','Falls spontaneously',NULL,NULL,25000,'2023-07-14 22:44:40','2023-11-11 14:25:01',NULL),(383,6,96,'回転がおかしい','Rotation failure',NULL,NULL,87500,'2023-07-14 22:44:40','2023-11-11 14:25:01',NULL),(384,6,96,'注水の動作がおかしい','Abnormal water supply',NULL,NULL,100000,'2023-07-14 22:44:40','2023-11-11 14:25:01',NULL),(385,8,104,'振動がしない・弱い','No/weak vibration',NULL,NULL,74250,'2023-07-14 22:44:40','2023-11-11 14:25:01',NULL),(386,8,104,'ピンが折れた','Broken pin',NULL,NULL,74250,'2023-07-14 22:44:40','2023-11-11 14:25:01',NULL),(387,8,104,'チップの取付ができない','Chip cannot be installed.',NULL,NULL,74250,'2023-07-14 22:44:40','2023-11-11 14:25:01',NULL),(388,8,104,'利用すると痺れがある','Numbness after use',NULL,NULL,74250,'2023-07-14 22:44:40','2023-11-11 14:25:01',NULL),(389,8,105,'振動がしない・弱い','No/weak vibration',NULL,NULL,74250,'2023-07-14 22:44:40','2023-11-11 14:25:01',NULL),(390,8,105,'ピンが折れた','Broken pin',NULL,NULL,74250,'2023-07-14 22:44:40','2023-11-11 14:25:01',NULL),(391,8,105,'チップの取付ができない','Chip cannot be installed.',NULL,NULL,74250,'2023-07-14 22:44:40','2023-11-11 14:25:01',NULL),(392,8,105,'利用すると痺れがある','Numbness after use',NULL,NULL,74250,'2023-07-14 22:44:40','2023-11-11 14:25:01',NULL),(393,8,106,'振動がしない・弱い','No/weak vibration',NULL,NULL,74250,'2023-07-14 22:44:40','2023-11-11 14:25:01',NULL),(394,8,106,'ピンが折れた','Broken pin',NULL,NULL,74250,'2023-07-14 22:44:40','2023-11-11 14:25:01',NULL),(395,8,106,'チップの取付ができない','Chip cannot be installed.',NULL,NULL,74250,'2023-07-14 22:44:40','2023-11-11 14:25:01',NULL),(396,8,106,'利用すると痺れがある','Numbness after use',NULL,NULL,74250,'2023-07-14 22:44:40','2023-11-11 14:25:01',NULL),(397,8,107,'振動がしない・弱い','No/weak vibration',NULL,NULL,74250,'2023-07-14 22:44:40','2023-11-11 14:25:01',NULL),(398,8,107,'ピンが折れた','Broken pin',NULL,NULL,74250,'2023-07-14 22:44:40','2023-11-11 14:25:01',NULL),(399,8,107,'チップの取付ができない','Chip cannot be installed.',NULL,NULL,74250,'2023-07-14 22:44:40','2023-11-11 14:25:01',NULL),(400,8,107,'利用すると痺れがある','Numbness after use',NULL,NULL,74250,'2023-07-14 22:44:40','2023-11-11 14:25:01',NULL),(401,8,108,'振動がしない・弱い','No/weak vibration',NULL,NULL,74250,'2023-07-14 22:44:40','2023-11-11 14:25:01',NULL),(402,8,108,'ピンが折れた','Broken pin',NULL,NULL,74250,'2023-07-14 22:44:40','2023-11-11 14:25:01',NULL),(403,8,108,'チップの取付ができない','Chip cannot be installed.',NULL,NULL,74250,'2023-07-14 22:44:40','2023-11-11 14:25:01',NULL),(404,8,108,'利用すると痺れがある','Numbness after use',NULL,NULL,74250,'2023-07-14 22:44:40','2023-11-11 14:25:01',NULL),(405,6,58,'回転がおかしい・バーがぶれる','Rotation failure / bar wobbling',NULL,NULL,137000,'2023-07-14 22:44:40','2023-11-11 14:25:01',NULL),(406,6,58,'レバーが滑る','Lever slips',NULL,NULL,137000,'2023-07-14 22:44:40','2023-11-11 14:25:01',NULL),(407,20,167,'エラー6が表示される','Error 6 is displayed.',NULL,NULL,32300,'2023-07-14 22:44:40','2023-11-11 14:25:01',NULL),(408,20,167,'フタロックが外れる','Lid unlocked',NULL,NULL,32300,'2023-07-14 22:44:40','2023-11-11 14:25:01',NULL),(9999,0,0,'詳細をご記入ください','Enter the details',NULL,NULL,0,'2023-07-14 22:44:40','2023-11-11 14:25:01',NULL);

--
-- Table structure for table `files`
--

CREATE TABLE `files` (
  `id` bigint unsigned NOT NULL AUTO_INCREMENT COMMENT 'ID',
  `url` varchar(255) CHARACTER SET utf8mb4 COLLATE utf8mb4_unicode_ci NOT NULL COMMENT 'URL',
  `file_type` varchar(255) CHARACTER SET utf8mb4 COLLATE utf8mb4_unicode_ci DEFAULT NULL COMMENT 'ファイル種別',
  `s3_key` varchar(255) CHARACTER SET utf8mb4 COLLATE utf8mb4_unicode_ci NOT NULL COMMENT 'S3 KEY',
  `s3_bucket` varchar(255) CHARACTER SET utf8mb4 COLLATE utf8mb4_unicode_ci NOT NULL COMMENT 'S3 Bucket',
  `media_type` varchar(255) CHARACTER SET utf8mb4 COLLATE utf8mb4_unicode_ci DEFAULT NULL COMMENT 'メディア種別',
  `format` varchar(255) CHARACTER SET utf8mb4 COLLATE utf8mb4_unicode_ci DEFAULT NULL COMMENT 'フォーマット',
  `original_file_name` varchar(255) CHARACTER SET utf8mb4 COLLATE utf8mb4_unicode_ci NOT NULL COMMENT 'ファイル名',
  `file_size` varchar(255) CHARACTER SET utf8mb4 COLLATE utf8mb4_unicode_ci NOT NULL COMMENT 'ファイルサイズ',
  `width` int DEFAULT NULL COMMENT '横幅',
  `height` int DEFAULT NULL COMMENT '高さ',
  `created_at` datetime NOT NULL DEFAULT CURRENT_TIMESTAMP COMMENT '作成日時',
  `updated_at` datetime NOT NULL DEFAULT CURRENT_TIMESTAMP ON UPDATE CURRENT_TIMESTAMP COMMENT '更新日時',
  `deleted_at` datetime DEFAULT NULL COMMENT '削除日時',
  PRIMARY KEY (`id`)
) ENGINE=InnoDB AUTO_INCREMENT=219 DEFAULT CHARSET=utf8mb4 COLLATE=utf8mb4_unicode_ci;

--
-- Dumping data for table `files`
--

INSERT INTO `files` VALUES (1,'/pdf/exploded/CAG01分解図.pdf','application/pdf','CAG01分解図.pdf','<AWS_BUCKET>',NULL,NULL,'CAG01分解図.pdf','0',NULL,NULL,'2023-07-12 15:14:36','2024-03-16 16:17:29',NULL),(2,'/pdf/exploded/CH07分解図.pdf','application/pdf','CH07分解図.pdf','<AWS_BUCKET>',NULL,NULL,'CH07分解図.pdf','0',NULL,NULL,'2023-07-12 15:14:36','2024-03-16 16:17:29',NULL),(3,'/pdf/exploded/CH24分解図.pdf','application/pdf','CH24分解図.pdf','<AWS_BUCKET>',NULL,NULL,'CH24分解図.pdf','0',NULL,NULL,'2023-07-12 15:14:36','2024-03-16 16:17:29',NULL),(4,'/pdf/exploded/CS17分解図.pdf','application/pdf','CS17分解図.pdf','<AWS_BUCKET>',NULL,NULL,'CS17分解図.pdf','0',NULL,NULL,'2023-07-12 15:14:36','2024-03-16 16:17:29',NULL),(5,'/pdf/exploded/CS18分解図.pdf','application/pdf','CS18分解図.pdf','<AWS_BUCKET>',NULL,NULL,'CS18分解図.pdf','0',NULL,NULL,'2023-07-12 15:14:36','2024-03-16 16:17:29',NULL),(6,'/pdf/exploded/CS132分解図.pdf','application/pdf','CS132分解図.pdf','<AWS_BUCKET>',NULL,NULL,'CS132分解図.pdf','0',NULL,NULL,'2023-07-12 15:14:36','2024-03-16 16:17:29',NULL),(7,'/pdf/exploded/GSL分解図.pdf','application/pdf','GSL分解図.pdf','<AWS_BUCKET>',NULL,NULL,'GSL分解図.pdf','0',NULL,NULL,'2023-07-12 15:14:36','2024-03-16 16:17:29',NULL),(8,'/pdf/exploded/L5M_L6M分解図.pdf','application/pdf','L5M_L6M分解図.pdf','<AWS_BUCKET>',NULL,NULL,'L5M_L6M分解図.pdf','0',NULL,NULL,'2023-07-12 15:14:36','2024-03-16 16:17:29',NULL),(9,'/pdf/exploded/L12M分解図.pdf','application/pdf','L12M分解図.pdf','<AWS_BUCKET>',NULL,NULL,'L12M分解図.pdf','0',NULL,NULL,'2023-07-12 15:14:36','2024-03-16 16:17:29',NULL),(10,'/pdf/exploded/LHP12分解図.pdf','application/pdf','LHP12分解図.pdf','<AWS_BUCKET>',NULL,NULL,'LHP12分解図.pdf','0',NULL,NULL,'2023-07-12 15:14:36','2024-03-16 16:17:29',NULL),(11,'/pdf/exploded/ME36分解図.pdf','application/pdf','ME36分解図.pdf','<AWS_BUCKET>',NULL,NULL,'ME36分解図.pdf','0',NULL,NULL,'2023-07-12 15:14:36','2024-03-16 16:17:29',NULL),(12,'/pdf/exploded/MS-F・FL分解図.pdf','application/pdf','MS-F・FL分解図.pdf','<AWS_BUCKET>',NULL,NULL,'MS-F・FL分解図.pdf','0',NULL,NULL,'2023-07-12 15:14:36','2024-03-16 16:17:29',NULL),(13,'/pdf/exploded/OP-F・T分解図.pdf','application/pdf','OP-F・T分解図.pdf','<AWS_BUCKET>',NULL,NULL,'OP-F・T分解図.pdf','0',NULL,NULL,'2023-07-12 15:14:36','2024-03-16 16:17:29',NULL),(14,'/pdf/exploded/OS-F・T分解図.pdf','application/pdf','OS-F・T分解図.pdf','<AWS_BUCKET>',NULL,NULL,'OS-F・T分解図.pdf','0',NULL,NULL,'2023-07-12 15:14:36','2024-03-16 16:17:29',NULL),(15,'/pdf/exploded/SE05_SE08分解図.pdf','application/pdf','SE05_SE08分解図.pdf','<AWS_BUCKET>',NULL,NULL,'SE05_SE08分解図.pdf','0',NULL,NULL,'2023-07-12 15:14:36','2024-03-16 16:17:29',NULL),(16,'/pdf/exploded/SE08-L分解図.pdf','application/pdf','SE08-L分解図.pdf','<AWS_BUCKET>',NULL,NULL,'SE08-L分解図.pdf','0',NULL,NULL,'2023-07-12 15:14:36','2024-03-16 16:17:29',NULL),(17,'/pdf/exploded/SE10_SE-10L分解図.pdf','application/pdf','SE10_SE-10L分解図.pdf','<AWS_BUCKET>',NULL,NULL,'SE10_SE-10L分解図.pdf','0',NULL,NULL,'2023-07-12 15:14:36','2024-03-16 16:17:29',NULL),(18,'/pdf/exploded/SE-11L_FHP-1分解図.pdf','application/pdf','SE-11L_FHP-1分解図.pdf','<AWS_BUCKET>',NULL,NULL,'SE-11L_FHP-1分解図.pdf','0',NULL,NULL,'2023-07-12 15:14:36','2024-03-16 16:17:29',NULL),(19,'/pdf/exploded/SH28分解図.pdf','application/pdf','SH28分解図.pdf','<AWS_BUCKET>',NULL,NULL,'SH28分解図.pdf','0',NULL,NULL,'2023-07-12 15:14:36','2024-03-16 16:17:29',NULL),(20,'/pdf/exploded/SH30分解図.pdf','application/pdf','SH30分解図.pdf','<AWS_BUCKET>',NULL,NULL,'SH30分解図.pdf','0',NULL,NULL,'2023-07-12 15:14:36','2024-03-16 16:17:29',NULL),(21,'/pdf/exploded/SM1分解図.pdf','application/pdf','SM1分解図.pdf','<AWS_BUCKET>',NULL,NULL,'SM1分解図.pdf','0',NULL,NULL,'2023-07-12 15:14:36','2024-03-16 16:17:29',NULL),(22,'/pdf/exploded/SRH分解図.pdf','application/pdf','SRH分解図.pdf','<AWS_BUCKET>',NULL,NULL,'SRH分解図.pdf','0',NULL,NULL,'2023-07-12 15:14:36','2024-03-16 16:17:29',NULL),(23,'/pdf/exploded/SSH分解図.pdf','application/pdf','SSH分解図.pdf','<AWS_BUCKET>',NULL,NULL,'SSH分解図.pdf','0',NULL,NULL,'2023-07-12 15:14:36','2024-03-16 16:17:29',NULL),(24,'/pdf/exploded/タービン分解図.pdf','application/pdf','タービン分解図.pdf','<AWS_BUCKET>',NULL,NULL,'タービン分解図.pdf','0',NULL,NULL,'2023-07-12 15:14:36','2024-03-16 16:17:29',NULL),(25,'/pdf/exploded/CAG01分解図_英語.pdf','application/pdf','CAG01分解図_英語.pdf','<AWS_BUCKET>',NULL,NULL,'CAG01分解図_英語.pdf','0',NULL,NULL,'2023-07-12 15:14:36','2024-03-16 16:17:29',NULL),(26,'/pdf/exploded/CH07分解図_英語.pdf','application/pdf','CH07分解図_英語.pdf','<AWS_BUCKET>',NULL,NULL,'CH07分解図_英語.pdf','0',NULL,NULL,'2023-07-12 15:14:36','2024-03-16 16:17:29',NULL),(27,'/pdf/exploded/CH24分解図_英語.pdf','application/pdf','CH24分解図_英語.pdf','<AWS_BUCKET>',NULL,NULL,'CH24分解図_英語.pdf','0',NULL,NULL,'2023-07-12 15:14:36','2024-03-16 16:17:29',NULL),(28,'/pdf/exploded/CS17分解図_英語.pdf','application/pdf','CS17分解図_英語.pdf','<AWS_BUCKET>',NULL,NULL,'CS17分解図_英語.pdf','0',NULL,NULL,'2023-07-12 15:14:36','2024-03-16 16:17:29',NULL),(29,'/pdf/exploded/CS18分解図_英語.pdf','application/pdf','CS18分解図_英語.pdf','<AWS_BUCKET>',NULL,NULL,'CS18分解図_英語.pdf','0',NULL,NULL,'2023-07-12 15:14:36','2024-03-16 16:17:29',NULL),(30,'/pdf/exploded/CS132分解図_英語.pdf','application/pdf','CS132分解図_英語.pdf','<AWS_BUCKET>',NULL,NULL,'CS132分解図_英語.pdf','0',NULL,NULL,'2023-07-12 15:14:36','2024-03-16 16:17:29',NULL),(31,'/pdf/exploded/GSL分解図_英語.pdf','application/pdf','GSL分解図_英語.pdf','<AWS_BUCKET>',NULL,NULL,'GSL分解図_英語.pdf','0',NULL,NULL,'2023-07-12 15:14:36','2024-03-16 16:17:29',NULL),(32,'/pdf/exploded/L5M_L6M分解図_英語.pdf','application/pdf','L5M_L6M分解図_英語.pdf','<AWS_BUCKET>',NULL,NULL,'L5M_L6M分解図_英語.pdf','0',NULL,NULL,'2023-07-12 15:14:36','2024-03-16 16:17:29',NULL),(33,'/pdf/exploded/L12M分解図_英語.pdf','application/pdf','L12M分解図_英語.pdf','<AWS_BUCKET>',NULL,NULL,'L12M分解図_英語.pdf','0',NULL,NULL,'2023-07-12 15:14:36','2024-03-16 16:17:29',NULL),(34,'/pdf/exploded/LHP12分解図_英語.pdf','application/pdf','LHP12分解図_英語.pdf','<AWS_BUCKET>',NULL,NULL,'LHP12分解図_英語.pdf','0',NULL,NULL,'2023-07-12 15:14:36','2024-03-16 16:17:29',NULL),(35,'/pdf/exploded/ME36分解図_英語.pdf','application/pdf','ME36分解図_英語.pdf','<AWS_BUCKET>',NULL,NULL,'ME36分解図_英語.pdf','0',NULL,NULL,'2023-07-12 15:14:36','2024-03-16 16:17:29',NULL),(36,'/pdf/exploded/MS-F・FL分解図_英語.pdf','application/pdf','MS-F・FL分解図_英語.pdf','<AWS_BUCKET>',NULL,NULL,'MS-F・FL分解図_英語.pdf','0',NULL,NULL,'2023-07-12 15:14:36','2024-03-16 16:17:29',NULL),(37,'/pdf/exploded/OP-F・T分解図_英語.pdf','application/pdf','OP-F・T分解図_英語.pdf','<AWS_BUCKET>',NULL,NULL,'OP-F・T分解図_英語.pdf','0',NULL,NULL,'2023-07-12 15:14:36','2024-03-16 16:17:29',NULL),(38,'/pdf/exploded/OS-F・T分解図_英語.pdf','application/pdf','OS-F・T分解図_英語.pdf','<AWS_BUCKET>',NULL,NULL,'OS-F・T分解図_英語.pdf','0',NULL,NULL,'2023-07-12 15:14:36','2024-03-16 16:17:29',NULL),(39,'/pdf/exploded/SE05_SE08分解図_英語.pdf','application/pdf','SE05_SE08分解図_英語.pdf','<AWS_BUCKET>',NULL,NULL,'SE05_SE08分解図_英語.pdf','0',NULL,NULL,'2023-07-12 15:14:36','2024-03-16 16:17:29',NULL),(40,'/pdf/exploded/SE08-L分解図_英語.pdf','application/pdf','SE08-L分解図_英語.pdf','<AWS_BUCKET>',NULL,NULL,'SE08-L分解図_英語.pdf','0',NULL,NULL,'2023-07-12 15:14:36','2024-03-16 16:17:29',NULL),(41,'/pdf/exploded/SE10_SE-10L分解図_英語.pdf','application/pdf','SE10_SE-10L分解図_英語.pdf','<AWS_BUCKET>',NULL,NULL,'SE10_SE-10L分解図_英語.pdf','0',NULL,NULL,'2023-07-12 15:14:36','2024-03-16 16:17:29',NULL),(42,'/pdf/exploded/SE-11L_FHP-1分解図_英語.pdf','application/pdf','SE-11L_FHP-1分解図_英語.pdf','<AWS_BUCKET>',NULL,NULL,'SE-11L_FHP-1分解図_英語.pdf','0',NULL,NULL,'2023-07-12 15:14:36','2024-03-16 16:17:29',NULL),(43,'/pdf/exploded/SH28分解図_英語.pdf','application/pdf','SH28分解図_英語.pdf','<AWS_BUCKET>',NULL,NULL,'SH28分解図_英語.pdf','0',NULL,NULL,'2023-07-12 15:14:36','2024-03-16 16:17:29',NULL),(44,'/pdf/exploded/SH30分解図_英語.pdf','application/pdf','SH30分解図_英語.pdf','<AWS_BUCKET>',NULL,NULL,'SH30分解図_英語.pdf','0',NULL,NULL,'2023-07-12 15:14:36','2024-03-16 16:17:29',NULL),(45,'/pdf/exploded/SM1分解図_英語.pdf','application/pdf','SM1分解図_英語.pdf','<AWS_BUCKET>',NULL,NULL,'SM1分解図_英語.pdf','0',NULL,NULL,'2023-07-12 15:14:36','2024-03-16 16:17:29',NULL),(46,'/pdf/exploded/SRH分解図_英語.pdf','application/pdf','SRH分解図_英語.pdf','<AWS_BUCKET>',NULL,NULL,'SRH分解図_英語.pdf','0',NULL,NULL,'2023-07-12 15:14:36','2024-03-16 16:17:29',NULL),(47,'/pdf/exploded/SSH分解図_英語.pdf','application/pdf','SSH分解図_英語.pdf','<AWS_BUCKET>',NULL,NULL,'SSH分解図_英語.pdf','0',NULL,NULL,'2023-07-12 15:14:36','2024-03-16 16:17:29',NULL),(48,'/pdf/exploded/タービン分解図_英語.pdf','application/pdf','タービン分解図_英語.pdf','<AWS_BUCKET>',NULL,NULL,'タービン分解図_英語.pdf','0',NULL,NULL,'2023-07-12 15:14:36','2024-03-16 16:17:29',NULL),(49,'/pdf/check/エアータービン_形式確認ガイド.pdf','application/pdf','エアータービン_形式確認ガイド.pdf','<AWS_BUCKET>',NULL,NULL,'エアータービン_形式確認ガイド.pdf','0',NULL,NULL,'2023-07-12 15:14:36','2024-03-16 16:17:29',NULL),(50,'/pdf/check/エアータービン_形式確認ガイド_英語.pdf','application/pdf','エアータービン_形式確認ガイド_英語.pdf','<AWS_BUCKET>',NULL,NULL,'エアータービン_形式確認ガイド_英語.pdf','0',NULL,NULL,'2023-07-12 15:14:36','2024-03-16 16:17:29',NULL),(51,'/pdf/replace/貸出品シリンジへの交換手順.pdf','application/pdf','貸出品シリンジへの交換手順.pdf','<AWS_BUCKET>',NULL,NULL,'貸出品シリンジへの交換手順.pdf','0',NULL,NULL,'2023-07-12 15:14:36','2024-03-16 16:17:29',NULL),(52,'/pdf/replace/貸出品モータへの交換手順.pdf','application/pdf','貸出品モータへの交換手順.pdf','<AWS_BUCKET>',NULL,NULL,'貸出品モータへの交換手順.pdf','0',NULL,NULL,'2023-07-12 15:14:36','2024-03-16 16:17:29',NULL),(53,'/pdf/replace/貸出品シリンジへの交換手順_英語.pdf','application/pdf','貸出品シリンジへの交換手順_英語.pdf','<AWS_BUCKET>',NULL,NULL,'貸出品シリンジへの交換手順_英語.pdf','0',NULL,NULL,'2023-07-12 15:14:36','2024-03-16 16:17:29',NULL),(54,'/pdf/replace/貸出品モータへの交換手順_英語.pdf','application/pdf','貸出品モータへの交換手順_英語.pdf','<AWS_BUCKET>',NULL,NULL,'貸出品モータへの交換手順_英語.pdf','0',NULL,NULL,'2023-07-12 15:14:36','2024-03-16 16:17:29',NULL),(55,'/pdf/check/エアースケーラー_形式確認ガイド.pdf','application/pdf','エアースケーラー_形式確認ガイド.pdf','<AWS_BUCKET>',NULL,NULL,'エアースケーラー_形式確認ガイド.pdf','0',NULL,NULL,'2023-07-12 15:14:39','2024-03-16 16:17:29',NULL),(56,'/pdf/check/エアースケーラー_形式確認ガイド_英語.pdf','application/pdf','エアースケーラー_形式確認ガイド_英語.pdf','<AWS_BUCKET>',NULL,NULL,'エアースケーラー_形式確認ガイド_英語.pdf','0',NULL,NULL,'2023-07-12 15:14:39','2024-03-16 16:17:29',NULL),(57,'/pdf/check/コントラ【シャンク部のみ】_形式確認ガイド.pdf','application/pdf','コントラ【シャンク部のみ】_形式確認ガイド.pdf','<AWS_BUCKET>',NULL,NULL,'コントラ【シャンク部のみ】_形式確認ガイド.pdf','0',NULL,NULL,'2023-07-12 15:14:39','2024-03-16 16:17:29',NULL),(58,'/pdf/check/コントラ【シャンク部のみ】_形式確認ガイド_英語.pdf','application/pdf','コントラ【シャンク部のみ】_形式確認ガイド_英語.pdf','<AWS_BUCKET>',NULL,NULL,'コントラ【シャンク部のみ】_形式確認ガイド_英語.pdf','0',NULL,NULL,'2023-07-12 15:14:39','2024-03-16 16:17:29',NULL),(59,'/pdf/check/コントラ【ヘッド部分のみ】_形式確認ガイド.pdf','application/pdf','コントラ【ヘッド部分のみ】_形式確認ガイド.pdf','<AWS_BUCKET>',NULL,NULL,'コントラ【ヘッド部分のみ】_形式確認ガイド.pdf','0',NULL,NULL,'2023-07-12 15:14:39','2024-03-16 16:17:29',NULL),(60,'/pdf/check/コントラ【ヘッド部分のみ】_形式確認ガイド_英語.pdf','application/pdf','コントラ【ヘッド部分のみ】_形式確認ガイド_英語.pdf','<AWS_BUCKET>',NULL,NULL,'コントラ【ヘッド部分のみ】_形式確認ガイド_英語.pdf','0',NULL,NULL,'2023-07-12 15:14:39','2024-03-16 16:17:29',NULL),(61,'/pdf/check/コントラアングル【一体化】_形式確認ガイド.pdf','application/pdf','コントラアングル【一体化】_形式確認ガイド.pdf','<AWS_BUCKET>',NULL,NULL,'コントラアングル【一体化】_形式確認ガイド.pdf','0',NULL,NULL,'2023-07-12 15:14:39','2024-03-16 16:17:29',NULL),(62,'/pdf/check/コントラアングル【一体化】_形式確認ガイド_英語.pdf','application/pdf','コントラアングル【一体化】_形式確認ガイド_英語.pdf','<AWS_BUCKET>',NULL,NULL,'コントラアングル【一体化】_形式確認ガイド_英語.pdf','0',NULL,NULL,'2023-07-12 15:14:39','2024-03-16 16:17:29',NULL),(63,'/pdf/check/ストレートハンドピース_形式確認ガイド.pdf','application/pdf','ストレートハンドピース_形式確認ガイド.pdf','<AWS_BUCKET>',NULL,NULL,'ストレートハンドピース_形式確認ガイド.pdf','0',NULL,NULL,'2023-07-12 15:14:39','2024-03-16 16:17:29',NULL),(64,'/pdf/check/ストレートハンドピース_形式確認ガイド_英語.pdf','application/pdf','ストレートハンドピース_形式確認ガイド_英語.pdf','<AWS_BUCKET>',NULL,NULL,'ストレートハンドピース_形式確認ガイド_英語.pdf','0',NULL,NULL,'2023-07-12 15:14:39','2024-03-16 16:17:29',NULL),(65,'/pdf/check/マイクロエンジン【モータ】形式確認ガイド.pdf','application/pdf','マイクロエンジン【モータ】形式確認ガイド.pdf','<AWS_BUCKET>',NULL,NULL,'マイクロエンジン【モータ】形式確認ガイド.pdf','0',NULL,NULL,'2023-07-12 15:14:39','2024-03-16 16:17:29',NULL),(66,'/pdf/check/マイクロエンジン【モータ】形式確認ガイド_英語.pdf','application/pdf','マイクロエンジン【モータ】形式確認ガイド_英語.pdf','<AWS_BUCKET>',NULL,NULL,'マイクロエンジン【モータ】形式確認ガイド_英語.pdf','0',NULL,NULL,'2023-07-12 15:14:39','2024-03-16 16:17:29',NULL),(67,'/pdf/check/マルチシリンジ_形式確認ガイド.pdf','application/pdf','マルチシリンジ_形式確認ガイド.pdf','<AWS_BUCKET>',NULL,NULL,'マルチシリンジ_形式確認ガイド.pdf','0',NULL,NULL,'2023-07-12 15:14:39','2024-03-16 16:17:29',NULL),(68,'/pdf/check/マルチシリンジ_形式確認ガイド_英語.pdf','application/pdf','マルチシリンジ_形式確認ガイド_英語.pdf','<AWS_BUCKET>',NULL,NULL,'マルチシリンジ_形式確認ガイド_英語.pdf','0',NULL,NULL,'2023-07-12 15:14:39','2024-03-16 16:17:29',NULL),(69,'/pdf/check/歯面清掃器【ポラリス】_形式確認ガイド.pdf','application/pdf','歯面清掃器【ポラリス】_形式確認ガイド.pdf','<AWS_BUCKET>',NULL,NULL,'歯面清掃器【ポラリス】_形式確認ガイド.pdf','0',NULL,NULL,'2023-07-12 15:14:39','2024-03-16 16:17:29',NULL),(70,'/pdf/check/歯面清掃器【ポラリス】_形式確認ガイド_英語.pdf','application/pdf','歯面清掃器【ポラリス】_形式確認ガイド_英語.pdf','<AWS_BUCKET>',NULL,NULL,'歯面清掃器【ポラリス】_形式確認ガイド_英語.pdf','0',NULL,NULL,'2023-07-12 15:14:39','2024-03-16 16:17:29',NULL),(71,'/pdf/check/超音波スケーラー【エナックハンドピース】_形式確認ガイド.pdf','application/pdf','超音波スケーラー【エナックハンドピース】_形式確認ガイド.pdf','<AWS_BUCKET>',NULL,NULL,'超音波スケーラー【エナックハンドピース】_形式確認ガイド.pdf','0',NULL,NULL,'2023-07-12 15:14:39','2024-03-16 16:17:29',NULL),(72,'/pdf/check/超音波スケーラー【エナックハンドピース】_形式確認ガイド_英語.pdf','application/pdf','超音波スケーラー【エナックハンドピース】_形式確認ガイド_英語.pdf','<AWS_BUCKET>',NULL,NULL,'超音波スケーラー【エナックハンドピース】_形式確認ガイド_英語.pdf','0',NULL,NULL,'2023-07-12 15:14:39','2024-03-16 16:17:29',NULL),(73,'/pdf/check/電動式骨手術ハンドピース_製品確認ガイド.pdf','application/pdf','電動式骨手術ハンドピース_製品確認ガイド.pdf','<AWS_BUCKET>',NULL,NULL,'電動式骨手術ハンドピース_製品確認ガイド.pdf','0',NULL,NULL,'2023-07-12 15:14:39','2024-03-16 16:17:29',NULL),(74,'/pdf/check/電動式骨手術ハンドピース_製品確認ガイド_英語.pdf','application/pdf','電動式骨手術ハンドピース_製品確認ガイド_英語.pdf','<AWS_BUCKET>',NULL,NULL,'電動式骨手術ハンドピース_製品確認ガイド_英語.pdf','0',NULL,NULL,'2023-07-12 15:14:39','2024-03-16 16:17:29',NULL),(75,'/pdf/check/滅菌機＿修理対象製品.pdf','application/pdf','滅菌機＿修理対象製品.pdf','<AWS_BUCKET>',NULL,NULL,'滅菌機＿修理対象製品.pdf','0',NULL,NULL,'2023-07-12 15:14:41','2024-03-16 16:17:29',NULL),(76,'/pdf/check/滅菌機＿修理対象製品_英語.pdf','application/pdf','滅菌機＿修理対象製品_英語.pdf','<AWS_BUCKET>',NULL,NULL,'滅菌機＿修理対象製品_英語.pdf','0',NULL,NULL,'2023-07-12 15:14:41','2024-03-16 16:17:29',NULL),(77,'/pdf/check/レーザー治療器＿修理対象製品.pdf','application/pdf','レーザー治療器＿修理対象製品.pdf','<AWS_BUCKET>',NULL,NULL,'レーザー治療器＿修理対象製品.pdf','0',NULL,NULL,'2023-07-12 15:14:41','2024-03-16 16:17:29',NULL),(78,'/pdf/check/レーザー治療器＿修理対象製品_英語.pdf','application/pdf','レーザー治療器＿修理対象製品_英語.pdf','<AWS_BUCKET>',NULL,NULL,'レーザー治療器＿修理対象製品_英語.pdf','0',NULL,NULL,'2023-07-12 15:14:41','2024-03-16 16:17:29',NULL),(79,'/pdf/check/口腔内カメラ【シンプルビジョン】＿修理対象製品.pdf','application/pdf','口腔内カメラ【シンプルビジョン】＿修理対象製品.pdf','<AWS_BUCKET>',NULL,NULL,'口腔内カメラ【シンプルビジョン】＿修理対象製品.pdf','0',NULL,NULL,'2023-07-12 15:14:41','2024-03-16 16:17:29',NULL),(80,'/pdf/check/口腔内カメラ【シンプルビジョン】＿修理対象製品_英語.pdf','application/pdf','口腔内カメラ【シンプルビジョン】＿修理対象製品_英語.pdf','<AWS_BUCKET>',NULL,NULL,'口腔内カメラ【シンプルビジョン】＿修理対象製品_英語.pdf','0',NULL,NULL,'2023-07-12 15:14:41','2024-03-16 16:17:29',NULL),(81,'/repair/31/64b5c91333d3c.png','image/png','repair/31/64b5c91333d3c.png','dev-oasys-files','image/png','png','bbbbb.png','8157',NULL,NULL,'2023-07-18 08:04:52','2024-03-16 16:20:45',NULL),(82,'/repair/31/64b5ce26ba720.png','image/png','repair/31/64b5ce26ba720.png','dev-oasys-files','image/png','png','bbbbb.png','8157',NULL,NULL,'2023-07-18 08:26:31','2024-03-16 16:20:45',NULL),(83,'/repair/31/64bf9e4dad366.png','image/png','repair/31/64bf9e4dad366.png','dev-oasys-files','image/png','png','menu.png','11039',NULL,NULL,'2023-07-25 19:05:02','2024-03-16 16:20:45',NULL),(84,'/repair/31/64bf9e9932c5e.png','image/png','repair/31/64bf9e9932c5e.png','dev-oasys-files','image/png','png','menu.png','11039',NULL,NULL,'2023-07-25 19:06:17','2024-03-16 16:20:45',NULL),(85,'/repair/31/64bf9eb557f8f.png','image/png','repair/31/64bf9eb557f8f.png','dev-oasys-files','image/png','png','menu.png','11039',NULL,NULL,'2023-07-25 19:06:45','2024-03-16 16:20:45','2023-07-25 19:06:49'),(86,'//64fb25de6bfa0.png','image/png','64fb25de6bfa0.png','dev-oasys-files','image/png','png','1.png','1002',NULL,NULL,'2023-09-08 22:47:11','2024-03-16 16:20:45',NULL),(87,'//64fb25dfb776c.png','image/png','64fb25dfb776c.png','dev-oasys-files','image/png','png','2.png','666',NULL,NULL,'2023-09-08 22:47:11','2024-03-16 16:20:45',NULL),(88,'/repair/31/651e81cc94c52.jpg','image/jpeg','repair/31/651e81cc94c52.jpg','dev-oasys-files','image/jpeg','jpg','8.jpg','22714',NULL,NULL,'2023-10-05 18:28:46','2024-03-16 16:20:45',NULL),(89,'/invoices/47/Qh9KRRZxhywyux7JvqhpZsJoZTJm8mmqAoKpt4ZH.png',NULL,'invoices/47/Qh9KRRZxhywyux7JvqhpZsJoZTJm8mmqAoKpt4ZH.png','dev-oasys-files',NULL,NULL,'26.png','107315',NULL,NULL,'2023-10-15 16:01:32','2024-03-16 16:20:45',NULL),(90,'/repair/31/65697317cae80.png','image/png','repair/31/65697317cae80.png','dev-oasys-files','image/png','png','aaaaa.png','8808',NULL,NULL,'2023-12-01 14:46:01','2024-03-16 16:20:45',NULL),(91,'/repair/31/65697846f4003.png','image/png','repair/31/65697846f4003.png','dev-oasys-files','image/png','png','bbbb.png','11578',NULL,NULL,'2023-12-01 15:08:07','2024-03-16 16:20:45',NULL),(92,'/repair/31/65698bc943eda.png','image/png','repair/31/65698bc943eda.png','dev-oasys-files','image/png','png','bbbb.png','11578',NULL,NULL,'2023-12-01 16:31:21','2024-03-16 16:20:45',NULL),(93,'/repair/31/6569927755398.png','image/png','repair/31/6569927755398.png','dev-oasys-files','image/png','png','aaaaa.png','8808',NULL,NULL,'2023-12-01 16:59:52','2024-03-16 16:20:45',NULL),(94,'/repair/31/656992780a227.png','image/png','repair/31/656992780a227.png','dev-oasys-files','image/png','png','bbbb.png','11578',NULL,NULL,'2023-12-01 16:59:52','2024-03-16 16:20:45',NULL),(95,'/repair/31/65699db195c75.png','image/png','repair/31/65699db195c75.png','dev-oasys-files','image/png','png','aaaaa.png','8808',NULL,NULL,'2023-12-01 17:47:46','2024-03-16 16:20:45',NULL),(96,'/repair/31/65699db27fca1.png','image/png','repair/31/65699db27fca1.png','dev-oasys-files','image/png','png','bbbb.png','11578',NULL,NULL,'2023-12-01 17:47:46','2024-03-16 16:20:45',NULL),(97,'/repair/31/65699dc0448b0.png','image/png','repair/31/65699dc0448b0.png','dev-oasys-files','image/png','png','bbbb.png','11578',NULL,NULL,'2023-12-01 17:48:01','2024-03-16 16:20:45',NULL),(98,'/repair/31/65699e0be66d7.png','image/png','repair/31/65699e0be66d7.png','dev-oasys-files','image/png','png','aaaaa.png','8808',NULL,NULL,'2023-12-01 17:49:16','2024-03-16 16:20:45',NULL),(99,'/repair/31/65699e0cc57c7.png','image/png','repair/31/65699e0cc57c7.png','dev-oasys-files','image/png','png','bbbb.png','11578',NULL,NULL,'2023-12-01 17:49:17','2024-03-16 16:20:45',NULL),(100,'/repair/31/65699e160ae38.png','image/png','repair/31/65699e160ae38.png','dev-oasys-files','image/png','png','bbbb.png','11578',NULL,NULL,'2023-12-01 17:49:26','2024-03-16 16:20:45',NULL),(101,'/repair/31/65699f24a6b15.png','image/png','repair/31/65699f24a6b15.png','dev-oasys-files','image/png','png','bbbb.png','11578',NULL,NULL,'2023-12-01 17:53:57','2024-03-16 16:20:45',NULL),(102,'/repair/31/65699f7ec8def.png','image/png','repair/31/65699f7ec8def.png','dev-oasys-files','image/png','png','aaaaa.png','8808',NULL,NULL,'2023-12-01 17:55:27','2024-03-16 16:20:45',NULL),(103,'/repair/31/65699f7f57110.png','image/png','repair/31/65699f7f57110.png','dev-oasys-files','image/png','png','bbbb.png','11578',NULL,NULL,'2023-12-01 17:55:27','2024-03-16 16:20:45',NULL),(104,'/repair/31/6569a0144ad02.png','image/png','repair/31/6569a0144ad02.png','dev-oasys-files','image/png','png','aaaaa.png','8808',NULL,NULL,'2023-12-01 17:57:57','2024-03-16 16:20:45',NULL),(105,'/repair/31/6569a0150957f.png','image/png','repair/31/6569a0150957f.png','dev-oasys-files','image/png','png','bbbb.png','11578',NULL,NULL,'2023-12-01 17:57:57','2024-03-16 16:20:45',NULL),(106,'/repair/31/6569a117a61ad.png','image/png','repair/31/6569a117a61ad.png','dev-oasys-files','image/png','png','aaaaa.png','8808',NULL,NULL,'2023-12-01 18:02:16','2024-03-16 16:20:45',NULL),(107,'/repair/31/6569a11846d15.png','image/png','repair/31/6569a11846d15.png','dev-oasys-files','image/png','png','bbbb.png','11578',NULL,NULL,'2023-12-01 18:02:16','2024-03-16 16:20:45',NULL),(108,'/repair/31/6569a8bddae5b.png','image/png','repair/31/6569a8bddae5b.png','dev-oasys-files','image/png','png','aaaaa.png','8808',NULL,NULL,'2023-12-01 18:34:54','2024-03-16 16:20:45',NULL),(109,'/repair/31/6569a8be86527.png','image/png','repair/31/6569a8be86527.png','dev-oasys-files','image/png','png','bbbb.png','11578',NULL,NULL,'2023-12-01 18:34:54','2024-03-16 16:20:45',NULL),(110,'/repair/31/6569a9137c906.png','image/png','repair/31/6569a9137c906.png','dev-oasys-files','image/png','png','aaaaa.png','8808',NULL,NULL,'2023-12-01 18:36:20','2024-03-16 16:20:45',NULL),(111,'/repair/31/6569a9140c080.png','image/png','repair/31/6569a9140c080.png','dev-oasys-files','image/png','png','bbbb.png','11578',NULL,NULL,'2023-12-01 18:36:20','2024-03-16 16:20:45',NULL),(112,'/repair/31/6569aae69dc0a.png','image/png','repair/31/6569aae69dc0a.png','dev-oasys-files','image/png','png','aaaaa.png','8808',NULL,NULL,'2023-12-01 18:44:07','2024-03-16 16:20:45',NULL),(113,'/repair/31/6569aae756676.png','image/png','repair/31/6569aae756676.png','dev-oasys-files','image/png','png','bbbb.png','11578',NULL,NULL,'2023-12-01 18:44:07','2024-03-16 16:20:45',NULL),(114,'/repair/31/6569ab7284684.png','image/png','repair/31/6569ab7284684.png','dev-oasys-files','image/png','png','aaaaa.png','8808',NULL,NULL,'2023-12-01 18:46:27','2024-03-16 16:20:45',NULL),(115,'/repair/31/6569ab7326c4f.png','image/png','repair/31/6569ab7326c4f.png','dev-oasys-files','image/png','png','bbbb.png','11578',NULL,NULL,'2023-12-01 18:46:27','2024-03-16 16:20:45',NULL),(116,'/repair/31/6569ac2bcb313.png','image/png','repair/31/6569ac2bcb313.png','dev-oasys-files','image/png','png','aaaaa.png','8808',NULL,NULL,'2023-12-01 18:49:32','2024-03-16 16:20:45',NULL),(117,'/repair/31/6569ac2c738be.png','image/png','repair/31/6569ac2c738be.png','dev-oasys-files','image/png','png','bbbb.png','11578',NULL,NULL,'2023-12-01 18:49:32','2024-03-16 16:20:45',NULL),(118,'/repair/31/656a03957d874.jpeg','image/jpeg','repair/31/656a03957d874.jpeg','dev-oasys-files','image/jpeg','jpg','IMG_0508.jpeg','278068',NULL,NULL,'2023-12-02 01:02:30','2024-03-16 16:20:45',NULL),(119,'/repair/31/656a0396dab16.jpeg','image/jpeg','repair/31/656a0396dab16.jpeg','dev-oasys-files','image/jpeg','jpg','IMG_0509.jpeg','281955',NULL,NULL,'2023-12-02 01:02:31','2024-03-16 16:20:45',NULL),(120,'/repair/31/656a0426c06bd.jpeg','image/jpeg','repair/31/656a0426c06bd.jpeg','dev-oasys-files','image/jpeg','jpg','IMG_0508.jpeg','278068',NULL,NULL,'2023-12-02 01:04:55','2024-03-16 16:20:45',NULL),(121,'/repair/31/656a04272dca8.jpeg','image/jpeg','repair/31/656a04272dca8.jpeg','dev-oasys-files','image/jpeg','jpg','IMG_0509.jpeg','281955',NULL,NULL,'2023-12-02 01:04:55','2024-03-16 16:20:45',NULL),(122,'/pdf/news/656c3b0c30596.png','image/png','pdf/news/656c3b0c30596.png','dev-oasys-files','image/png','png','testtest.png','18221',NULL,NULL,'2023-12-03 17:23:41','2024-03-16 16:20:45',NULL),(123,'/maintenance/656c3d8901de8.png','image/png','maintenance/656c3d8901de8.png','dev-oasys-files','image/png','png','testtest.png','18221',NULL,NULL,'2023-12-03 17:34:17','2024-03-16 16:20:45',NULL),(124,'/pdf/maintenance/656c3e2f05714.png','image/png','pdf/maintenance/656c3e2f05714.png','dev-oasys-files','image/png','png','testtest.png','18221',NULL,NULL,'2023-12-03 17:37:03','2024-03-16 16:20:45',NULL),(125,'/pdf/maintenance/656c43f68ce27.png','image/png','pdf/maintenance/656c43f68ce27.png','dev-oasys-files','image/png','png','testtest.png','18221',NULL,NULL,'2023-12-03 18:01:42','2024-03-16 16:20:45',NULL),(126,'/pdf/maintenance/656c46f35a916.png','image/png','pdf/maintenance/656c46f35a916.png','dev-oasys-files','image/png','png','testtest.png','18221',NULL,NULL,'2023-12-03 18:14:27','2024-03-16 16:20:45','2023-12-03 18:15:43'),(127,'/pdf/maintenance/656c492e4007b.png','image/png','pdf/maintenance/656c492e4007b.png','dev-oasys-files','image/png','png','testtest.png','18221',NULL,NULL,'2023-12-03 18:23:58','2024-03-16 16:20:45',NULL),(128,'/pdf/maintenance/656c7341cbb7b.png','image/png','pdf/maintenance/656c7341cbb7b.png','dev-oasys-files','image/png','png','testtest.png','18221',NULL,NULL,'2023-12-03 21:23:30','2024-03-16 16:20:45',NULL),(129,'/pdf/maintenance/656c7598216a7.png','image/png','pdf/maintenance/656c7598216a7.png','dev-oasys-files','image/png','png','testtest.png','18221',NULL,NULL,'2023-12-03 21:33:29','2024-03-16 16:20:45',NULL),(130,'/pdf/maintenance/656c76114e523.png','image/png','pdf/maintenance/656c76114e523.png','dev-oasys-files','image/png','png','testtest.png','18221',NULL,NULL,'2023-12-03 21:35:29','2024-03-16 16:20:45',NULL),(131,'/pdf/maintenance/656c773994510.png','image/png','pdf/maintenance/656c773994510.png','dev-oasys-files','image/png','png','testtest.png','18221',NULL,NULL,'2023-12-03 21:40:25','2024-03-16 16:20:45',NULL),(132,'/pdf/maintenance/656c7760098c1.png','image/png','pdf/maintenance/656c7760098c1.png','dev-oasys-files','image/png','png','testtest.png','18221',NULL,NULL,'2023-12-03 21:41:04','2024-03-16 16:20:45',NULL),(133,'/pdf/maintenance/656c77dbc9cdd.png','image/png','pdf/maintenance/656c77dbc9cdd.png','dev-oasys-files','image/png','png','testtest.png','18221',NULL,NULL,'2023-12-03 21:43:07','2024-03-16 16:20:45',NULL),(134,'/pdf/maintenance/656c784abef08.png','image/png','pdf/maintenance/656c784abef08.png','dev-oasys-files','image/png','png','testtest.png','18221',NULL,NULL,'2023-12-03 21:44:59','2024-03-16 16:20:45',NULL),(135,'/pdf/maintenance/656c78737d225.png','image/png','pdf/maintenance/656c78737d225.png','dev-oasys-files','image/png','png','testtest.png','18221',NULL,NULL,'2023-12-03 21:45:39','2024-03-16 16:20:45',NULL),(136,'/repair/31/656d15f71d5dc.png','image/png','repair/31/656d15f71d5dc.png','dev-oasys-files','image/png','png','testtest.png','67055',NULL,NULL,'2023-12-04 08:57:44','2024-03-16 16:20:45',NULL),(137,'/repair/31/656d1682602eb.png','image/png','repair/31/656d1682602eb.png','dev-oasys-files','image/png','png','testtest.png','67055',NULL,NULL,'2023-12-04 09:00:03','2024-03-16 16:20:45',NULL),(138,'/repair/31/656d17a6e3b48.png','image/png','repair/31/656d17a6e3b48.png','dev-oasys-files','image/png','png','testtest.png','67055',NULL,NULL,'2023-12-04 09:04:55','2024-03-16 16:20:45',NULL),(139,'/repair/31/656d18953940a.png','image/png','repair/31/656d18953940a.png','dev-oasys-files','image/png','png','testtest.png','67055',NULL,NULL,'2023-12-04 09:08:54','2024-03-16 16:20:45',NULL),(140,'/repair/31/656d189676f2b.pdf','application/pdf','repair/31/656d189676f2b.pdf','dev-oasys-files','application/pdf','pdf','testtest.pdf','77195',NULL,NULL,'2023-12-04 09:08:55','2024-03-16 16:20:45',NULL),(141,'/repair/31/656d18e0e1737.png','image/png','repair/31/656d18e0e1737.png','dev-oasys-files','image/png','png','testtest.png','67055',NULL,NULL,'2023-12-04 09:10:09','2024-03-16 16:20:45',NULL),(142,'/repair/31/656d18e1a6829.pdf','application/pdf','repair/31/656d18e1a6829.pdf','dev-oasys-files','application/pdf','pdf','testtest.pdf','77195',NULL,NULL,'2023-12-04 09:10:10','2024-03-16 16:20:45',NULL),(143,'/repair/31/656d193a190b0.pdf','application/pdf','repair/31/656d193a190b0.pdf','dev-oasys-files','application/pdf','pdf','testtest.pdf','77195',NULL,NULL,'2023-12-04 09:11:38','2024-03-16 16:20:45','2023-12-04 09:20:51'),(144,'/repair/31/656d1b749311f.png','image/png','repair/31/656d1b749311f.png','dev-oasys-files','image/png','png','aaaa.png','53037',NULL,NULL,'2023-12-04 09:21:09','2024-03-16 16:20:45',NULL),(145,'/repair/31/656d1b92d8fd8.png','image/png','repair/31/656d1b92d8fd8.png','dev-oasys-files','image/png','png','bbbb.png','29673',NULL,NULL,'2023-12-04 09:21:39','2024-03-16 16:20:45',NULL),(146,'/repair/31/656d1c7b8c8f8.png','image/png','repair/31/656d1c7b8c8f8.png','dev-oasys-files','image/png','png','aaaa.png','53037',NULL,NULL,'2023-12-04 09:25:32','2024-03-16 16:20:45',NULL),(147,'/repair/31/656d1c7c979bc.png','image/png','repair/31/656d1c7c979bc.png','dev-oasys-files','image/png','png','bbbb.png','29673',NULL,NULL,'2023-12-04 09:25:32','2024-03-16 16:20:45',NULL),(148,'/repair/31/656d1d5660c18.png','image/png','repair/31/656d1d5660c18.png','dev-oasys-files','image/png','png','aaaa.png','53037',NULL,NULL,'2023-12-04 09:29:11','2024-03-16 16:20:45',NULL),(149,'/repair/31/656d1d57219b0.png','image/png','repair/31/656d1d57219b0.png','dev-oasys-files','image/png','png','bbbb.png','29673',NULL,NULL,'2023-12-04 09:29:11','2024-03-16 16:20:45',NULL),(150,'/repair/31/656d1d71bbd61.png','image/png','repair/31/656d1d71bbd61.png','dev-oasys-files','image/png','png','aaaa.png','53037',NULL,NULL,'2023-12-04 09:29:38','2024-03-16 16:20:45',NULL),(151,'/repair/31/656d1d72b8d36.png','image/png','repair/31/656d1d72b8d36.png','dev-oasys-files','image/png','png','bbbb.png','29673',NULL,NULL,'2023-12-04 09:29:39','2024-03-16 16:20:45',NULL),(152,'/repair/31/656d21fa4115f.pdf','application/pdf','repair/31/656d21fa4115f.pdf','dev-oasys-files','application/pdf','pdf','testtest.pdf','77195',NULL,NULL,'2023-12-04 09:48:59','2024-03-16 16:20:45',NULL),(153,'/repair/31/656d21fb70bcf.png','image/png','repair/31/656d21fb70bcf.png','dev-oasys-files','image/png','png','aaaa.png','53037',NULL,NULL,'2023-12-04 09:48:59','2024-03-16 16:20:45',NULL),(154,'/repair/31/656d21fbd1439.png','image/png','repair/31/656d21fbd1439.png','dev-oasys-files','image/png','png','bbbb.png','29673',NULL,NULL,'2023-12-04 09:49:00','2024-03-16 16:20:45',NULL),(155,'/repair/31/656d44e389a2c.png','image/png','repair/31/656d44e389a2c.png','dev-oasys-files','image/png','png','aaaa.png','53037',NULL,NULL,'2023-12-04 12:17:57','2024-03-16 16:20:45','2023-12-04 12:18:01'),(156,'/repair/31/656d44ecafb39.png','image/png','repair/31/656d44ecafb39.png','dev-oasys-files','image/png','png','aaaa.png','53037',NULL,NULL,'2023-12-04 12:18:05','2024-03-16 16:20:45',NULL),(157,'/repair/31/656d46e591739.png','image/png','repair/31/656d46e591739.png','dev-oasys-files','image/png','png','aaaa.png','53037',NULL,NULL,'2023-12-04 12:26:31','2024-03-16 16:20:45','2023-12-04 12:26:46'),(158,'/repair/31/656d474e7149c.png','image/png','repair/31/656d474e7149c.png','dev-oasys-files','image/png','png','aaaa.png','53037',NULL,NULL,'2023-12-04 12:28:16','2024-03-16 16:20:45',NULL),(159,'/repair/31/656d475c7a7c4.png','image/png','repair/31/656d475c7a7c4.png','dev-oasys-files','image/png','png','cccc.png','27700',NULL,NULL,'2023-12-04 12:28:29','2024-03-16 16:20:45',NULL),(160,'/repair/31/656d51d8237dc.pdf','application/pdf','repair/31/656d51d8237dc.pdf','dev-oasys-files','application/pdf','pdf','testtest.pdf','77195',NULL,NULL,'2023-12-04 13:13:13','2024-03-16 16:20:45',NULL),(161,'/repair/31/656d51f638f3b.pdf','application/pdf','repair/31/656d51f638f3b.pdf','dev-oasys-files','application/pdf','pdf','testtest.pdf','77195',NULL,NULL,'2023-12-04 13:13:43','2024-03-16 16:20:45',NULL),(162,'/repair/31/656d6179da6f1.png','image/png','repair/31/656d6179da6f1.png','dev-oasys-files','image/png','png','aaaa.png','53037',NULL,NULL,'2023-12-04 14:19:54','2024-03-16 16:20:45',NULL),(163,'/repair/31/656d617ae2dc3.png','image/png','repair/31/656d617ae2dc3.png','dev-oasys-files','image/png','png','bbbb.png','11578',NULL,NULL,'2023-12-04 14:19:55','2024-03-16 16:20:45',NULL),(164,'/pdf/inchargeSignature/6/656e91fff2200.png','data:image/png','656e91fff2200','dev-oasys-files','data:image/png','png','656e91fff2200.png','9203',NULL,NULL,'2023-12-05 11:59:12','2024-03-16 16:20:45',NULL),(165,'/pdf/signature/6/656e9d322d6e4.png','data:image/png','656e9d322d6e4','dev-oasys-files','data:image/png','png','656e9d322d6e4.png','5306',NULL,NULL,'2023-12-05 12:46:58','2024-03-16 16:20:45',NULL),(166,'/pdf/signature/6/656e9e69ca181.png','data:image/png','656e9e69ca181','dev-oasys-files','data:image/png','png','656e9e69ca181.png','6977',NULL,NULL,'2023-12-05 12:52:10','2024-03-16 16:20:45',NULL),(167,'/pdf/signature/6/656e9f8f46526.png','data:image/png','656e9f8f46526','dev-oasys-files','data:image/png','png','656e9f8f46526.png','7470',NULL,NULL,'2023-12-05 12:57:03','2024-03-16 16:20:45',NULL),(168,'/pdf/signature/6/656ea099d353a.png','data:image/png','656ea099d353a','dev-oasys-files','data:image/png','png','656ea099d353a.png','6405',NULL,NULL,'2023-12-05 13:01:30','2024-03-16 16:20:45',NULL),(169,'/pdf/signature/6/656ea0e90f272.png','data:image/png','656ea0e90f272','dev-oasys-files','data:image/png','png','656ea0e90f272.png','6784',NULL,NULL,'2023-12-05 13:02:49','2024-03-16 16:20:45',NULL),(170,'/pdf/signature/6/656ea15bc347b.png','data:image/png','656ea15bc347b','dev-oasys-files','data:image/png','png','656ea15bc347b.png','6074',NULL,NULL,'2023-12-05 13:04:44','2024-03-16 16:20:45',NULL),(171,'/pdf/signature/6/656ea412159c6.png','data:image/png','656ea412159c6','dev-oasys-files','data:image/png','png','656ea412159c6.png','6636',NULL,NULL,'2023-12-05 13:16:18','2024-03-16 16:20:45',NULL),(172,'/pdf/signature/6/656eb3b0049b1.png','data:image/png','656eb3b0049b1','dev-oasys-files','data:image/png','png','656eb3b0049b1.png','9086',NULL,NULL,'2023-12-05 14:22:56','2024-03-16 16:20:45',NULL),(173,'/pdf/signature/6/656eb3c1dc2e3.png','data:image/png','656eb3c1dc2e3','dev-oasys-files','data:image/png','png','656eb3c1dc2e3.png','9568',NULL,NULL,'2023-12-05 14:23:14','2024-03-16 16:20:45',NULL),(174,'/pdf/signature/6/656eb42461168.png','data:image/png','656eb42461168','dev-oasys-files','data:image/png','png','656eb42461168.png','7995',NULL,NULL,'2023-12-05 14:24:52','2024-03-16 16:20:45',NULL),(175,'/pdf/signature/6/656ec0fbdbb7d.png','data:image/png','656ec0fbdbb7d','dev-oasys-files','data:image/png','png','656ec0fbdbb7d.png','8257',NULL,NULL,'2023-12-05 15:19:40','2024-03-16 16:20:45',NULL),(176,'/pdf/signature/6/656ec10db8a91.png','data:image/png','656ec10db8a91','dev-oasys-files','data:image/png','png','656ec10db8a91.png','9093',NULL,NULL,'2023-12-05 15:19:57','2024-03-16 16:20:45',NULL),(177,'/pdf/signature/6/656ec1d0cad45.png','data:image/png','656ec1d0cad45','dev-oasys-files','data:image/png','png','656ec1d0cad45.png','9026',NULL,NULL,'2023-12-05 15:23:12','2024-03-16 16:20:45',NULL),(178,'/pdf/signature/6/656ec1dcebba3.png','data:image/png','656ec1dcebba3','dev-oasys-files','data:image/png','png','656ec1dcebba3.png','9693',NULL,NULL,'2023-12-05 15:23:25','2024-03-16 16:20:45',NULL),(179,'/pdf/signature/6/656ec232682ae.png','data:image/png','656ec232682ae','dev-oasys-files','data:image/png','png','656ec232682ae.png','7925',NULL,NULL,'2023-12-05 15:24:50','2024-03-16 16:20:45',NULL),(180,'/pdf/signature/6/656ec239ba56c.png','data:image/png','656ec239ba56c','dev-oasys-files','data:image/png','png','656ec239ba56c.png','7512',NULL,NULL,'2023-12-05 15:24:58','2024-03-16 16:20:45',NULL),(181,'/pdf/signature/6/656ec2cecc368.png','data:image/png','656ec2cecc368','dev-oasys-files','data:image/png','png','656ec2cecc368.png','6843',NULL,NULL,'2023-12-05 15:27:27','2024-03-16 16:20:45',NULL),(182,'/pdf/signature/6/656ec2d589783.png','data:image/png','656ec2d589783','dev-oasys-files','data:image/png','png','656ec2d589783.png','5699',NULL,NULL,'2023-12-05 15:27:33','2024-03-16 16:20:45',NULL),(183,'/pdf/signature/6/656eca967afe8.png','data:image/png','656eca967afe8','dev-oasys-files','data:image/png','png','656eca967afe8.png','8129',NULL,NULL,'2023-12-05 16:00:39','2024-03-16 16:20:45',NULL),(184,'/pdf/signature/6/656ecaa80aacb.png','data:image/png','656ecaa80aacb','dev-oasys-files','data:image/png','png','656ecaa80aacb.png','9492',NULL,NULL,'2023-12-05 16:00:56','2024-03-16 16:20:45',NULL),(185,'/pdf/signature/6/656ecfce09566.png','data:image/png','656ecfce09566','dev-oasys-files','data:image/png','png','656ecfce09566.png','10122',NULL,NULL,'2023-12-05 16:22:54','2024-03-16 16:20:45',NULL),(186,'/pdf/signature/6/656ecfe15de33.png','data:image/png','656ecfe15de33','dev-oasys-files','data:image/png','png','656ecfe15de33.png','8521',NULL,NULL,'2023-12-05 16:23:13','2024-03-16 16:20:45',NULL),(187,'/pdf/signature/6/656ed15d2893a.png','data:image/png','656ed15d2893a','dev-oasys-files','data:image/png','png','656ed15d2893a.png','8991',NULL,NULL,'2023-12-05 16:29:33','2024-03-16 16:20:45',NULL),(188,'/pdf/signature/6/656ed1698f4d9.png','data:image/png','656ed1698f4d9','dev-oasys-files','data:image/png','png','656ed1698f4d9.png','8985',NULL,NULL,'2023-12-05 16:29:45','2024-03-16 16:20:45',NULL),(189,'/pdf/signature/6/656ed1d8178d3.png','data:image/png','656ed1d8178d3','dev-oasys-files','data:image/png','png','656ed1d8178d3.png','8690',NULL,NULL,'2023-12-05 16:31:36','2024-03-16 16:20:45',NULL),(190,'/pdf/signature/6/656ed1e44c563.png','data:image/png','656ed1e44c563','dev-oasys-files','data:image/png','png','656ed1e44c563.png','10294',NULL,NULL,'2023-12-05 16:31:48','2024-03-16 16:20:45',NULL),(191,'/pdf/signature/6/656ed229bff08.png','data:image/png','656ed229bff08','dev-oasys-files','data:image/png','png','656ed229bff08.png','8481',NULL,NULL,'2023-12-05 16:32:58','2024-03-16 16:20:45',NULL),(192,'/pdf/signature/6/656ed23ebbcdd.png','data:image/png','656ed23ebbcdd','dev-oasys-files','data:image/png','png','656ed23ebbcdd.png','9399',NULL,NULL,'2023-12-05 16:33:19','2024-03-16 16:20:45',NULL),(193,'/pdf/signature/6/656ed2a716597.png','data:image/png','656ed2a716597','dev-oasys-files','data:image/png','png','656ed2a716597.png','6192',NULL,NULL,'2023-12-05 16:35:03','2024-03-16 16:20:45',NULL),(194,'/pdf/signature/6/656ed2ad759b1.png','data:image/png','656ed2ad759b1','dev-oasys-files','data:image/png','png','656ed2ad759b1.png','5553',NULL,NULL,'2023-12-05 16:35:10','2024-03-16 16:20:45',NULL),(195,'/repair/31/656f1ccccdc0f.png','image/png','repair/31/656f1ccccdc0f.png','dev-oasys-files','image/png','png','656d474e7149c.png','53037',NULL,NULL,'2023-12-05 21:51:25','2024-03-16 16:20:45',NULL),(196,'/pdf/invoices/84/x1qCvTfCLmp2up9icGXZF5Jh0MCBCE69aTNFXnPe.pdf',NULL,'pdf/invoices/84/x1qCvTfCLmp2up9icGXZF5Jh0MCBCE69aTNFXnPe.pdf','dev-oasys-files',NULL,NULL,'testpdf.pdf','243997',NULL,NULL,'2023-12-20 14:14:58','2024-03-16 16:20:45',NULL),(197,'/consumable_image/65be0a959a2f5.png','png','consumable_image/65be0a959a2f5.png','dev-oasys-files',NULL,NULL,'2.png','93790',NULL,NULL,'2024-02-03 18:42:45','2024-03-16 22:03:56',NULL),(200,'/consumable_image/65be28ef8f6eb.png','png','consumable_image/65be28ef8f6eb.png','dev-oasys-files',NULL,NULL,'2.png','93790',NULL,NULL,'2024-02-03 20:52:15','2024-03-16 22:03:56',NULL),(201,'/consumable_image/65be299db51c8.png','png','consumable_image/65be299db51c8.png','dev-oasys-files',NULL,NULL,'2.png','93790',NULL,NULL,'2024-02-03 20:55:09','2024-03-16 16:24:27',NULL),(202,'/consumable_image/65be35c62f807.png','png','osada-images/consumable_image/65be35c62f807.png','dev-oasys-files',NULL,NULL,'2.png','93790',NULL,NULL,'2024-02-03 21:47:02','2024-03-16 22:03:26',NULL),(203,'/consumable_image/65be36384b083.png','png','osada-images/consumable_image/65be36384b083.png','dev-oasys-files',NULL,NULL,'2.png','93790',NULL,NULL,'2024-02-03 21:48:56','2024-03-16 22:03:26',NULL),(204,'/consumable_image/65be36834e544.png','png','osada-images/consumable_image/65be36834e544.png','dev-oasys-files',NULL,NULL,'2.png','93790',NULL,NULL,'2024-02-03 21:50:11','2024-03-17 09:09:05',NULL),(205,'/consumable_image/65be38d6e2777.png','png','consumable_image/65be38d6e2777.png','dev-oasys-files',NULL,NULL,'2.png','93790',NULL,NULL,'2024-02-03 22:00:07','2024-03-17 09:07:56',NULL),(206,'//6614069634745.pdf','application/pdf','6614069634745.pdf','dev-oasys-files','application/pdf','pdf','OSADA Smart Support対象機器（国内歯科）.pdf','808531',NULL,NULL,'2024-04-09 00:00:39','2024-04-09 00:00:39',NULL),(207,'//661406e27193b.pdf','application/pdf','661406e27193b.pdf','dev-oasys-files','application/pdf','pdf','OSADA Smart Support対象機器（獣医）.pdf','524196',NULL,NULL,'2024-04-09 00:01:54','2024-04-09 00:01:54',NULL),(208,'//661406ff9c86d.pdf','application/pdf','661406ff9c86d.pdf','dev-oasys-files','application/pdf','pdf','OSADA Smart Support対象機器（医科）.pdf','968186',NULL,NULL,'2024-04-09 00:02:23','2024-04-09 00:02:23',NULL),(209,'//pdf/not_repair/66140b5048359.pdf','application/pdf','pdf/not_repair/66140b5048359.pdf','dev-oasys-files','application/pdf','pdf','OSADA Smart Support対象機器（国内歯科）.pdf','808531',NULL,NULL,'2024-04-09 00:20:48','2024-04-09 00:20:48',NULL),(210,'//pdf/not_repair/66140b63d9ebc.pdf','application/pdf','pdf/not_repair/66140b63d9ebc.pdf','dev-oasys-files','application/pdf','pdf','OSADA Smart Support対象機器（獣医）.pdf','524196',NULL,NULL,'2024-04-09 00:21:08','2024-04-09 00:21:08',NULL),(211,'//pdf/not_repair/66140b76a2176.pdf','application/pdf','pdf/not_repair/66140b76a2176.pdf','dev-oasys-files','application/pdf','pdf','OSADA Smart Support対象機器（医科）.pdf','968186',NULL,NULL,'2024-04-09 00:21:27','2024-04-09 00:21:27',NULL),(212,'/C:\\Users\\abesh\\AppData\\Local\\Temp\\php87C5.tmp',NULL,'pdf/invoices/92/NR7shHe4nxcPsNiUKFMzc5NiBD0V6HOFD0sx4Lhx.pdf','dev-oasys-files',NULL,NULL,'見積もり複数登録.pdf','388225',NULL,NULL,'2024-04-15 21:30:47','2024-04-15 21:30:47',NULL),(213,'/pdf/invoices/92/JgLAhfPKu9ZkRRcrYdBdwmjurLPhMQcFEy0RjOOV.pdf',NULL,'pdf/invoices/92/JgLAhfPKu9ZkRRcrYdBdwmjurLPhMQcFEy0RjOOV.pdf','dev-oasys-files',NULL,NULL,'見積もり複数登録.pdf','388225',NULL,NULL,'2024-04-15 21:35:03','2024-04-15 21:35:03',NULL),(214,'/664d98ec978a4.png','image/png','664d98ec978a4.png','dev-oasys-files','image/png','png','aaa.png','8420',NULL,NULL,'2024-05-22 16:04:13','2024-05-22 16:04:13',NULL),(215,'/664d9a392cb28.pdf','application/pdf','664d9a392cb28.pdf','dev-oasys-files','application/pdf','pdf','預かり修理→現場確認の仕様相談.pdf','657883',NULL,NULL,'2024-05-22 16:09:46','2024-05-22 16:09:46',NULL),(216,'//31/66507a68da53c.png','image/png','31/66507a68da53c.png','dev-oasys-files','image/png','png','aaaa.png','8504',NULL,NULL,'2024-05-24 20:30:49','2024-05-24 20:30:49',NULL),(217,'/pdf/chat/31/66507f12739b1.png','image/png','pdf/chat/31/66507f12739b1.png','dev-oasys-files','image/png','png','aaaa.png','8504',NULL,NULL,'2024-05-24 20:50:42','2024-05-24 20:50:42',NULL),(218,'/pdf/chat/31/66508171f0fde.pdf','application/pdf','pdf/chat/31/66508171f0fde.pdf','dev-oasys-files','application/pdf','pdf','仕様相談.pdf','868498',NULL,NULL,'2024-05-24 21:00:50','2024-05-24 21:00:50',NULL);

--
-- Table structure for table `guest_news`
--

CREATE TABLE `guest_news` (
  `id` int unsigned NOT NULL AUTO_INCREMENT COMMENT 'ID',
  `content` varchar(511) CHARACTER SET utf8mb4 COLLATE utf8mb4_unicode_ci NOT NULL COMMENT '内容',
  `content_en` varchar(511) CHARACTER SET utf8mb4 COLLATE utf8mb4_unicode_ci NOT NULL COMMENT '内容(英語)',
  `is_display` tinyint(1) NOT NULL DEFAULT '0' COMMENT '表示フラグ',
  `display_start_at` datetime NOT NULL COMMENT '表示開始日時',
  `display_end_at` datetime DEFAULT NULL COMMENT '表示終了日時',
  `created_at` datetime NOT NULL DEFAULT CURRENT_TIMESTAMP COMMENT '作成日時',
  `updated_at` datetime NOT NULL DEFAULT CURRENT_TIMESTAMP COMMENT '更新日時',
  `deleted_at` datetime DEFAULT NULL COMMENT '削除日時',
  PRIMARY KEY (`id`)
) ENGINE=InnoDB DEFAULT CHARSET=utf8mb4 COLLATE=utf8mb4_unicode_ci;

--
-- Dumping data for table `guest_news`
--


--
-- Table structure for table `interests`
--

CREATE TABLE `interests` (
  `id` int unsigned NOT NULL AUTO_INCREMENT COMMENT 'ID',
  `content` varchar(255) CHARACTER SET utf8mb4 COLLATE utf8mb4_unicode_ci DEFAULT NULL COMMENT '項目名',
  `content_en` varchar(255) CHARACTER SET utf8mb4 COLLATE utf8mb4_unicode_ci DEFAULT NULL COMMENT '項目名(英語)',
  `medical_category_id` int unsigned DEFAULT NULL COMMENT '医療カテゴリID',
  `created_at` datetime NOT NULL DEFAULT CURRENT_TIMESTAMP COMMENT '作成日時',
  `updated_at` datetime NOT NULL DEFAULT CURRENT_TIMESTAMP ON UPDATE CURRENT_TIMESTAMP COMMENT '更新日時',
  `deleted_at` datetime DEFAULT NULL COMMENT '削除日時',
  PRIMARY KEY (`id`),
  KEY `interests_medical_category_id_foreign` (`medical_category_id`),
  CONSTRAINT `interests_medical_category_id_foreign` FOREIGN KEY (`medical_category_id`) REFERENCES `medical_categories` (`id`)
) ENGINE=InnoDB AUTO_INCREMENT=21 DEFAULT CHARSET=utf8mb4 COLLATE=utf8mb4_unicode_ci;

--
-- Dumping data for table `interests`
--

INSERT INTO `interests` VALUES (1,'一般','General',1,'2023-07-09 14:45:26','2023-11-11 14:25:02',NULL),(2,'小児','Pediatrics',1,'2023-07-09 14:45:26','2023-11-11 14:25:02',NULL),(3,'矯正','Orthodontics',1,'2023-07-09 14:45:26','2023-11-11 14:25:02',NULL),(4,'口腔外科','Oral surgery',1,'2023-07-09 14:45:26','2023-11-11 14:25:02',NULL),(5,'予防','Prophylaxis',1,'2023-07-09 14:45:26','2023-11-11 14:25:02',NULL),(6,'審美','Aesthetics',1,'2023-07-09 14:45:26','2023-11-11 14:25:02',NULL),(7,'障害者','Disabled',1,'2023-07-09 14:45:26','2023-11-11 14:25:02',NULL),(8,'訪問診療','House call medicine',1,'2023-07-09 14:45:26','2023-11-11 14:25:02',NULL),(9,'高齢者','Elderly',1,'2023-07-09 14:45:26','2023-11-11 14:25:02',NULL),(10,'インプラント','Implants',1,'2023-07-09 14:45:26','2023-11-11 14:25:02',NULL),(11,'歯科','歯科',2,'2023-07-09 14:45:26','2023-11-11 14:25:02',NULL),(12,'整形外科','整形外科',2,'2023-07-09 14:45:26','2023-11-11 14:25:02',NULL),(13,'外科','外科',2,'2023-07-09 14:45:26','2023-11-11 14:25:02',NULL),(14,'エキゾチック','エキゾチック',2,'2023-07-09 14:45:26','2023-11-11 14:25:02',NULL),(15,'整形外科','整形外科',3,'2023-07-09 14:45:26','2023-11-11 14:25:02',NULL),(16,'形成外科','形成外科',3,'2023-07-09 14:45:26','2023-11-11 14:25:02',NULL),(17,'耳鼻咽喉科','耳鼻咽喉科',3,'2023-07-09 14:45:26','2023-11-11 14:25:02',NULL),(18,'産婦人科','産婦人科',3,'2023-07-09 14:45:26','2023-11-11 14:25:02',NULL),(19,'眼科','眼科',3,'2023-07-09 14:45:26','2023-11-11 14:25:02',NULL),(20,'その他','その他',4,'2023-07-09 14:45:26','2023-11-11 14:25:02',NULL);

--
-- Table structure for table `invoice_detail_files`
--

CREATE TABLE `invoice_detail_files` (
  `id` int unsigned NOT NULL AUTO_INCREMENT COMMENT 'ID',
  `estimate_info_id` int unsigned NOT NULL COMMENT '見積ID',
  `file_id` bigint unsigned DEFAULT NULL COMMENT 'ファイルID',
  `created_at` datetime NOT NULL DEFAULT CURRENT_TIMESTAMP COMMENT '作成日時',
  `updated_at` datetime NOT NULL DEFAULT CURRENT_TIMESTAMP ON UPDATE CURRENT_TIMESTAMP COMMENT '更新日時',
  `deleted_at` datetime DEFAULT NULL COMMENT '削除日時',
  PRIMARY KEY (`id`),
  KEY `invoice_detail_files_file_id_foreign` (`file_id`),
  KEY `invoice_detail_files_estimate_info_id_foreign` (`estimate_info_id`),
  CONSTRAINT `invoice_detail_files_estimate_info_id_foreign` FOREIGN KEY (`estimate_info_id`) REFERENCES `estimate_info` (`id`),
  CONSTRAINT `invoice_detail_files_file_id_foreign` FOREIGN KEY (`file_id`) REFERENCES `files` (`id`)
) ENGINE=InnoDB AUTO_INCREMENT=5 DEFAULT CHARSET=utf8mb4 COLLATE=utf8mb4_unicode_ci;

--
-- Dumping data for table `invoice_detail_files`
--

INSERT INTO `invoice_detail_files` VALUES (1,128,89,'2023-10-15 16:01:32','2023-10-15 16:01:32',NULL),(2,287,196,'2023-12-20 14:14:58','2023-12-20 14:14:58',NULL),(3,331,212,'2024-04-15 21:30:47','2024-04-15 21:30:47',NULL),(4,331,213,'2024-04-15 21:35:03','2024-04-15 21:35:03',NULL);

--
-- Table structure for table `invoice_files`
--

CREATE TABLE `invoice_files` (
  `id` int unsigned NOT NULL AUTO_INCREMENT COMMENT 'ID',
  `estimate_info_id` int unsigned NOT NULL COMMENT '見積ID',
  `file_id` bigint unsigned DEFAULT NULL COMMENT 'ファイルID',
  `created_at` datetime NOT NULL DEFAULT CURRENT_TIMESTAMP COMMENT '作成日時',
  `updated_at` datetime NOT NULL DEFAULT CURRENT_TIMESTAMP ON UPDATE CURRENT_TIMESTAMP COMMENT '更新日時',
  `deleted_at` datetime DEFAULT NULL COMMENT '削除日時',
  PRIMARY KEY (`id`),
  KEY `invoice_files_file_id_foreign` (`file_id`),
  KEY `invoice_files_estimate_info_id_foreign` (`estimate_info_id`),
  CONSTRAINT `invoice_files_estimate_info_id_foreign` FOREIGN KEY (`estimate_info_id`) REFERENCES `estimate_info` (`id`),
  CONSTRAINT `invoice_files_file_id_foreign` FOREIGN KEY (`file_id`) REFERENCES `files` (`id`)
) ENGINE=InnoDB DEFAULT CHARSET=utf8mb4 COLLATE=utf8mb4_unicode_ci;

--
-- Dumping data for table `invoice_files`
--


--
-- Table structure for table `item_categories`
--

CREATE TABLE `item_categories` (
  `id` bigint unsigned NOT NULL AUTO_INCREMENT COMMENT '項目種別ID',
  `name` varchar(255) CHARACTER SET utf8mb4 COLLATE utf8mb4_unicode_ci NOT NULL COMMENT '項目種別名',
  `name_en` varchar(255) CHARACTER SET utf8mb4 COLLATE utf8mb4_unicode_ci NOT NULL COMMENT '項目種別名(英語)',
  `description` varchar(255) CHARACTER SET utf8mb4 COLLATE utf8mb4_unicode_ci DEFAULT NULL COMMENT '説明',
  `description_en` varchar(255) CHARACTER SET utf8mb4 COLLATE utf8mb4_unicode_ci DEFAULT NULL COMMENT '説明(英語)',
  `created_at` datetime NOT NULL DEFAULT CURRENT_TIMESTAMP COMMENT '作成日時',
  `created_by` varchar(255) CHARACTER SET utf8mb4 COLLATE utf8mb4_unicode_ci DEFAULT NULL COMMENT '作成者',
  `updated_at` datetime NOT NULL DEFAULT CURRENT_TIMESTAMP COMMENT '更新日時',
  `updated_by` varchar(255) CHARACTER SET utf8mb4 COLLATE utf8mb4_unicode_ci DEFAULT NULL COMMENT '更新者',
  `deleted_at` datetime DEFAULT NULL COMMENT '削除日時',
  `deleted_by` varchar(255) CHARACTER SET utf8mb4 COLLATE utf8mb4_unicode_ci DEFAULT NULL COMMENT '削除者',
  PRIMARY KEY (`id`)
) ENGINE=InnoDB AUTO_INCREMENT=8 DEFAULT CHARSET=utf8mb4 COLLATE=utf8mb4_unicode_ci;

--
-- Dumping data for table `item_categories`
--

INSERT INTO `item_categories` VALUES (1,'税区分','税区分',NULL,NULL,'2023-09-09 06:35:35','kari_admin_user','2023-11-11 14:37:02','kari_admin_user',NULL,NULL),(2,'メーカー・仕入先','メーカー・仕入先',NULL,NULL,'2023-09-09 06:35:35','kari_admin_user','2023-11-11 14:37:02','kari_admin_user',NULL,NULL),(3,'日商区分','日商区分',NULL,NULL,'2023-09-09 06:35:35','kari_admin_user','2023-11-11 14:37:02','kari_admin_user',NULL,NULL),(4,'商品グループ','商品グループ',NULL,NULL,'2023-09-09 06:35:35','kari_admin_user','2023-11-11 14:37:02','kari_admin_user',NULL,NULL),(5,'取扱区分','取扱区分',NULL,NULL,'2023-09-09 06:35:35','kari_admin_user','2023-11-11 14:37:02','kari_admin_user',NULL,NULL),(6,'トレーサビリティ','トレーサビリティ',NULL,NULL,'2023-09-09 06:35:35','kari_admin_user','2023-11-11 14:37:02','kari_admin_user',NULL,NULL),(7,'薬機項目','薬機項目',NULL,NULL,'2023-09-09 06:35:35','kari_admin_user','2023-11-11 14:37:02','kari_admin_user',NULL,NULL);

--
-- Table structure for table `items`
--

CREATE TABLE `items` (
  `id` bigint unsigned NOT NULL AUTO_INCREMENT COMMENT '項目ID',
  `item_category_id` int NOT NULL COMMENT '項目種別ID',
  `name` varchar(255) CHARACTER SET utf8mb4 COLLATE utf8mb4_unicode_ci NOT NULL COMMENT '項目名',
  `name_en` varchar(255) CHARACTER SET utf8mb4 COLLATE utf8mb4_unicode_ci NOT NULL COMMENT '項目名(英語)',
  `description` varchar(255) CHARACTER SET utf8mb4 COLLATE utf8mb4_unicode_ci DEFAULT NULL COMMENT '説明',
  `description_en` varchar(255) CHARACTER SET utf8mb4 COLLATE utf8mb4_unicode_ci DEFAULT NULL COMMENT '説明(英語)',
  `created_at` datetime NOT NULL DEFAULT CURRENT_TIMESTAMP COMMENT '作成日時',
  `created_by` varchar(255) CHARACTER SET utf8mb4 COLLATE utf8mb4_unicode_ci DEFAULT NULL COMMENT '作成者',
  `updated_at` datetime NOT NULL DEFAULT CURRENT_TIMESTAMP COMMENT '更新日時',
  `updated_by` varchar(255) CHARACTER SET utf8mb4 COLLATE utf8mb4_unicode_ci DEFAULT NULL COMMENT '更新者',
  `deleted_at` datetime DEFAULT NULL COMMENT '削除日時',
  `deleted_by` varchar(255) CHARACTER SET utf8mb4 COLLATE utf8mb4_unicode_ci DEFAULT NULL COMMENT '削除者',
  PRIMARY KEY (`id`),
  KEY `items_item_category_id_index` (`item_category_id`)
) ENGINE=InnoDB AUTO_INCREMENT=106 DEFAULT CHARSET=utf8mb4 COLLATE=utf8mb4_unicode_ci;

--
-- Dumping data for table `items`
--

INSERT INTO `items` VALUES (1,1,'税込','税込',NULL,NULL,'2023-09-09 06:35:35','kari_admin_user','2023-11-11 14:37:02','kari_admin_user',NULL,NULL),(2,1,'税抜','税抜',NULL,NULL,'2023-09-09 06:35:35','kari_admin_user','2023-11-11 14:37:02','kari_admin_user',NULL,NULL),(3,1,'非課税','非課税',NULL,NULL,'2023-09-09 06:35:35','kari_admin_user','2023-11-11 14:37:02','kari_admin_user',NULL,NULL),(4,2,'オサダサービス','オサダサービス',NULL,NULL,'2023-09-09 06:35:35','kari_admin_user','2023-11-11 14:37:02','kari_admin_user',NULL,NULL),(5,2,'東京工場','東京工場',NULL,NULL,'2023-09-09 06:35:35','kari_admin_user','2023-11-11 14:37:02','kari_admin_user',NULL,NULL),(6,2,'東京工場(メディカル取扱品)','東京工場(メディカル取扱品)',NULL,NULL,'2023-09-09 06:35:35','kari_admin_user','2023-11-11 14:37:02','kari_admin_user',NULL,NULL),(7,2,'名古屋工場','名古屋工場',NULL,NULL,'2023-09-09 06:35:35','kari_admin_user','2023-11-11 14:37:02','kari_admin_user',NULL,NULL),(8,2,'商品管理センター(PB）','商品管理センター(PB）',NULL,NULL,'2023-09-09 06:35:35','kari_admin_user','2023-11-11 14:37:02','kari_admin_user',NULL,NULL),(9,2,'商品管理センター(ユニット)','商品管理センター(ユニット)',NULL,NULL,'2023-09-09 06:35:35','kari_admin_user','2023-11-11 14:37:02','kari_admin_user',NULL,NULL),(10,2,'株式会社東京技研','株式会社東京技研',NULL,NULL,'2023-09-09 06:35:35','kari_admin_user','2023-11-11 14:37:02','kari_admin_user',NULL,NULL),(11,3,'日商','日商',NULL,NULL,'2023-09-09 06:35:35','kari_admin_user','2023-11-11 14:37:02','kari_admin_user',NULL,NULL),(12,3,'アルテックス','アルテックス',NULL,NULL,'2023-09-09 06:35:35','kari_admin_user','2023-11-11 14:37:02','kari_admin_user',NULL,NULL),(13,3,'ユニット','ユニット',NULL,NULL,'2023-09-09 06:35:35','kari_admin_user','2023-11-11 14:37:02','kari_admin_user',NULL,NULL),(14,3,'OPU','OPU',NULL,NULL,'2023-09-09 06:35:35','kari_admin_user','2023-11-11 14:37:02','kari_admin_user',NULL,NULL),(15,3,'OSL','OSL',NULL,NULL,'2023-09-09 06:35:35','kari_admin_user','2023-11-11 14:37:02','kari_admin_user',NULL,NULL),(16,4,'BL','BL',NULL,NULL,'2023-09-09 06:35:35','kari_admin_user','2023-11-11 14:37:02','kari_admin_user',NULL,NULL),(17,4,'CT装置','CT装置',NULL,NULL,'2023-09-09 06:35:35','kari_admin_user','2023-11-11 14:37:02','kari_admin_user',NULL,NULL),(18,4,'DDX','DDX',NULL,NULL,'2023-09-09 06:35:35','kari_admin_user','2023-11-11 14:37:02','kari_admin_user',NULL,NULL),(19,4,'SAFファイル','SAFファイル',NULL,NULL,'2023-09-09 06:35:35','kari_admin_user','2023-11-11 14:37:02','kari_admin_user',NULL,NULL),(20,4,'ST','ST',NULL,NULL,'2023-09-09 06:35:35','kari_admin_user','2023-11-11 14:37:02','kari_admin_user',NULL,NULL),(21,4,'XL','XL',NULL,NULL,'2023-09-09 06:35:35','kari_admin_user','2023-11-11 14:37:02','kari_admin_user',NULL,NULL),(22,4,'アピット','アピット',NULL,NULL,'2023-09-09 06:35:35','kari_admin_user','2023-11-11 14:37:02','kari_admin_user',NULL,NULL),(23,4,'アルテックス','アルテックス',NULL,NULL,'2023-09-09 06:35:35','kari_admin_user','2023-11-11 14:37:02','kari_admin_user',NULL,NULL),(24,4,'エナック','エナック',NULL,NULL,'2023-09-09 06:35:35','kari_admin_user','2023-11-11 14:37:02','kari_admin_user',NULL,NULL),(25,4,'エナック・ファルコンホース','エナック・ファルコンホース',NULL,NULL,'2023-09-09 06:35:35','kari_admin_user','2023-11-11 14:37:02','kari_admin_user',NULL,NULL),(26,4,'エナック動物用','エナック動物用',NULL,NULL,'2023-09-09 06:35:35','kari_admin_user','2023-11-11 14:37:02','kari_admin_user',NULL,NULL),(27,4,'エレクトロサージェリー','エレクトロサージェリー',NULL,NULL,'2023-09-09 06:35:35','kari_admin_user','2023-11-11 14:37:02','kari_admin_user',NULL,NULL),(28,4,'オーソフォス','オーソフォス',NULL,NULL,'2023-09-09 06:35:35','kari_admin_user','2023-11-11 14:37:02','kari_admin_user',NULL,NULL),(29,4,'オートドレンバルブ','オートドレンバルブ',NULL,NULL,'2023-09-09 06:35:35','kari_admin_user','2023-11-11 14:37:02','kari_admin_user',NULL,NULL),(30,4,'オートルーブ','オートルーブ',NULL,NULL,'2023-09-09 06:35:35','kari_admin_user','2023-11-11 14:37:02','kari_admin_user',NULL,NULL),(31,4,'オーレックス','オーレックス',NULL,NULL,'2023-09-09 06:35:35','kari_admin_user','2023-11-11 14:37:02','kari_admin_user',NULL,NULL),(32,4,'オパル','オパル',NULL,NULL,'2023-09-09 06:35:35','kari_admin_user','2023-11-11 14:37:02','kari_admin_user',NULL,NULL),(33,4,'カートリッジランプ','カートリッジランプ',NULL,NULL,'2023-09-09 06:35:35','kari_admin_user','2023-11-11 14:37:02','kari_admin_user',NULL,NULL),(34,4,'キャビコン','キャビコン',NULL,NULL,'2023-09-09 06:35:35','kari_admin_user','2023-11-11 14:37:02','kari_admin_user',NULL,NULL),(35,4,'キャビネット','キャビネット',NULL,NULL,'2023-09-09 06:35:35','kari_admin_user','2023-11-11 14:37:02','kari_admin_user',NULL,NULL),(36,4,'クリーンクリニック','クリーンクリニック',NULL,NULL,'2023-09-09 06:35:35','kari_admin_user','2023-11-11 14:37:02','kari_admin_user',NULL,NULL),(37,4,'グリーンシャワー','グリーンシャワー',NULL,NULL,'2023-09-09 06:35:35','kari_admin_user','2023-11-11 14:37:02','kari_admin_user',NULL,NULL),(38,4,'コントラシャンク・ヘッド・アングル','コントラシャンク・ヘッド・アングル',NULL,NULL,'2023-09-09 06:35:35','kari_admin_user','2023-11-11 14:37:02','kari_admin_user',NULL,NULL),(39,4,'コンビ','コンビ',NULL,NULL,'2023-09-09 06:35:35','kari_admin_user','2023-11-11 14:37:02','kari_admin_user',NULL,NULL),(40,4,'サージェリーサクセス','サージェリーサクセス',NULL,NULL,'2023-09-09 06:35:35','kari_admin_user','2023-11-11 14:37:02','kari_admin_user',NULL,NULL),(41,4,'サクセス','サクセス',NULL,NULL,'2023-09-09 06:35:35','kari_admin_user','2023-11-11 14:37:02','kari_admin_user',NULL,NULL),(42,4,'サクセスバー・ドリル','サクセスバー・ドリル',NULL,NULL,'2023-09-09 06:35:35','kari_admin_user','2023-11-11 14:37:02','kari_admin_user',NULL,NULL),(43,4,'シリウス','シリウス',NULL,NULL,'2023-09-09 06:35:35','kari_admin_user','2023-11-11 14:37:02','kari_admin_user',NULL,NULL),(44,4,'シリンジホース','シリンジホース',NULL,NULL,'2023-09-09 06:35:35','kari_admin_user','2023-11-11 14:37:02','kari_admin_user',NULL,NULL),(45,4,'シンフォニー','シンフォニー',NULL,NULL,'2023-09-09 06:35:35','kari_admin_user','2023-11-11 14:37:02','kari_admin_user',NULL,NULL),(46,4,'スーペリア','スーペリア',NULL,NULL,'2023-09-09 06:35:35','kari_admin_user','2023-11-11 14:37:02','kari_admin_user',NULL,NULL),(47,4,'ストレートハンドピース','ストレートハンドピース',NULL,NULL,'2023-09-09 06:35:35','kari_admin_user','2023-11-11 14:37:02','kari_admin_user',NULL,NULL),(48,4,'スマイリーGM','スマイリーGM',NULL,NULL,'2023-09-09 06:35:35','kari_admin_user','2023-11-11 14:37:02','kari_admin_user',NULL,NULL),(49,4,'スマイリーJ','スマイリーJ',NULL,NULL,'2023-09-09 06:35:35','kari_admin_user','2023-11-11 14:37:02','kari_admin_user',NULL,NULL),(50,4,'スマイリーＮ','スマイリーＮ',NULL,NULL,'2023-09-09 06:35:35','kari_admin_user','2023-11-11 14:37:02','kari_admin_user',NULL,NULL),(51,4,'スマイリーZ','スマイリーZ',NULL,NULL,'2023-09-09 06:35:35','kari_admin_user','2023-11-11 14:37:02','kari_admin_user',NULL,NULL),(52,4,'スマイリーイニシオ','スマイリーイニシオ',NULL,NULL,'2023-09-09 06:35:35','kari_admin_user','2023-11-11 14:37:02','kari_admin_user',NULL,NULL),(53,4,'スマイリーコム','スマイリーコム',NULL,NULL,'2023-09-09 06:35:35','kari_admin_user','2023-11-11 14:37:02','kari_admin_user',NULL,NULL),(54,4,'セントラルバキューム','セントラルバキューム',NULL,NULL,'2023-09-09 06:35:35','kari_admin_user','2023-11-11 14:37:02','kari_admin_user',NULL,NULL),(55,4,'タービン','タービン',NULL,NULL,'2023-09-09 06:35:35','kari_admin_user','2023-11-11 14:37:02','kari_admin_user',NULL,NULL),(56,4,'タービンカートリッジ','タービンカートリッジ',NULL,NULL,'2023-09-09 06:35:35','kari_admin_user','2023-11-11 14:37:02','kari_admin_user',NULL,NULL),(57,4,'タービンスプレー','タービンスプレー',NULL,NULL,'2023-09-09 06:35:35','kari_admin_user','2023-11-11 14:37:02','kari_admin_user',NULL,NULL),(58,4,'タービンホース','タービンホース',NULL,NULL,'2023-09-09 06:35:35','kari_admin_user','2023-11-11 14:37:02','kari_admin_user',NULL,NULL),(59,4,'チェア','チェア',NULL,NULL,'2023-09-09 06:35:35','kari_admin_user','2023-11-11 14:37:02','kari_admin_user',NULL,NULL),(60,4,'チップ','チップ',NULL,NULL,'2023-09-09 06:35:35','kari_admin_user','2023-11-11 14:37:02','kari_admin_user',NULL,NULL),(61,4,'バーナー','バーナー',NULL,NULL,'2023-09-09 06:35:35','kari_admin_user','2023-11-11 14:37:02','kari_admin_user',NULL,NULL),(62,4,'パイプクリーナー','パイプクリーナー',NULL,NULL,'2023-09-09 06:35:35','kari_admin_user','2023-11-11 14:37:02','kari_admin_user',NULL,NULL),(63,4,'バキュームホース','バキュームホース',NULL,NULL,'2023-09-09 06:35:35','kari_admin_user','2023-11-11 14:37:02','kari_admin_user',NULL,NULL),(64,4,'ハンドピーススプレー','ハンドピーススプレー',NULL,NULL,'2023-09-09 06:35:35','kari_admin_user','2023-11-11 14:37:02','kari_admin_user',NULL,NULL),(65,4,'パントリア','パントリア',NULL,NULL,'2023-09-09 06:35:35','kari_admin_user','2023-11-11 14:37:02','kari_admin_user',NULL,NULL),(66,4,'ピュアトロン','ピュアトロン',NULL,NULL,'2023-09-09 06:35:35','kari_admin_user','2023-11-11 14:37:02','kari_admin_user',NULL,NULL),(67,4,'ファルコン','ファルコン',NULL,NULL,'2023-09-09 06:35:35','kari_admin_user','2023-11-11 14:37:02','kari_admin_user',NULL,NULL),(68,4,'ブライトビジョン','ブライトビジョン',NULL,NULL,'2023-09-09 06:35:35','kari_admin_user','2023-11-11 14:37:02','kari_admin_user',NULL,NULL),(69,4,'ポータブルユニット','ポータブルユニット',NULL,NULL,'2023-09-09 06:35:35','kari_admin_user','2023-11-11 14:37:02','kari_admin_user',NULL,NULL),(70,4,'ポータブルレントゲン','ポータブルレントゲン',NULL,NULL,'2023-09-09 06:35:35','kari_admin_user','2023-11-11 14:37:02','kari_admin_user',NULL,NULL),(71,4,'ポータルブルエンジン','ポータルブルエンジン',NULL,NULL,'2023-09-09 06:35:35','kari_admin_user','2023-11-11 14:37:02','kari_admin_user',NULL,NULL),(72,4,'ポラリス','ポラリス',NULL,NULL,'2023-09-09 06:35:35','kari_admin_user','2023-11-11 14:37:02','kari_admin_user',NULL,NULL),(73,4,'マーブクリーン','マーブクリーン',NULL,NULL,'2023-09-09 06:35:35','kari_admin_user','2023-11-11 14:37:02','kari_admin_user',NULL,NULL),(74,4,'ミニキューター','ミニキューター',NULL,NULL,'2023-09-09 06:35:35','kari_admin_user','2023-11-11 14:37:02','kari_admin_user',NULL,NULL),(75,4,'モータ','モータ',NULL,NULL,'2023-09-09 06:35:35','kari_admin_user','2023-11-11 14:37:02','kari_admin_user',NULL,NULL),(76,4,'モータホース','モータホース',NULL,NULL,'2023-09-09 06:35:35','kari_admin_user','2023-11-11 14:37:02','kari_admin_user',NULL,NULL),(77,4,'ヤグレーザ','ヤグレーザ',NULL,NULL,'2023-09-09 06:35:35','kari_admin_user','2023-11-11 14:37:02','kari_admin_user',NULL,NULL),(78,4,'ユーフォリア','ユーフォリア',NULL,NULL,'2023-09-09 06:35:35','kari_admin_user','2023-11-11 14:37:02','kari_admin_user',NULL,NULL),(79,4,'ユニオート','ユニオート',NULL,NULL,'2023-09-09 06:35:35','kari_admin_user','2023-11-11 14:37:02','kari_admin_user',NULL,NULL),(80,4,'ユニットクリーナ―','ユニットクリーナ―',NULL,NULL,'2023-09-09 06:35:35','kari_admin_user','2023-11-11 14:37:02','kari_admin_user',NULL,NULL),(81,4,'ルーカス','ルーカス',NULL,NULL,'2023-09-09 06:35:35','kari_admin_user','2023-11-11 14:37:02','kari_admin_user',NULL,NULL),(82,4,'レーズ','レーズ',NULL,NULL,'2023-09-09 06:35:35','kari_admin_user','2023-11-11 14:37:02','kari_admin_user',NULL,NULL),(83,4,'衛生士用ユニット','衛生士用ユニット',NULL,NULL,'2023-09-09 06:35:35','kari_admin_user','2023-11-11 14:37:02','kari_admin_user',NULL,NULL),(84,4,'光重合','光重合',NULL,NULL,'2023-09-09 06:35:35','kari_admin_user','2023-11-11 14:37:02','kari_admin_user',NULL,NULL),(85,4,'口腔内カメラ','口腔内カメラ',NULL,NULL,'2023-09-09 06:35:35','kari_admin_user','2023-11-11 14:37:02','kari_admin_user',NULL,NULL),(86,4,'取扱レントゲン','取扱レントゲン',NULL,NULL,'2023-09-09 06:35:35','kari_admin_user','2023-11-11 14:37:02','kari_admin_user',NULL,NULL),(87,4,'小児用ユニット','小児用ユニット',NULL,NULL,'2023-09-09 06:35:35','kari_admin_user','2023-11-11 14:37:02','kari_admin_user',NULL,NULL),(88,4,'洗浄器','洗浄器',NULL,NULL,'2023-09-09 06:35:35','kari_admin_user','2023-11-11 14:37:02','kari_admin_user',NULL,NULL),(89,4,'半導体レーザ','半導体レーザ',NULL,NULL,'2023-09-09 06:35:35','kari_admin_user','2023-11-11 14:37:02','kari_admin_user',NULL,NULL),(90,4,'滅菌器','滅菌器',NULL,NULL,'2023-09-09 06:35:35','kari_admin_user','2023-11-11 14:37:02','kari_admin_user',NULL,NULL),(91,4,'その他','その他',NULL,NULL,'2023-09-09 06:35:35','kari_admin_user','2023-11-11 14:37:02','kari_admin_user',NULL,NULL),(92,5,'メディカル用','メディカル用',NULL,NULL,'2023-09-09 06:35:35','kari_admin_user','2023-11-11 14:37:02','kari_admin_user',NULL,NULL),(93,5,'輸出用','輸出用',NULL,NULL,'2023-09-09 06:35:35','kari_admin_user','2023-11-11 14:37:02','kari_admin_user',NULL,NULL),(94,6,'対象','対象',NULL,NULL,'2023-09-09 06:35:35','kari_admin_user','2023-11-11 14:37:02','kari_admin_user',NULL,NULL),(95,6,'非対象','非対象',NULL,NULL,'2023-09-09 06:35:35','kari_admin_user','2023-11-11 14:37:02','kari_admin_user',NULL,NULL),(96,7,'クラスⅠ','クラスⅠ',NULL,NULL,'2023-09-09 06:35:35','kari_admin_user','2023-11-11 14:37:02','kari_admin_user',NULL,NULL),(97,7,'クラスⅠ・特定保守管理','クラスⅠ・特定保守管理',NULL,NULL,'2023-09-09 06:35:35','kari_admin_user','2023-11-11 14:37:02','kari_admin_user',NULL,NULL),(98,7,'クラスⅠ・特定保守管理・設置管理','クラスⅠ・特定保守管理・設置管理',NULL,NULL,'2023-09-09 06:35:35','kari_admin_user','2023-11-11 14:37:02','kari_admin_user',NULL,NULL),(99,7,'クラスⅡ','クラスⅡ',NULL,NULL,'2023-09-09 06:35:35','kari_admin_user','2023-11-11 14:37:02','kari_admin_user',NULL,NULL),(100,7,'クラスⅡ・特定保守管理','クラスⅡ・特定保守管理',NULL,NULL,'2023-09-09 06:35:35','kari_admin_user','2023-11-11 14:37:02','kari_admin_user',NULL,NULL),(101,7,'クラスⅡ・特定保守管理・設置管理','クラスⅡ・特定保守管理・設置管理',NULL,NULL,'2023-09-09 06:35:35','kari_admin_user','2023-11-11 14:37:02','kari_admin_user',NULL,NULL),(102,7,'クラスⅢ・設置管理','クラスⅢ・設置管理',NULL,NULL,'2023-09-09 06:35:35','kari_admin_user','2023-11-11 14:37:02','kari_admin_user',NULL,NULL),(103,7,'クラスⅢ・特定保守管理・設置管理','クラスⅢ・特定保守管理・設置管理',NULL,NULL,'2023-09-09 06:35:35','kari_admin_user','2023-11-11 14:37:02','kari_admin_user',NULL,NULL),(104,7,'一般','一般',NULL,NULL,'2023-09-09 06:35:35','kari_admin_user','2023-11-11 14:37:02','kari_admin_user',NULL,NULL),(105,7,'管理','管理',NULL,NULL,'2023-09-09 06:35:35','kari_admin_user','2023-11-11 14:37:02','kari_admin_user',NULL,NULL);

--
-- Table structure for table `languages`
--

CREATE TABLE `languages` (
  `id` int unsigned NOT NULL AUTO_INCREMENT COMMENT 'ID',
  `name_ja` varchar(255) CHARACTER SET utf8mb4 COLLATE utf8mb4_unicode_ci NOT NULL COMMENT '日本語名',
  `name_en` varchar(255) CHARACTER SET utf8mb4 COLLATE utf8mb4_unicode_ci NOT NULL COMMENT '英語名',
  `short_name` varchar(255) CHARACTER SET utf8mb4 COLLATE utf8mb4_unicode_ci DEFAULT NULL COMMENT '略称',
  `is_show` tinyint NOT NULL DEFAULT '0' COMMENT '言語表示フラグ',
  `is_rtl` tinyint NOT NULL DEFAULT '0' COMMENT 'RTL向けスタイル適応フラグ',
  `created_at` datetime NOT NULL DEFAULT CURRENT_TIMESTAMP COMMENT '作成日時',
  `updated_at` datetime NOT NULL DEFAULT CURRENT_TIMESTAMP ON UPDATE CURRENT_TIMESTAMP COMMENT '更新日時',
  `deleted_at` datetime DEFAULT NULL COMMENT '削除日時',
  PRIMARY KEY (`id`)
) ENGINE=InnoDB AUTO_INCREMENT=32 DEFAULT CHARSET=utf8mb4 COLLATE=utf8mb4_unicode_ci;

--
-- Dumping data for table `languages`
--

INSERT INTO `languages` VALUES (1,'英語 (English)','English (English)','en',1,0,'2023-07-02 12:40:49','2023-10-18 15:25:26',NULL),(2,'中国語 (中文 / 汉语)','Chinese (中文 / 汉语)','zh',0,0,'2023-07-02 12:40:49','2023-10-18 10:32:29',NULL),(3,'スペイン語 (Español)','Spanish (Español)','es',0,0,'2023-07-02 12:40:49','2023-10-18 10:32:29',NULL),(4,'ヒンディー語 (हिन्दी)','Hindi (हिन्दी)','hi',0,0,'2023-07-02 12:40:49','2023-10-18 10:32:29',NULL),(5,'アラビア語 (العربية)','Arabic (العربية)','ar',0,0,'2023-07-02 12:40:49','2023-10-18 10:32:29',NULL),(6,'ポルトガル語 (Português)','Portuguese (Português)','pt',0,0,'2023-07-02 12:40:49','2023-10-18 10:32:29',NULL),(7,'ロシア語 (Русский)','Russian (Русский)','ru',0,0,'2023-07-02 12:40:49','2023-10-18 10:32:30',NULL),(8,'フランス語 (Français)','French (Français)','fr',0,0,'2023-07-02 12:40:49','2023-10-18 10:32:30',NULL),(9,'ベンガル語 (বাংলা)','Bengali (বাংলা)','bn',0,0,'2023-07-02 12:40:49','2023-10-18 10:32:30',NULL),(10,'ドイツ語 (Deutsch)','German (Deutsch)','de',0,0,'2023-07-02 12:40:49','2023-10-18 10:32:30',NULL),(11,'日本語 (日本語)','Japanese (日本語)','ja',1,0,'2023-07-02 12:40:49','2023-10-18 15:25:24',NULL),(12,'ウルドゥー語 (اردو)','Urdu (اردو)','ur',0,0,'2023-07-02 12:40:49','2023-10-18 10:32:30',NULL),(13,'インドネシア語 (Bahasa Indonesia)','Indonesian (Bahasa Indonesia)','id',0,0,'2023-07-02 12:40:49','2023-10-18 10:32:30',NULL),(14,'イタリア語 (Italiano)','Italian (Italiano)','it',0,0,'2023-07-02 12:40:49','2023-10-18 10:32:30',NULL),(15,'タガログ語 (Tagalog)','Tagalog (Tagalog)','tl',0,0,'2023-07-02 12:40:49','2023-10-18 10:32:30',NULL),(16,'クメール語 (ភាសាខ្មែរ)','Khmer (ភាសាខ្មែរ)','km',0,0,'2023-07-02 12:40:49','2023-10-18 10:32:30',NULL),(17,'トルコ語 (Türkçe)','Turkish (Türkçe)','tr',0,0,'2023-07-02 12:40:49','2023-10-18 10:32:30',NULL),(18,'ウクライナ語 (Українська)','Ukrainian (Українська)','uk',0,0,'2023-07-02 12:40:49','2023-10-18 10:32:30',NULL),(19,'グジャラート語 (ગુજરાતી)','Gujarati (ગુજરાતી)','gu',0,0,'2023-07-02 12:40:49','2023-10-18 10:32:30',NULL),(20,'オランダ語 (Nederlands)','Dutch (Nederlands)','nl',0,0,'2023-07-02 12:40:49','2023-10-18 10:32:30',NULL),(21,'ベトナム語 (Tiếng Việt)','Vietnamese (Tiếng Việt)','vi',0,0,'2023-07-02 12:40:49','2023-10-18 10:32:30',NULL),(22,'イングランド・ウェールズ語 (Cymraeg)','Welsh (Cymraeg)','cy',0,0,'2023-07-02 12:40:49','2023-10-18 10:32:30',NULL),(23,'パンジャブ語 (ਪੰਜਾਬੀ)','Punjabi (ਪੰਜਾਬੀ)','pa',0,0,'2023-07-02 12:40:49','2023-10-18 10:32:30',NULL),(24,'ヘブライ語 (עִבְרִית)','Hebrew (עִבְרִית)','he',0,0,'2023-07-02 12:40:49','2023-10-18 10:32:30',NULL),(25,'チェコ語 (Čeština)','Czech (Čeština)','cs',0,0,'2023-07-02 12:40:49','2023-10-18 10:32:30',NULL),(26,'スウェーデン語 (Svenska)','Swedish (Svenska)','sv',0,0,'2023-07-02 12:40:49','2023-10-18 10:32:30',NULL),(27,'ノルウェー語 (Norsk)','Norwegian (Norsk)','no',0,0,'2023-07-02 12:40:49','2023-10-18 10:32:30',NULL),(28,'スロバキア語 (Slovenčina)','Slovak (Slovenčina)','sk',0,0,'2023-07-02 12:40:49','2023-10-18 10:32:30',NULL),(29,'フィンランド語 (Suomi)','Finnish (Suomi)','fi',0,0,'2023-07-02 12:40:49','2023-10-18 10:32:30',NULL),(30,'デンマーク語 (Dansk)','Danish (Dansk)','da',0,0,'2023-07-02 12:40:49','2023-10-18 10:32:30',NULL),(31,'タイ語 (แบบไทย)','Thai (แบบไทย)','th',0,0,'2023-10-18 10:33:06','2023-10-18 11:01:40',NULL);

--
-- Table structure for table `login_certificates`
--

CREATE TABLE `login_certificates` (
  `id` int unsigned NOT NULL AUTO_INCREMENT COMMENT 'ID',
  `kind` enum('CLINIC','OSADA') CHARACTER SET utf8mb4 COLLATE utf8mb4_unicode_ci NOT NULL DEFAULT 'CLINIC' COMMENT 'ユーザー種別',
  `login_id` int unsigned NOT NULL COMMENT 'ログインID',
  `code` varchar(255) CHARACTER SET utf8mb4 COLLATE utf8mb4_unicode_ci DEFAULT NULL COMMENT '認証コード',
  `deadline_at` datetime DEFAULT NULL COMMENT '有効期限',
  `created_at` datetime NOT NULL DEFAULT CURRENT_TIMESTAMP COMMENT '作成日時',
  `updated_at` datetime NOT NULL DEFAULT CURRENT_TIMESTAMP COMMENT '更新日時',
  PRIMARY KEY (`id`)
) ENGINE=InnoDB AUTO_INCREMENT=6 DEFAULT CHARSET=utf8mb4 COLLATE=utf8mb4_unicode_ci;

--
-- Dumping data for table `login_certificates`
--

INSERT INTO `login_certificates` VALUES (1,'CLINIC',1,'179536','2023-07-06 13:25:23','2023-07-02 18:13:42','2023-07-06 13:15:23'),(2,'OSADA',1,'527474','2024-07-20 22:34:08','2023-07-02 21:33:24','2024-07-20 22:24:08'),(3,'CLINIC',31,'357798','2023-07-07 07:47:35','2023-07-04 11:40:40','2023-07-07 07:37:35'),(4,'CLINIC',34,'975460','2023-07-07 09:19:12','2023-07-07 08:46:19','2023-07-07 09:09:12'),(5,'OSADA',4,'970779','2024-07-22 11:19:19','2023-09-25 19:51:20','2024-07-22 11:09:19');

--
-- Table structure for table `maintenance_answers`
--

CREATE TABLE `maintenance_answers` (
  `id` bigint unsigned NOT NULL AUTO_INCREMENT COMMENT 'ID',
  `maintenance_result_id` bigint unsigned NOT NULL COMMENT '検査結果ID',
  `maintenance_question_id` bigint unsigned NOT NULL COMMENT '質問ID',
  `answer` varchar(255) CHARACTER SET utf8mb4 COLLATE utf8mb4_unicode_ci DEFAULT NULL COMMENT '回答',
  `notes` varchar(255) CHARACTER SET utf8mb4 COLLATE utf8mb4_unicode_ci DEFAULT NULL COMMENT '備考',
  `created_at` datetime NOT NULL DEFAULT CURRENT_TIMESTAMP COMMENT '作成日時',
  `updated_at` datetime NOT NULL DEFAULT CURRENT_TIMESTAMP COMMENT '更新日時',
  `deleted_at` datetime DEFAULT NULL COMMENT '削除日時',
  PRIMARY KEY (`id`),
  KEY `maintenance_answers_maintenance_result_id_foreign` (`maintenance_result_id`),
  KEY `maintenance_answers_maintenance_question_id_foreign` (`maintenance_question_id`),
  CONSTRAINT `maintenance_answers_maintenance_question_id_foreign` FOREIGN KEY (`maintenance_question_id`) REFERENCES `maintenance_questions` (`id`),
  CONSTRAINT `maintenance_answers_maintenance_result_id_foreign` FOREIGN KEY (`maintenance_result_id`) REFERENCES `maintenance_results` (`id`)
) ENGINE=InnoDB AUTO_INCREMENT=57 DEFAULT CHARSET=utf8mb4 COLLATE=utf8mb4_unicode_ci;

--
-- Dumping data for table `maintenance_answers`
--

INSERT INTO `maintenance_answers` VALUES (1,1,1,'OK',NULL,'2023-11-08 13:31:45','2023-11-08 13:31:45',NULL),(2,1,2,'OK',NULL,'2023-11-08 13:31:45','2023-11-08 13:31:45',NULL),(3,1,3,'OK',NULL,'2023-11-08 13:31:45','2023-11-08 13:31:45',NULL),(4,1,4,'OK',NULL,'2023-11-08 13:31:45','2023-11-08 13:31:45',NULL),(5,1,1,'OK',NULL,'2023-12-05 14:24:42','2023-12-05 14:24:42',NULL),(6,1,2,'OK',NULL,'2023-12-05 14:24:42','2023-12-05 14:24:42',NULL),(7,1,3,'OK',NULL,'2023-12-05 14:24:42','2023-12-05 14:24:42',NULL),(8,1,4,NULL,NULL,'2023-12-05 14:24:42','2023-12-05 14:24:42',NULL),(9,1,1,'OK',NULL,'2023-12-05 15:13:05','2023-12-05 15:13:05',NULL),(10,1,2,'OK',NULL,'2023-12-05 15:13:05','2023-12-05 15:13:05',NULL),(11,1,3,'OK',NULL,'2023-12-05 15:13:05','2023-12-05 15:13:05',NULL),(12,1,4,NULL,NULL,'2023-12-05 15:13:05','2023-12-05 15:13:05',NULL),(13,1,1,NULL,NULL,'2023-12-05 15:20:51','2023-12-05 15:20:51',NULL),(14,1,2,NULL,NULL,'2023-12-05 15:20:51','2023-12-05 15:20:51',NULL),(15,1,3,NULL,NULL,'2023-12-05 15:20:51','2023-12-05 15:20:51',NULL),(16,1,4,NULL,NULL,'2023-12-05 15:20:51','2023-12-05 15:20:51',NULL),(17,1,1,'OK',NULL,'2023-12-05 15:23:28','2023-12-05 15:23:28',NULL),(18,1,2,'OK',NULL,'2023-12-05 15:23:28','2023-12-05 15:23:28',NULL),(19,1,3,'OK',NULL,'2023-12-05 15:23:28','2023-12-05 15:23:28',NULL),(20,1,4,NULL,NULL,'2023-12-05 15:23:28','2023-12-05 15:23:28',NULL),(21,1,1,'OK',NULL,'2023-12-05 15:25:02','2023-12-05 15:25:02',NULL),(22,1,2,'OK',NULL,'2023-12-05 15:25:02','2023-12-05 15:25:02',NULL),(23,1,3,'OK',NULL,'2023-12-05 15:25:02','2023-12-05 15:25:02',NULL),(24,1,4,'OK',NULL,'2023-12-05 15:25:02','2023-12-05 15:25:02',NULL),(25,1,1,'OK',NULL,'2023-12-05 15:27:36','2023-12-05 15:27:36',NULL),(26,1,2,'OK',NULL,'2023-12-05 15:27:36','2023-12-05 15:27:36',NULL),(27,1,3,'OK',NULL,'2023-12-05 15:27:36','2023-12-05 15:27:36',NULL),(28,1,4,'OK',NULL,'2023-12-05 15:27:36','2023-12-05 15:27:36',NULL),(29,1,1,'OK',NULL,'2023-12-05 16:00:58','2023-12-05 16:00:58',NULL),(30,1,2,'OK',NULL,'2023-12-05 16:00:58','2023-12-05 16:00:58',NULL),(31,1,3,'OK',NULL,'2023-12-05 16:00:58','2023-12-05 16:00:58',NULL),(32,1,4,NULL,NULL,'2023-12-05 16:00:58','2023-12-05 16:00:58',NULL),(41,1,1,'OK',NULL,'2023-12-05 16:29:03','2023-12-05 16:29:03',NULL),(42,1,2,'OK',NULL,'2023-12-05 16:29:03','2023-12-05 16:29:03',NULL),(43,1,3,'OK',NULL,'2023-12-05 16:29:03','2023-12-05 16:29:03',NULL),(44,1,4,'OK',NULL,'2023-12-05 16:29:03','2023-12-05 16:29:03',NULL),(45,1,1,'OK',NULL,'2023-12-05 16:29:49','2023-12-05 16:29:49',NULL),(46,1,2,'OK',NULL,'2023-12-05 16:29:49','2023-12-05 16:29:49',NULL),(47,1,3,'OK',NULL,'2023-12-05 16:29:49','2023-12-05 16:29:49',NULL),(48,1,4,'OK',NULL,'2023-12-05 16:29:49','2023-12-05 16:29:49',NULL),(49,1,1,'OK',NULL,'2023-12-05 16:33:42','2023-12-05 16:33:42',NULL),(50,1,2,'OK',NULL,'2023-12-05 16:33:42','2023-12-05 16:33:42',NULL),(51,1,3,'OK',NULL,'2023-12-05 16:33:42','2023-12-05 16:33:42',NULL),(52,1,4,'OK',NULL,'2023-12-05 16:33:42','2023-12-05 16:33:42',NULL),(53,1,1,'OK',NULL,'2023-12-05 16:35:12','2023-12-05 16:35:12',NULL),(54,1,2,'OK',NULL,'2023-12-05 16:35:12','2023-12-05 16:35:12',NULL),(55,1,3,'OK',NULL,'2023-12-05 16:35:12','2023-12-05 16:35:12',NULL),(56,1,4,'OK',NULL,'2023-12-05 16:35:12','2023-12-05 16:35:12',NULL);

--
-- Table structure for table `maintenance_draft_answers`
--

CREATE TABLE `maintenance_draft_answers` (
  `id` bigint unsigned NOT NULL AUTO_INCREMENT COMMENT 'ID',
  `maintenance_result_id` bigint unsigned NOT NULL COMMENT '検査結果ID',
  `employee_id` int NOT NULL COMMENT '社員ID',
  `maintenance_question_id` bigint unsigned NOT NULL COMMENT '質問ID',
  `answer` varchar(255) CHARACTER SET utf8mb4 COLLATE utf8mb4_unicode_ci DEFAULT NULL COMMENT '回答',
  `notes` varchar(255) CHARACTER SET utf8mb4 COLLATE utf8mb4_unicode_ci DEFAULT NULL COMMENT '備考',
  `created_at` datetime NOT NULL DEFAULT CURRENT_TIMESTAMP COMMENT '作成日時',
  `updated_at` datetime NOT NULL DEFAULT CURRENT_TIMESTAMP COMMENT '更新日時',
  `deleted_at` datetime DEFAULT NULL COMMENT '削除日時',
  PRIMARY KEY (`id`),
  KEY `maintenance_draft_answers_maintenance_result_id_foreign` (`maintenance_result_id`),
  KEY `maintenance_draft_answers_employee_id_foreign` (`employee_id`),
  KEY `maintenance_draft_answers_maintenance_question_id_foreign` (`maintenance_question_id`),
  CONSTRAINT `maintenance_draft_answers_employee_id_foreign` FOREIGN KEY (`employee_id`) REFERENCES `employees` (`id`),
  CONSTRAINT `maintenance_draft_answers_maintenance_question_id_foreign` FOREIGN KEY (`maintenance_question_id`) REFERENCES `maintenance_questions` (`id`),
  CONSTRAINT `maintenance_draft_answers_maintenance_result_id_foreign` FOREIGN KEY (`maintenance_result_id`) REFERENCES `maintenance_results` (`id`)
) ENGINE=InnoDB DEFAULT CHARSET=utf8mb4 COLLATE=utf8mb4_unicode_ci;

--
-- Dumping data for table `maintenance_draft_answers`
--


--
-- Table structure for table `maintenance_questions`
--

CREATE TABLE `maintenance_questions` (
  `id` bigint unsigned NOT NULL AUTO_INCREMENT COMMENT 'ID',
  `maintenance_survey_id` bigint unsigned NOT NULL COMMENT '項目票ID',
  `question` varchar(255) CHARACTER SET utf8mb4 COLLATE utf8mb4_unicode_ci NOT NULL COMMENT '質問',
  `detail` varchar(255) CHARACTER SET utf8mb4 COLLATE utf8mb4_unicode_ci DEFAULT NULL COMMENT '説明',
  `type` varchar(10) CHARACTER SET utf8mb4 COLLATE utf8mb4_unicode_ci NOT NULL COMMENT '回答タイプ',
  `required` tinyint NOT NULL DEFAULT '1' COMMENT '項目必須',
  `choices` varchar(255) CHARACTER SET utf8mb4 COLLATE utf8mb4_unicode_ci NOT NULL COMMENT '選択肢',
  `page` tinyint NOT NULL DEFAULT '1' COMMENT '表示ページ',
  `orders` smallint NOT NULL DEFAULT '1' COMMENT 'ページ内順番',
  `created_at` datetime NOT NULL DEFAULT CURRENT_TIMESTAMP COMMENT '作成日時',
  `updated_at` datetime NOT NULL DEFAULT CURRENT_TIMESTAMP COMMENT '更新日時',
  `deleted_at` datetime DEFAULT NULL COMMENT '削除日時',
  PRIMARY KEY (`id`),
  KEY `maintenance_questions_maintenance_survey_id_foreign` (`maintenance_survey_id`),
  CONSTRAINT `maintenance_questions_maintenance_survey_id_foreign` FOREIGN KEY (`maintenance_survey_id`) REFERENCES `maintenance_surveys` (`id`)
) ENGINE=InnoDB AUTO_INCREMENT=5 DEFAULT CHARSET=utf8mb4 COLLATE=utf8mb4_unicode_ci;

--
-- Dumping data for table `maintenance_questions`
--

INSERT INTO `maintenance_questions` VALUES (1,6,'本体に型番は貼られているか？',NULL,'radio',1,'OK,NG',1,1,'2023-11-06 17:38:30','2023-11-08 10:47:23',NULL),(2,6,'外装に使用に差し支えるような傷、変形、変色などはあるか？',NULL,'radio',0,'OK,NG',1,2,'2023-11-06 20:31:10','2023-11-07 21:31:45',NULL),(3,6,'付属品の内容、数量の確認',NULL,'radio',1,'OK,NG',2,3,'2023-11-06 20:37:12','2023-11-07 14:57:53',NULL),(4,6,'規定通りの月に行われているか？',NULL,'radio',1,'OK,NG',3,4,'2023-11-06 20:37:41','2023-11-07 18:50:33',NULL);

--
-- Table structure for table `maintenance_results`
--

CREATE TABLE `maintenance_results` (
  `id` bigint unsigned NOT NULL AUTO_INCREMENT COMMENT 'ID',
  `maintenance_survey_id` bigint unsigned NOT NULL COMMENT '項目票ID',
  `inspection_result` tinyint DEFAULT NULL COMMENT '検査結果',
  `inspection_result_pdf_id` int unsigned DEFAULT NULL COMMENT 'PDFファイルID',
  `notes` text CHARACTER SET utf8mb4 COLLATE utf8mb4_unicode_ci COMMENT '備考',
  `clinic_id` int unsigned NOT NULL COMMENT '医院ID',
  `own_osada_equipment_id` int unsigned DEFAULT NULL COMMENT '自社保有機器ID',
  `staff_id` int NOT NULL COMMENT '担当者ID',
  `staff_sub_id` int DEFAULT NULL COMMENT 'サブ担当者ID',
  `start_at` datetime DEFAULT NULL COMMENT '開始日時',
  `end_at` datetime DEFAULT NULL COMMENT '終了日時',
  `clinic_signature_file_id` bigint unsigned DEFAULT NULL COMMENT '医院サインファイルID',
  `osada_signature_file_id` bigint unsigned DEFAULT NULL COMMENT 'オサダサインファイルID',
  `created_at` datetime NOT NULL DEFAULT CURRENT_TIMESTAMP COMMENT '作成日時',
  `updated_at` datetime NOT NULL DEFAULT CURRENT_TIMESTAMP COMMENT '更新日時',
  `deleted_at` datetime DEFAULT NULL COMMENT '削除日時',
  PRIMARY KEY (`id`),
  KEY `maintenance_results_maintenance_survey_id_foreign` (`maintenance_survey_id`),
  KEY `maintenance_results_clinic_id_foreign` (`clinic_id`),
  KEY `maintenance_results_own_osada_equipment_id_foreign` (`own_osada_equipment_id`),
  KEY `maintenance_results_staff_id_foreign` (`staff_id`),
  KEY `maintenance_results_staff_sub_id_foreign` (`staff_sub_id`),
  CONSTRAINT `maintenance_results_clinic_id_foreign` FOREIGN KEY (`clinic_id`) REFERENCES `clinics` (`id`),
  CONSTRAINT `maintenance_results_maintenance_survey_id_foreign` FOREIGN KEY (`maintenance_survey_id`) REFERENCES `maintenance_surveys` (`id`),
  CONSTRAINT `maintenance_results_own_osada_equipment_id_foreign` FOREIGN KEY (`own_osada_equipment_id`) REFERENCES `own_osada_equipments` (`id`),
  CONSTRAINT `maintenance_results_staff_id_foreign` FOREIGN KEY (`staff_id`) REFERENCES `employees` (`id`),
  CONSTRAINT `maintenance_results_staff_sub_id_foreign` FOREIGN KEY (`staff_sub_id`) REFERENCES `employees` (`id`)
) ENGINE=InnoDB AUTO_INCREMENT=2 DEFAULT CHARSET=utf8mb4 COLLATE=utf8mb4_unicode_ci;

--
-- Dumping data for table `maintenance_results`
--

INSERT INTO `maintenance_results` VALUES (1,6,NULL,NULL,NULL,34,57,1,NULL,'2023-11-08 15:00:00','2023-12-05 16:35:12',194,193,'2023-11-07 15:02:43','2023-12-05 16:35:12',NULL);

--
-- Table structure for table `maintenance_survey_pages`
--

CREATE TABLE `maintenance_survey_pages` (
  `id` bigint unsigned NOT NULL AUTO_INCREMENT COMMENT 'ID',
  `maintenance_survey_id` bigint unsigned NOT NULL COMMENT '項目票ID',
  `page` tinyint NOT NULL COMMENT 'ページ',
  `page_image_id` bigint unsigned DEFAULT NULL COMMENT '表示画像ファイルID',
  `title` varchar(255) CHARACTER SET utf8mb4 COLLATE utf8mb4_unicode_ci NOT NULL COMMENT 'タイトル',
  `caution` varchar(255) CHARACTER SET utf8mb4 COLLATE utf8mb4_unicode_ci DEFAULT NULL COMMENT '注意事項',
  `created_at` datetime NOT NULL DEFAULT CURRENT_TIMESTAMP COMMENT '作成日時',
  `updated_at` datetime NOT NULL DEFAULT CURRENT_TIMESTAMP COMMENT '更新日時',
  `deleted_at` datetime DEFAULT NULL COMMENT '削除日時',
  PRIMARY KEY (`id`)
) ENGINE=InnoDB AUTO_INCREMENT=3 DEFAULT CHARSET=utf8mb4 COLLATE=utf8mb4_unicode_ci;

--
-- Dumping data for table `maintenance_survey_pages`
--

INSERT INTO `maintenance_survey_pages` VALUES (1,6,1,133,'点検を始める前にチェック！',NULL,'2023-11-06 22:03:24','2023-12-03 21:43:22',NULL),(2,6,2,NULL,'2ページ','注意事項','2023-12-03 21:45:43','2023-12-03 21:45:43',NULL);

--
-- Table structure for table `maintenance_surveys`
--

CREATE TABLE `maintenance_surveys` (
  `id` bigint unsigned NOT NULL AUTO_INCREMENT COMMENT 'ID',
  `name` varchar(255) CHARACTER SET utf8mb4 COLLATE utf8mb4_unicode_ci NOT NULL COMMENT '名称',
  `equipment_type_ids` json DEFAULT NULL COMMENT '機器形式ID',
  `start_at` datetime DEFAULT NULL COMMENT '開始日時',
  `end_at` datetime DEFAULT NULL COMMENT '終了日時',
  `time_required` smallint unsigned NOT NULL DEFAULT '0' COMMENT '所要時間(分)',
  `created_at` datetime NOT NULL DEFAULT CURRENT_TIMESTAMP COMMENT '作成日時',
  `updated_at` datetime NOT NULL DEFAULT CURRENT_TIMESTAMP COMMENT '更新日時',
  `deleted_at` datetime DEFAULT NULL COMMENT '削除日時',
  PRIMARY KEY (`id`)
) ENGINE=InnoDB AUTO_INCREMENT=7 DEFAULT CHARSET=utf8mb4 COLLATE=utf8mb4_unicode_ci;

--
-- Dumping data for table `maintenance_surveys`
--

INSERT INTO `maintenance_surveys` VALUES (1,'テスト1','[\"45\", \"46\", \"47\"]',NULL,NULL,0,'2023-11-06 09:11:49','2023-11-06 09:11:49',NULL),(2,'テスト2','[\"37\", \"38\"]',NULL,NULL,0,'2023-11-06 09:20:24','2023-11-06 09:20:24',NULL),(3,'テスト3','[\"97\", \"98\", \"99\", \"100\", \"101\", \"102\", \"103\"]',NULL,NULL,0,'2023-11-06 09:21:37','2023-11-06 09:21:37',NULL),(4,'テスト4','[\"138\", \"139\"]',NULL,NULL,0,'2023-11-06 09:23:58','2023-11-06 09:23:58',NULL),(5,'テスト5','[\"37\", \"38\", \"39\", \"40\"]','2023-11-06 00:00:00',NULL,0,'2023-11-06 09:58:30','2023-11-06 10:25:11',NULL),(6,'テスト6','[\"176\", \"177\"]',NULL,NULL,0,'2023-11-06 10:29:49','2023-11-06 10:29:49',NULL);

--
-- Table structure for table `medical_categories`
--

CREATE TABLE `medical_categories` (
  `id` int unsigned NOT NULL AUTO_INCREMENT COMMENT 'ID',
  `department_ja` varchar(255) CHARACTER SET utf8mb4 COLLATE utf8mb4_unicode_ci DEFAULT NULL COMMENT '科（日本語）',
  `department_en` varchar(255) CHARACTER SET utf8mb4 COLLATE utf8mb4_unicode_ci DEFAULT NULL COMMENT '科（英語）',
  `created_at` datetime NOT NULL DEFAULT CURRENT_TIMESTAMP COMMENT '作成日時',
  `updated_at` datetime NOT NULL DEFAULT CURRENT_TIMESTAMP ON UPDATE CURRENT_TIMESTAMP COMMENT '更新日時',
  `deleted_at` datetime DEFAULT NULL COMMENT '削除日時',
  PRIMARY KEY (`id`)
) ENGINE=InnoDB AUTO_INCREMENT=5 DEFAULT CHARSET=utf8mb4 COLLATE=utf8mb4_unicode_ci;

--
-- Dumping data for table `medical_categories`
--

INSERT INTO `medical_categories` VALUES (1,'歯科','Dentistry','2023-07-02 12:40:49','2023-07-02 12:40:49',NULL),(2,'獣医科','Veterinary','2023-07-02 12:40:49','2023-07-02 12:40:49',NULL),(3,'医科','Medical','2023-07-02 12:40:49','2023-07-02 12:40:49',NULL),(4,'その他','others','2023-07-02 12:40:49','2023-07-02 12:40:49',NULL);

--
-- Table structure for table `medical_category_excluded_equipment_document_languages`
--

CREATE TABLE `medical_category_excluded_equipment_document_languages` (
  `id` int unsigned NOT NULL AUTO_INCREMENT COMMENT 'ID',
  `medical_category_document_excluded_equipment_id` int unsigned NOT NULL COMMENT '医療カテゴリ修理対象外機器PDF資料ID',
  `language_id` int unsigned NOT NULL COMMENT '言語マスタID',
  `file_id` int unsigned NOT NULL COMMENT 'ファイルID',
  `created_at` datetime NOT NULL DEFAULT CURRENT_TIMESTAMP COMMENT '作成日時',
  `updated_at` datetime NOT NULL DEFAULT CURRENT_TIMESTAMP COMMENT '更新日時',
  `deleted_at` datetime DEFAULT NULL COMMENT '削除日時',
  PRIMARY KEY (`id`)
) ENGINE=InnoDB AUTO_INCREMENT=8 DEFAULT CHARSET=utf8mb4 COLLATE=utf8mb4_unicode_ci;

--
-- Dumping data for table `medical_category_excluded_equipment_document_languages`
--

INSERT INTO `medical_category_excluded_equipment_document_languages` VALUES (5,1,11,209,'2024-04-09 00:20:55','2024-04-09 00:20:55',NULL),(6,3,11,210,'2024-04-09 00:21:15','2024-04-09 00:21:15',NULL),(7,4,11,211,'2024-04-09 00:21:33','2024-04-09 00:21:33',NULL);

--
-- Table structure for table `medical_category_excluded_equipment_documents`
--

CREATE TABLE `medical_category_excluded_equipment_documents` (
  `id` int unsigned NOT NULL AUTO_INCREMENT COMMENT 'ID',
  `medical_category_id` int unsigned NOT NULL COMMENT '医療カテゴリマスタID',
  `department_prefix_ja` varchar(255) CHARACTER SET utf8mb4 COLLATE utf8mb4_unicode_ci DEFAULT NULL COMMENT '医療カテゴリ名称接頭辞(日本語)',
  `department_prefix_en` varchar(255) CHARACTER SET utf8mb4 COLLATE utf8mb4_unicode_ci DEFAULT NULL COMMENT '医療カテゴリ名称接頭辞(英語)',
  `is_display` tinyint(1) NOT NULL DEFAULT '0' COMMENT '公開フラグ',
  `created_at` datetime NOT NULL DEFAULT CURRENT_TIMESTAMP COMMENT '作成日時',
  `updated_at` datetime NOT NULL DEFAULT CURRENT_TIMESTAMP COMMENT '更新日時',
  `deleted_at` datetime DEFAULT NULL COMMENT '削除日時',
  PRIMARY KEY (`id`)
) ENGINE=InnoDB AUTO_INCREMENT=5 DEFAULT CHARSET=utf8mb4 COLLATE=utf8mb4_unicode_ci;

--
-- Dumping data for table `medical_category_excluded_equipment_documents`
--

INSERT INTO `medical_category_excluded_equipment_documents` VALUES (1,1,'国内','Domestic ',1,'2024-04-08 23:52:32','2024-04-09 00:20:55',NULL),(2,1,'国外','Foreign ',0,'2024-04-08 23:52:32','2024-04-08 23:52:32',NULL),(3,2,NULL,NULL,1,'2024-04-08 23:52:32','2024-04-09 00:21:14',NULL),(4,3,NULL,NULL,1,'2024-04-08 23:52:32','2024-04-09 00:21:33',NULL);

--
-- Table structure for table `message_files`
--

CREATE TABLE `message_files` (
  `id` bigint unsigned NOT NULL AUTO_INCREMENT COMMENT 'ID',
  `message_id` bigint unsigned NOT NULL COMMENT '問い合わせID',
  `file_id` bigint unsigned NOT NULL COMMENT 'ファイルID',
  `created_at` datetime NOT NULL DEFAULT CURRENT_TIMESTAMP COMMENT '作成日時',
  `updated_at` datetime NOT NULL DEFAULT CURRENT_TIMESTAMP ON UPDATE CURRENT_TIMESTAMP COMMENT '更新日時',
  `deleted_at` datetime DEFAULT NULL COMMENT '削除日時',
  PRIMARY KEY (`id`),
  KEY `message_files_message_id_foreign` (`message_id`),
  KEY `message_files_file_id_foreign` (`file_id`),
  CONSTRAINT `message_files_file_id_foreign` FOREIGN KEY (`file_id`) REFERENCES `files` (`id`),
  CONSTRAINT `message_files_message_id_foreign` FOREIGN KEY (`message_id`) REFERENCES `repair_messages` (`id`)
) ENGINE=InnoDB AUTO_INCREMENT=19 DEFAULT CHARSET=utf8mb4 COLLATE=utf8mb4_unicode_ci;

--
-- Dumping data for table `message_files`
--

INSERT INTO `message_files` VALUES (1,14,34,'2023-07-02 12:40:53','2023-07-02 12:40:53',NULL),(2,19,12,'2023-07-02 12:40:53','2023-07-02 12:40:53',NULL),(3,8,11,'2023-07-02 12:40:53','2023-07-02 12:40:53',NULL),(4,23,45,'2023-07-02 12:40:53','2023-07-02 12:40:53',NULL),(5,25,45,'2023-07-02 12:40:53','2023-07-02 12:40:53',NULL),(6,6,22,'2023-07-02 12:40:53','2023-07-02 12:40:53',NULL),(7,25,45,'2023-07-02 12:40:53','2023-07-02 12:40:53',NULL),(8,21,43,'2023-07-02 12:40:53','2023-07-02 12:40:53',NULL),(9,29,33,'2023-07-02 12:40:53','2023-07-02 12:40:53',NULL),(10,7,8,'2023-07-02 12:40:53','2023-07-02 12:40:53',NULL),(11,73,116,'2023-12-01 18:50:46','2023-12-01 18:50:46',NULL),(12,73,117,'2023-12-01 18:50:46','2023-12-01 18:50:46',NULL),(13,74,120,'2023-12-02 01:05:16','2023-12-02 01:05:16',NULL),(14,74,121,'2023-12-02 01:05:16','2023-12-02 01:05:16',NULL),(15,75,158,'2023-12-04 12:28:32','2023-12-04 12:28:32',NULL),(16,75,159,'2023-12-04 12:28:32','2023-12-04 12:28:32',NULL),(17,76,161,'2023-12-04 13:14:08','2023-12-04 13:14:08',NULL),(18,78,195,'2023-12-05 21:51:50','2023-12-05 21:51:50',NULL);

--
-- Table structure for table `migrations`
--

CREATE TABLE `migrations` (
  `id` int unsigned NOT NULL AUTO_INCREMENT,
  `migration` varchar(255) CHARACTER SET utf8mb4 COLLATE utf8mb4_unicode_ci NOT NULL,
  `batch` int NOT NULL,
  PRIMARY KEY (`id`)
) ENGINE=InnoDB AUTO_INCREMENT=300 DEFAULT CHARSET=utf8mb4 COLLATE=utf8mb4_unicode_ci;

--
-- Dumping data for table `migrations`
--

INSERT INTO `migrations` VALUES (1,'2014_10_12_000000_create_users_table',1),(2,'2014_10_12_100000_create_password_reset_tokens_table',1),(3,'2019_08_19_000000_create_failed_jobs_table',1),(4,'2019_12_14_000001_create_personal_access_tokens_table',1),(5,'2023_04_18_051806_create_positions_table',1),(6,'2023_04_18_052533_create_oasys_functions_table',1),(7,'2023_04_18_052738_create_operation_types_table',1),(8,'2023_04_18_073019_create_countries_table',1),(9,'2023_04_19_010214_create_prefecture_codes_table',1),(10,'2023_04_19_042936_create_affiliates_table',1),(11,'2023_04_19_042937_create_employees_table',1),(12,'2023_04_19_053501_create_operation_permissions_table',1),(13,'2023_04_20_015743_create_clinics_table',1),(14,'2023_04_20_030415_create_interests_table',1),(15,'2023_04_20_032320_create_medical_categories_table',1),(16,'2023_04_20_033138_create_clinic_categories_table',1),(17,'2023_04_20_034618_create_clinic_interests_table',1),(18,'2023_04_20_035248_create_clinic_staffs_table',1),(19,'2023_04_20_044203_create_languages_table',1),(20,'2023_04_28_040523_change_affiliates_table_column_section',1),(21,'2023_05_09_081344_drop_column_code_column',1),(22,'2023_05_12_155549_add_column_prefecture_code_clinics_table',1),(23,'2023_05_15_080821_create_equipment_types_table',1),(24,'2023_05_15_084418_create_equipment_genres_table',1),(25,'2023_05_15_084917_create_failures_table',1),(26,'2023_05_15_085947_create_repair_handling_types_table',1),(27,'2023_05_15_090637_create_failure_handlings_table',1),(28,'2023_05_15_091159_create_equipment_parts_table',1),(29,'2023_05_15_092424_create_rental_items_table',1),(30,'2023_05_15_093016_create_repair_requests_table',1),(31,'2023_05_15_094053_create_repair_rental_items_table',1),(32,'2023_05_15_094800_create_repair_request_failures_table',1),(33,'2023_05_15_095359_create_pickup_schedules_table',1),(34,'2023_05_15_100117_create_payment_methods_table',1),(35,'2023_05_15_100602_create_delivery_methods_table',1),(36,'2023_05_15_101240_create_repair_storage_status_table',1),(37,'2023_05_15_102253_create_estimate_info_table',1),(38,'2023_05_15_103331_create_replacements_table',1),(39,'2023_05_15_104047_create_estimate_files_table',1),(40,'2023_05_15_104738_create_invoice_detail_files_table',1),(41,'2023_05_15_105712_create_invoice_files_table',1),(42,'2023_05_15_112305_create_repair_messages_table',1),(43,'2023_05_15_114717_create_message_files_table',1),(44,'2023_05_15_120438_create_files_table',1),(45,'2023_05_15_122639_create_repair_request_logs_table',1),(46,'2023_05_16_161606_add_column_repair_handling_type_id_repair_requests_table',1),(47,'2023_05_16_172305_create_own_osada_equipments_table',1),(48,'2023_05_16_174226_change_column_osada_equipment_id_to_own_osada_equipment_id',1),(49,'2023_05_16_232844_rename_column_osada_equipment_id_repair_request_logs_table',1),(50,'2023_05_17_115139_drop_column_repair_request_at_repair_requests_table',1),(51,'2023_05_17_142927_drop_column_serial_number_request_table',1),(52,'2023_05_17_143936_drop_column_serial_number_repair_requests_table',1),(53,'2023_05_17_172745_drop_column_repair_request_at_repair_request_table',1),(54,'2023_05_19_112054_add_column_reply_to_message_id_repair_messages_table',1),(55,'2023_05_19_150823_change_equipment_types_table',1),(56,'2023_05_19_154008_change_equipment_genres_table',1),(57,'2023_05_19_155000_create_equipments_table',1),(58,'2023_05_24_111457_rename_column_returned_at_repair_rental_items_table',1),(59,'2023_05_26_140101_drop_repair_storage_status_table',1),(60,'2023_05_26_140410_create_repair_progress_table',1),(61,'2023_05_26_142112_change_repair_request_logs',1),(62,'2023_05_26_165653_add_column_rental_request_canceled_at_repair_requests',1),(63,'2023_05_26_170311_add_column_rental_request_canceled_at_repair_request_logs',1),(64,'2023_05_29_111257_drop_column_repair_handling_type_id',1),(65,'2023_05_29_131104_add_column_repair_requests',1),(66,'2023_05_29_131105_change_payment_method_id_repair_request_logs',1),(67,'2023_05_29_131855_drop_column_repair_handling_type_id',1),(68,'2023_05_29_131859_add_column_repair_request_logs',1),(69,'2023_05_29_135906_drop_table_repair_handling_types',1),(70,'2023_05_29_140000_drop_table_payment_methods',1),(71,'2023_05_29_151024_add_column_finished_at_repair_progress',1),(72,'2023_05_30_172842_drop_table_estimate_files',1),(73,'2023_05_30_173646_drop_column_estimate_document_id',1),(74,'2023_05_30_173822_drop_column_estimate_document_id_repair_request_logs',1),(75,'2023_05_30_174836_add_column_final_estimate_file_id_estimate_info',1),(76,'2023_05_30_180055_add_column_is_replace_requested_replacements',1),(77,'2023_05_31_115215_add_column_clinic_replace_parts_answered_at_estimate_info',1),(78,'2023_06_01_163829_create_tax_rates_table',1),(79,'2023_06_02_163050_rename_column_estimated_id_replacements',1),(80,'2023_06_04_195725_add_standard_price_to_failures_table',1),(81,'2023_06_05_105230_rename_column_estimate_id_to_estimate_info_id',1),(82,'2023_06_05_105342_rename_column_estimate_id_to_estimate_info_id',1),(83,'2023_06_05_105450_rename_column_estimate_id_to_estimate_info_id',1),(84,'2023_06_05_105458_rename_column_estimate_id_to_estimate_info_id',1),(85,'2023_06_12_102125_add_column_returned_at_payment_id_repair_requests_table',1),(86,'2023_06_12_131847_create_cardbrands_table',1),(87,'2023_06_12_144739_create_orders_table',1),(88,'2023_06_12_180043_rename_and_add_column_rental_items',1),(89,'2023_06_12_180428_drop_column_current_status_repair_rental_items',1),(90,'2023_06_13_122645_add_category_equipment_types',1),(91,'2023_06_14_115336_create_repair_request_files_table',1),(92,'2023_06_14_120221_add_sqa_estimate_id_estimate_info',1),(93,'2023_06_14_121637_add_content_replacements',1),(94,'2023_06_15_081654_add_pickup_worked_at_repair_requests',1),(95,'2023_06_15_082259_add_pickup_worked_at_repair_request_logs',1),(96,'2023_06_16_152954_drop_unique_index_equipment_types',1),(97,'2023_06_17_202813_create_rental_item_according_to_types',1),(98,'2023_06_18_095709_create_equipment_type_prices',1),(99,'2023_06_19_103043_rename_is_portable',1),(100,'2023_06_19_133043_rename_foreignkey_equipment_type_prices',1),(101,'2023_06_20_133822_change_guarantee_period_nullable_repair_requests',1),(102,'2023_06_21_142037_add_column_detail_delivery_methods',1),(103,'2023_06_22_161030_update_updated_at_on_update_current_timestamp',1),(104,'2023_06_22_174834_drop_table_pmd_genre',1),(105,'2023_06_22_181532_rename_table_from_replacements_to_estimate_info_detail',1),(106,'2023_06_24_070505_create_osada_holidays_table',1),(107,'2023_06_24_152637_add_column_caution_equipments',1),(108,'2023_06_26_230523_change_affiliates_table_column_section',1),(109,'2023_06_27_155609_change_employee_id_nullable_repair_progress',1),(110,'2023_06_27_165125_change_cancel_flag_to_canceled_at_repair_requests',1),(111,'2023_06_29_132758_drop_unique_indexes_clinic_categories',1),(112,'2023_06_29_135359_drop_unique_indexes_clinic_interests',1),(113,'2023_06_30_131402_create_table_clinic_free_informations',1),(114,'2023_06_30_133239_login_certificates_table',1),(115,'2023_06_30_180239_create_equipment_chekcpoints_table',1),(116,'2023_06_30_182637_add_column_manual_file_equipments',1),(117,'2023_06_30_232532_rename_column_deadline_at',1),(118,'2023_06_30_235537_add_column_procedure_file_equipments',1),(119,'2023_07_02_120309_change_flowchart_ja_file_id_nullable_failures',1),(120,'2023_07_03_200309_add_column_category_rental_items',2),(121,'2023_07_03_205309_add_column_day_clinic_free_times',3),(122,'2023_07_04_095309_add_column_day_clinic_free_times',4),(123,'2023_07_06_114322_change_sqa_estimate_id_string_estimate_info',5),(124,'2023_07_06_220309_add_column_category_equipment',6),(125,'2023_07_07_122637_add_compatible_flag_equipments',7),(126,'2023_07_07_153152_add_column_medical_category_id_interests',8),(127,'2023_07_07_222637_add_veterinary_equipment_types',9),(128,'2023_07_09_003022_change_rental_item_id_repair_rental_items',10),(129,'2023_07_11_090309_add_column_order_id_equipments',11),(130,'2023_07_10_113704_drop_columns_billing_at_repair_requests',12),(131,'2023_07_10_115303_drop_columns_billing_at_repair_request_logs',12),(132,'2023_07_10_210624_add_column_new_item_requested',12),(133,'2023_07_18_095644_create_sessions_table',13),(134,'2023_07_22_105644_clinic_priority_issues_table',14),(135,'2023_07_20_172828_change_column_employee_id_nullable_repair_rental_items',15),(136,'2023_07_21_164936_add_created_by_updated_by_deleted_by_rental_items',15),(137,'2023_07_25_142540_delete_unused_columns_step1',16),(138,'2023_07_26_172138_delete_unused_columns_step1_2',17),(141,'2023_07_28_084936_add_sfa_id_employees_affiliates',19),(143,'2023_07_27_225644_create_sfa_clinics_table',20),(144,'2023_08_10_170526_add_column_is_others_equipment_types',21),(145,'2023_07_27_145912_drop_column_needs_delivery_response_equipment_types',22),(146,'2023_08_19_153926_position_data_update',23),(147,'2023_09_02_170526_add_column_kayoibako_flag_equipment_types',24),(148,'2023_09_03_063826_add_column_kayoibako_shipped_at_repair_requests',25),(149,'2023_08_18_135000_add_2_en_column_to_clinic_priority_issues',26),(150,'2023_08_28_160000_create_news_categories_table',26),(151,'2023_08_28_161000_create_news_table',26),(152,'2023_08_28_162000_create_news_alert_histories_table',26),(153,'2023_09_04_090000_create_news_group_sequences_table',26),(154,'2023_09_04_110600_create_news_files_table',26),(155,'2023_08_22_151452_create_sfa_products_table',27),(156,'2023_08_22_151524_create_sfa_product_categories_table',27),(157,'2023_08_22_151624_create_item_categories_table',27),(158,'2023_08_22_151631_create_items_table',27),(159,'2023_09_11_233826_add_column_kayoibako_pickup_at_repair_requests',28),(160,'2023_09_16_224026_set_data_operation',29),(161,'2023_09_17_090455_developer_data',30),(165,'2023_09_19_103926_position_data_update',31),(167,'2023_09_25_213926_position_data_update',32),(168,'2023_09_13_114000_add_column_term_agreed_at_clinic_staffs',33),(169,'2023_09_13_114000_create_term_updated_datetimes',33),(170,'2023_09_12_110525_create_sfa_sales_table',34),(171,'2023_09_12_110637_add_column_after_support_status_sfa_clinics',34),(172,'2023_09_21_160000_add_column_name_en_prefectures',34),(173,'2023_09_27_111500_insert_record_news_categories_table',34),(175,'2023_10_02_172342_add_column_is_skipped_progress_repair_request',34),(176,'2023_10_05_185545_add_column_reason_for_repair_estimate_info_details',34),(177,'2023_10_11_170000_add_2_en_columns_equipments',34),(178,'2023_10_11_171500_add_2_en_columns_equipment_types',34),(179,'2023_10_18_094459_add_column_languages_short_name',35),(184,'2023_11_05_120000_create_maintenance_questions_table',36),(186,'2023_11_05_120000_create_maintenance_surveys_table',37),(189,'2023_11_06_120000_create_maintenance_survey_pages_table',38),(193,'2023_11_05_120000_create_maintenance_results_table',39),(194,'2023_11_05_120000_create_maintenance_answers_table',40),(195,'2023_10_16_180000_drop_2_en_columns_news',41),(196,'2023_10_17_173000_add_target_clinic_columns_news',41),(197,'2023_10_26_184000_add_required_action_history_cols_alert_histories_table',41),(198,'2023_10_30_170000_drop_table_repair_request_required_actions',41),(199,'2023_10_12_170000_add_en_column_affiliates',42),(200,'2023_10_12_175000_add_en_column_delivery_methods',42),(201,'2023_10_12_180000_add_en_column_employees',42),(202,'2023_10_12_181000_add_en_column_equipment_genres',42),(203,'2023_10_12_182000_add_en_column_failures',42),(204,'2023_10_12_183000_add_en_column_interests',42),(205,'2023_10_16_120000_add_en_column_item_categories',43),(206,'2023_10_16_121000_add_en_column_items',43),(207,'2023_11_01_120000_add_en_column_cardbrands',43),(208,'2023_11_02_120000_modify_post_at_columns_news',43),(209,'2023_11_02_170000_add_column_is_stop_endless_popup_news_clinic_action_histories',43),(210,'2023_11_06_180000_add_columns_read_history_repair_messages',43),(211,'2023_11_08_140000_create_repair_inquiry_status_table',43),(212,'2023_11_29_104000_add_column_discount_rate_estimate_info_details',44),(213,'2023_11_14_112740_create_sfa_sale_relations_table',45),(214,'2023_11_14_175831_create_consumable_categories_table',45),(215,'2023_11_15_100000_create_consumables_table',45),(216,'2023_11_15_101000_create_consumable_replacement_histories_table',45),(217,'2023_11_15_114909_create_consumable_category_messages_table',45),(218,'2023_11_16_111343_create_consumable_purchase_requests_table',45),(219,'2023_11_16_171910_add_column_is_applying_purchase_consumables',45),(220,'2023_11_17_190000_rename_column_replacement_interval_day_consumables',45),(221,'2023_11_20_100000_rename_column_replacement_interval_day_consumable_categories',45),(222,'2023_11_20_163005_recreate_consumable_teble',45),(223,'2023_11_20_163620_create_own_osada_consumables_table',45),(224,'2023_11_20_164147_rename_columns_consumable_id_consumable_replacement_histories',45),(225,'2023_11_20_164824_rename_columns_consumable_id_consumable_purchase_requests',45),(226,'2023_11_20_180848_create_equipment_type_consumables_table',45),(227,'2023_11_30_190000_rename_column_estimate_info_details',46),(228,'2023_12_03_134000_add_column_page_image_id_maintenance_survey_pages',47),(230,'2023_12_03_134000_add_column_signature_file_id_maintenance_results',48),(231,'2023_09_27_120000_create_repair_request_required_actions_table',49),(232,'2023_12_01_181852_create_sfa_agencies_table',50),(233,'2023_12_01_182056_create_sfa_clinic_agencies_table',50),(234,'2023_12_06_120000_add_column_is_required_reason_for_repair_estimate_info_details',50),(238,'2024_01_07_230057_create_chat_channel_users_table',53),(239,'2024_01_07_230059_create_chat_message_files_table',54),(240,'2024_01_07_230056_create_chat_channels_table',55),(241,'2024_01_07_230058_create_chat_messages_table',56),(242,'2024_01_03_140000_create_payment_methods',57),(243,'2024_01_03_141000_add_column_email_sfa_agencies',57),(244,'2024_01_03_142000_add_column_clinics',57),(245,'2024_01_03_143000_add_column_repair_requests',57),(246,'2024_01_03_144000_add_column_repair_request_logs',57),(247,'2024_01_05_100000_drop_column_payment_method_type_repair_requests',57),(248,'2024_01_05_101000_drop_column_payment_method_type_repair_request_logs',57),(249,'2024_01_10_170000_create_guest_news_table',57),(250,'2024_01_17_113000_create_event_group_sequences_table',58),(251,'2024_01_17_114000_create_events_table',58),(252,'2024_01_17_115000_create_event_files_table',58),(253,'2024_01_24_123000_insert_record_oasys_functions',58),(254,'2024_01_30_154000_add_column_events_table',59),(255,'2024_02_03_154000_add_column_consumables_table',60),(256,'2024_02_03_233926_position_data_insert',61),(257,'2024_02_13_123000_add_column_clinic_free_times_table',62),(258,'2023_12_27_185553_add_column_role_id_clinic_staffs_table',63),(259,'2024_01_17_231104_add_column_repair_requests',64),(260,'2024_02_16_190000_add_column_repair_messages_table',64),(261,'2024_02_28_141440_add_column_languages_is_rtl',64),(262,'2024_02_27_120000_add_column_oasys_functions_table',65),(263,'2024_02_29_130000_add_column_repair_progress_table',66),(264,'2024_02_29_131000_update_repair_progress_table',66),(269,'2024_03_17_070000_change_file_url',67),(270,'2024_03_27_172000_create_medical_category_excluded_equipment_documents_table',68),(271,'2024_03_27_173000_create_medical_category_excluded_equipment_document_languages_table',68),(273,'2024_04_09_192645_add_repiar_type_equipment_types',69),(274,'2024_04_10_090311_add_column_approval_limit_repair_request_logs',70),(275,'2024_04_08_200000_add_column_clinic_staffs_table',71),(276,'2024_04_19_153000_create_repair_request_accessories_table',72),(277,'2024_05_07_160000_add_column_repair_item_location_repair_request_table',72),(278,'2024_05_07_161000_add_column_repair_item_location_repair_request_logs_table',72),(279,'2024_05_07_162000_create_repair_request_on_site_switch_memos_table',72),(280,'2024_05_07_163000_update_repair_requests_table',72),(281,'2024_05_07_164000_update_repair_request_logs_table',72),(282,'2024_04_09_163119_add_column_estimate_info_details_table',73),(283,'2024_05_20_112744_add_column_is_pinned_chat_messages_table',74),(284,'2024_04_24_173000_add_column_repair_requests_table',75),(285,'2024_04_16_103100_add_columns_sfa_sale_relations_table',76),(286,'2024_04_16_103200_create_employee_clinics_table',76),(287,'2024_04_16_103300_create_support_months_table',76),(288,'2024_04_16_103400_create_equipment_type_support_month_rentals_table',76),(289,'2024_04_18_120000_create_employee_news_table',76),(290,'2024_04_18_120100_create_employee_support_pack_news_table',76),(291,'2024_04_18_120200_create_employee_consumable_news_table',76),(292,'2024_04_18_120300_create_employee_repair_request_news_table',76),(293,'2024_05_24_161000_add_column_incharge_department_id_sfa_clinics_table',76),(294,'2024_05_24_165618_add_column_alias_own_osada_equipments_table',77),(295,'2024_05_30_190000_create_maintenance_draft_answers_table',78),(296,'2024_06_02_220000_add_column_repair_request_id_events_table',78),(297,'2024_05_10_14300_employees_disable',79),(298,'2024_06_04_153000_add_column_maintenance_surveys_table',80),(299,'2024_06_14_123000_add_column_own_osada_equipments_table',81);

--
-- Table structure for table `news`
--

CREATE TABLE `news` (
  `id` int unsigned NOT NULL AUTO_INCREMENT COMMENT 'ID',
  `group_id` int unsigned NOT NULL COMMENT 'グループID',
  `news_category_id` int unsigned NOT NULL COMMENT 'カテゴリID',
  `clinic_id` int unsigned DEFAULT NULL COMMENT 'お知らせ対象医院ID',
  `title` varchar(255) CHARACTER SET utf8mb4 COLLATE utf8mb4_unicode_ci NOT NULL COMMENT '件名',
  `body` longtext CHARACTER SET utf8mb4 COLLATE utf8mb4_unicode_ci NOT NULL COMMENT '内容',
  `post_at` datetime NOT NULL COMMENT '投稿日時',
  `display_start_at` datetime NOT NULL COMMENT '公開開始日時',
  `display_end_at` datetime DEFAULT NULL COMMENT '公開終了日時',
  `is_display` tinyint(1) NOT NULL DEFAULT '0' COMMENT '公開フラグ',
  `is_important` tinyint(1) NOT NULL DEFAULT '0' COMMENT '重要表示フラグ',
  `is_popup` tinyint(1) NOT NULL DEFAULT '0' COMMENT 'ポップアップ表示フラグ',
  `is_endless_popup` tinyint(1) NOT NULL DEFAULT '0' COMMENT '常時ポップアップ表示フラグ',
  `is_auto_registered` tinyint(1) NOT NULL DEFAULT '0' COMMENT '自動登録フラグ',
  `is_designated_clinic` tinyint(1) NOT NULL DEFAULT '0' COMMENT '特定医院向けフラグ',
  `is_domestic_dentistry` tinyint(1) NOT NULL DEFAULT '0' COMMENT '国内歯科向けフラグ',
  `is_domestic_veterinary` tinyint(1) NOT NULL DEFAULT '0' COMMENT '国内獣医科向けフラグ',
  `is_domestic_medical` tinyint(1) NOT NULL DEFAULT '0' COMMENT '国内医科向けフラグ',
  `is_domestic_others` tinyint(1) NOT NULL DEFAULT '0' COMMENT '国内その他向けフラグ',
  `is_oversea` tinyint(1) NOT NULL DEFAULT '0' COMMENT '海外向けフラグ',
  `oversea_country_id` json DEFAULT NULL COMMENT '海外対象国リスト',
  `oversea_country_id_for_index` varchar(255) CHARACTER SET utf8mb4 COLLATE utf8mb4_unicode_ci GENERATED ALWAYS AS (json_unquote(json_extract(`oversea_country_id`,_utf8mb4'$.country_id'))) STORED COMMENT '海外対象国リストindex設定用',
  `is_oversea_other` tinyint(1) NOT NULL DEFAULT '0' COMMENT 'その他海外向けフラグ',
  `is_required_action` tinyint(1) NOT NULL DEFAULT '0' COMMENT '要対応フラグ',
  `required_action_type` tinyint unsigned DEFAULT NULL COMMENT '要対応種別',
  `repair_request_id` bigint unsigned DEFAULT NULL COMMENT '要対応修理依頼ID',
  `root_repair_message_id` bigint unsigned DEFAULT NULL COMMENT '要確認ルートメッセージID',
  `is_attached_file` tinyint(1) NOT NULL DEFAULT '0' COMMENT '資料添付フラグ',
  `target_clinic_id` longtext CHARACTER SET utf8mb4 COLLATE utf8mb4_unicode_ci COMMENT 'お知らせ対象医院ID',
  `created_at` datetime NOT NULL DEFAULT CURRENT_TIMESTAMP COMMENT '作成日時',
  `updated_at` datetime NOT NULL DEFAULT CURRENT_TIMESTAMP COMMENT '更新日時',
  `deleted_at` datetime DEFAULT NULL COMMENT '削除日時',
  PRIMARY KEY (`id`),
  KEY `news_group_id_index` (`group_id`),
  KEY `news_news_category_id_index` (`news_category_id`),
  KEY `news_clinic_id_index` (`clinic_id`),
  KEY `news_repair_request_id_foreign` (`repair_request_id`),
  KEY `news_root_repair_message_id_foreign` (`root_repair_message_id`),
  KEY `news_oversea_country_id_for_index_index` (`oversea_country_id_for_index`),
  CONSTRAINT `news_clinic_id_foreign` FOREIGN KEY (`clinic_id`) REFERENCES `clinics` (`id`),
  CONSTRAINT `news_news_category_id_foreign` FOREIGN KEY (`news_category_id`) REFERENCES `news_categories` (`id`),
  CONSTRAINT `news_repair_request_id_foreign` FOREIGN KEY (`repair_request_id`) REFERENCES `repair_requests` (`id`),
  CONSTRAINT `news_root_repair_message_id_foreign` FOREIGN KEY (`root_repair_message_id`) REFERENCES `repair_messages` (`id`)
) ENGINE=InnoDB AUTO_INCREMENT=55 DEFAULT CHARSET=utf8mb4 COLLATE=utf8mb4_unicode_ci;

--
-- Dumping data for table `news`
--

INSERT INTO `news` (`id`, `group_id`, `news_category_id`, `clinic_id`, `title`, `body`, `post_at`, `display_start_at`, `display_end_at`, `is_display`, `is_important`, `is_popup`, `is_endless_popup`, `is_auto_registered`, `is_designated_clinic`, `is_domestic_dentistry`, `is_domestic_veterinary`, `is_domestic_medical`, `is_domestic_others`, `is_oversea`, `oversea_country_id`, `is_oversea_other`, `is_required_action`, `required_action_type`, `repair_request_id`, `root_repair_message_id`, `is_attached_file`, `target_clinic_id`, `created_at`, `updated_at`, `deleted_at`) VALUES (1,1,1,NULL,'テストテスト','<p>テストです。テストです</p>','2023-09-08 22:47:00','2023-09-08 22:47:00',NULL,1,0,1,0,0,0,1,1,1,1,1,'[360, 376]',1,0,NULL,NULL,NULL,1,NULL,'2023-09-08 22:52:04','2023-11-11 14:37:02',NULL),(2,2,4,31,'オサダからのご連絡があります（依頼番号：1-31-20230929222022）','<p>オサダからのご連絡があります</p><p><a href=\"http://127.0.0.1:8000/smartsupport/clinic/repair-request/show/72\" target=\"_blank\">こちら</a>より内容をご確認ください。</p>','2023-10-15 14:36:25','2023-10-15 14:36:25',NULL,1,1,1,0,1,1,0,0,0,0,0,NULL,0,1,3,72,46,0,'31','2023-10-15 14:36:25','2023-11-11 14:37:02',NULL),(3,3,4,31,'オサダからのご連絡があります（依頼番号：1-31-20230929222022）','<p>オサダからのご連絡があります</p><p><a href=\"http://127.0.0.1:8000/smartsupport/clinic/repair-request/show/72\" target=\"_blank\">こちら</a>より内容をご確認ください。</p>','2023-10-15 14:49:51','2023-10-15 14:49:51',NULL,1,1,1,0,1,1,0,0,0,0,0,NULL,0,1,3,72,47,0,'31','2023-10-15 14:49:51','2023-11-11 14:37:02',NULL),(4,4,4,31,'オサダからのご連絡があります（依頼番号：1-31-20230929222022）','<p>オサダからのご連絡があります</p><p><a href=\"http://127.0.0.1:8000/smartsupport/clinic/repair-request/show/72\" target=\"_blank\">こちら</a>より内容をご確認ください。</p>','2023-10-15 14:56:38','2023-10-15 14:56:38',NULL,1,1,1,0,1,1,0,0,0,0,0,NULL,0,1,3,72,47,0,'31','2023-10-15 14:56:38','2023-11-11 14:37:02',NULL),(5,5,4,31,'オサダからのご連絡があります（依頼番号：1-31-20230929222022）','<p>オサダからのご連絡があります</p><p><a href=\"http://127.0.0.1:8000/smartsupport/clinic/repair-request/show/72\" target=\"_blank\">こちら</a>より内容をご確認ください。</p>','2023-10-15 15:15:44','2023-10-15 15:15:44',NULL,1,1,1,0,1,1,0,0,0,0,0,NULL,0,1,3,72,50,0,'31','2023-10-15 15:15:44','2023-11-11 14:37:02',NULL),(6,6,4,31,'お問い合わせに回答が来ています（依頼番号：1-31-20230929222022）','<p>お問い合わせに回答が来ています</p><p><a href=\"http://127.0.0.1:8000/smartsupport/clinic/repair-request/show/72\" target=\"_blank\">こちら</a>より内容をご確認ください。</p>','2023-10-15 22:01:42','2023-10-15 22:01:42',NULL,1,1,1,0,1,1,0,0,0,0,0,NULL,0,1,2,72,51,0,'31','2023-10-15 22:01:42','2023-11-11 14:37:02',NULL),(7,7,4,26,'お見積りが登録されました（依頼番号：26-2307020820） 回答期日:2023/11/02','<p>お見積りが登録されました。</p><p><a href=\"http://127.0.0.1:8000/clinic/repair-request/show/32\" target=\"_blank\">こちら</a>より内容をご確認ください。</p>','2023-10-19 08:43:42','2023-10-19 08:43:42',NULL,1,1,1,0,1,1,0,0,0,0,0,NULL,0,0,NULL,NULL,NULL,0,'26','2023-10-19 08:43:42','2023-11-11 14:37:02',NULL),(8,8,4,26,'お見積りが登録されました（依頼番号：26-2307020820） 回答期日:2023/11/02','<p>お見積りが登録されました。</p><p><a href=\"http://127.0.0.1:8000/clinic/repair-request/show/32\" target=\"_blank\">こちら</a>より内容をご確認ください。</p>','2023-10-19 08:44:05','2023-10-19 08:44:05',NULL,1,1,1,0,1,1,0,0,0,0,0,NULL,0,1,1,32,NULL,0,'26','2023-10-19 08:44:05','2023-11-11 14:37:02',NULL),(9,9,4,45,'お見積りが登録されました（依頼番号：5-45-20231021080755） 回答期日:2023/11/04','<p>お見積りが登録されました。</p><p><a href=\"http://127.0.0.1:8000/clinic/repair-request/show/74\" target=\"_blank\">こちら</a>より内容をご確認ください。</p>','2023-10-21 15:37:17','2023-10-21 15:37:17',NULL,1,1,1,0,1,1,0,0,0,0,0,NULL,0,0,NULL,NULL,NULL,0,'45','2023-10-21 15:37:17','2023-11-11 14:37:02',NULL),(10,10,4,45,'お見積りが登録されました（依頼番号：5-45-20231021080755） 回答期日:2023/11/04','<p>お見積りが登録されました。</p><p><a href=\"http://127.0.0.1:8000/clinic/repair-request/show/74\" target=\"_blank\">こちら</a>より内容をご確認ください。</p>','2023-10-21 15:38:41','2023-10-21 15:38:41',NULL,1,1,1,0,1,1,0,0,0,0,0,NULL,0,0,NULL,NULL,NULL,0,'45','2023-10-21 15:38:41','2023-11-11 14:37:02',NULL),(11,11,4,45,'お見積りが登録されました（依頼番号：5-45-20231021080755） 回答期日:2023/11/04','<p>お見積りが登録されました。</p><p><a href=\"http://127.0.0.1:8000/clinic/repair-request/show/74\" target=\"_blank\">こちら</a>より内容をご確認ください。</p>','2023-10-21 15:43:45','2023-10-21 15:43:45',NULL,1,1,1,0,1,1,0,0,0,0,0,NULL,0,0,NULL,NULL,NULL,0,'45','2023-10-21 15:43:45','2023-11-11 14:37:02',NULL),(12,12,4,45,'お見積りが登録されました（依頼番号：5-45-20231021080755） 回答期日:2023/11/04','<p>お見積りが登録されました。</p><p><a href=\"http://127.0.0.1:8000/clinic/repair-request/show/74\" target=\"_blank\">こちら</a>より内容をご確認ください。</p>','2023-10-21 15:47:21','2023-10-21 15:47:21',NULL,1,1,1,0,1,1,0,0,0,0,0,NULL,0,0,NULL,NULL,NULL,0,'45','2023-10-21 15:47:21','2023-11-11 14:37:02',NULL),(13,13,4,45,'お見積りが登録されました（依頼番号：5-45-20231021080755） 回答期日:2023/11/04','<p>お見積りが登録されました。</p><p><a href=\"http://127.0.0.1:8000/clinic/repair-request/show/74\" target=\"_blank\">こちら</a>より内容をご確認ください。</p>','2023-10-21 15:48:03','2023-10-21 15:48:03',NULL,1,1,1,0,1,1,0,0,0,0,0,NULL,0,0,NULL,NULL,NULL,0,'45','2023-10-21 15:48:03','2023-11-11 14:37:02',NULL),(14,14,4,45,'お見積りが登録されました（依頼番号：5-45-20231021080755） 回答期日:2023/11/04','<p>お見積りが登録されました。</p><p><a href=\"http://127.0.0.1:8000/clinic/repair-request/show/74\" target=\"_blank\">こちら</a>より内容をご確認ください。</p>','2023-10-21 15:50:55','2023-10-21 15:50:55',NULL,1,1,1,0,1,1,0,0,0,0,0,NULL,0,0,NULL,NULL,NULL,0,'45','2023-10-21 15:50:55','2023-11-11 14:37:02',NULL),(15,15,4,45,'お見積りが登録されました（依頼番号：5-45-20231021080755） 回答期日:2023/11/04','<p>お見積りが登録されました。</p><p><a href=\"http://127.0.0.1:8000/clinic/repair-request/show/74\" target=\"_blank\">こちら</a>より内容をご確認ください。</p>','2023-10-21 15:53:27','2023-10-21 15:53:27',NULL,1,1,1,0,1,1,0,0,0,0,0,NULL,0,0,NULL,NULL,NULL,0,'45','2023-10-21 15:53:27','2023-11-11 14:37:02',NULL),(16,16,4,45,'お見積りが登録されました（依頼番号：5-45-20231021080755） 回答期日:2023/11/04','<p>お見積りが登録されました。</p><p><a href=\"http://127.0.0.1:8000/clinic/repair-request/show/74\" target=\"_blank\">こちら</a>より内容をご確認ください。</p>','2023-10-21 15:54:12','2023-10-21 15:54:12',NULL,1,1,1,0,1,1,0,0,0,0,0,NULL,0,0,NULL,NULL,NULL,0,'45','2023-10-21 15:54:12','2023-11-11 14:37:02',NULL),(17,17,4,45,'お見積りが登録されました（依頼番号：5-45-20231021080755） 回答期日:2023/11/05','<p>お見積りが登録されました。</p><p><a href=\"http://127.0.0.1:8000/clinic/repair-request/show/74\" target=\"_blank\">こちら</a>より内容をご確認ください。</p>','2023-10-22 07:07:56','2023-10-22 07:07:56',NULL,1,1,1,0,1,1,0,0,0,0,0,NULL,0,0,NULL,NULL,NULL,0,'45','2023-10-22 07:07:56','2023-11-11 14:37:02',NULL),(18,18,4,45,'お見積りが登録されました（依頼番号：5-45-20231021080755） 回答期日:2023/11/05','<p>お見積りが登録されました。</p><p><a href=\"http://127.0.0.1:8000/clinic/repair-request/show/74\" target=\"_blank\">こちら</a>より内容をご確認ください。</p>','2023-10-22 07:12:18','2023-10-22 07:12:18',NULL,1,1,1,0,1,1,0,0,0,0,0,NULL,0,0,NULL,NULL,NULL,0,'45','2023-10-22 07:12:18','2023-11-11 14:37:02',NULL),(19,19,4,45,'お見積りが登録されました（依頼番号：5-45-20231021080755） 回答期日:2023/11/05','<p>お見積りが登録されました。</p><p><a href=\"http://127.0.0.1:8000/clinic/repair-request/show/74\" target=\"_blank\">こちら</a>より内容をご確認ください。</p>','2023-10-22 08:53:44','2023-10-22 08:53:44',NULL,1,1,1,0,1,1,0,0,0,0,0,NULL,0,0,NULL,NULL,NULL,0,'45','2023-10-22 08:53:44','2023-11-11 14:37:03',NULL),(20,20,4,45,'お見積りが登録されました（依頼番号：5-45-20231021080755） 回答期日:2023/11/05','<p>お見積りが登録されました。</p><p><a href=\"http://127.0.0.1:8000/clinic/repair-request/show/74\" target=\"_blank\">こちら</a>より内容をご確認ください。</p>','2023-10-22 10:10:31','2023-10-22 10:10:31',NULL,1,1,1,0,1,1,0,0,0,0,0,NULL,0,0,NULL,NULL,NULL,0,'45','2023-10-22 10:10:31','2023-11-11 14:37:03',NULL),(21,21,4,45,'お見積りが登録されました（依頼番号：5-45-20231021080755） 回答期日:2023/11/05','<p>お見積りが登録されました。</p><p><a href=\"http://127.0.0.1:8000/clinic/repair-request/show/74\" target=\"_blank\">こちら</a>より内容をご確認ください。</p>','2023-10-22 10:11:25','2023-10-22 10:11:25',NULL,1,1,1,0,1,1,0,0,0,0,0,NULL,0,0,NULL,NULL,NULL,0,'45','2023-10-22 10:11:25','2023-11-11 14:37:03',NULL),(22,23,4,45,'お見積りが登録されました（依頼番号：5-45-20231021080755） 回答期日:2023/11/05','<p>お見積りが登録されました。</p><p><a href=\"http://127.0.0.1:8000/smartsupport/clinic/repair-request/show/74\" target=\"_blank\">こちら</a>より内容をご確認ください。</p>','2023-10-22 10:24:49','2023-10-22 10:24:49',NULL,1,1,1,0,1,1,0,0,0,0,0,NULL,0,0,NULL,NULL,NULL,0,'45','2023-10-22 10:24:49','2023-11-11 14:37:03',NULL),(23,24,4,45,'お見積りが登録されました（依頼番号：5-45-20231021080755） 回答期日:2023/11/05','<p>お見積りが登録されました。</p><p><a href=\"http://127.0.0.1:8000/smartsupport/clinic/repair-request/show/74\" target=\"_blank\">こちら</a>より内容をご確認ください。</p>','2023-10-22 10:27:56','2023-10-22 10:27:56',NULL,1,1,1,0,1,1,0,0,0,0,0,NULL,0,0,NULL,NULL,NULL,0,'45','2023-10-22 10:27:56','2023-11-11 14:37:03',NULL),(24,25,4,45,'お見積りが登録されました（依頼番号：5-45-20231021080755） 回答期日:2023/11/05','<p>お見積りが登録されました。</p><p><a href=\"http://127.0.0.1:8000/clinic/repair-request/show/74\" target=\"_blank\">こちら</a>より内容をご確認ください。</p>','2023-10-22 10:30:51','2023-10-22 10:30:51',NULL,1,1,1,0,1,1,0,0,0,0,0,NULL,0,0,NULL,NULL,NULL,0,'45','2023-10-22 10:30:51','2023-11-11 14:37:03',NULL),(25,26,4,45,'お見積りが登録されました（依頼番号：5-45-20231021080755） 回答期日:2023/11/05','<p>お見積りが登録されました。</p><p><a href=\"http://127.0.0.1:8000/clinic/repair-request/show/74\" target=\"_blank\">こちら</a>より内容をご確認ください。</p>','2023-10-22 10:53:55','2023-10-22 10:53:55',NULL,1,1,1,0,1,1,0,0,0,0,0,NULL,0,0,NULL,NULL,NULL,0,'45','2023-10-22 10:53:55','2023-11-11 14:37:03',NULL),(26,27,4,45,'お見積りが登録されました（依頼番号：5-45-20231021080755） 回答期日:2023/11/05','<p>お見積りが登録されました。</p><p><a href=\"http://127.0.0.1:8000/clinic/repair-request/show/74\" target=\"_blank\">こちら</a>より内容をご確認ください。</p>','2023-10-22 10:54:15','2023-10-22 10:54:15',NULL,1,1,1,0,1,1,0,0,0,0,0,NULL,0,0,NULL,NULL,NULL,0,'45','2023-10-22 10:54:15','2023-11-11 14:37:03',NULL),(27,30,4,45,'お見積りが登録されました（依頼番号：5-45-20231021080755） 回答期日:2023/11/05','<p>お見積りが登録されました。</p><p><a href=\"http://127.0.0.1:8000/smartsupport/clinic/repair-request/show/74\" target=\"_blank\">こちら</a>より内容をご確認ください。</p>','2023-10-22 16:22:22','2023-10-22 16:22:22',NULL,1,1,1,0,1,1,0,0,0,0,0,NULL,0,0,NULL,NULL,NULL,0,'45','2023-10-22 16:22:22','2023-11-11 14:37:03',NULL),(28,31,4,45,'オサダからのご連絡があります（依頼番号：5-45-20231022195428）','<p>オサダからのご連絡があります</p><p><a href=\"http://127.0.0.1:8000/smartsupport/clinic/repair-request/show/78\" target=\"_blank\">こちら</a>より内容をご確認ください。</p>','2023-10-22 21:30:42','2023-10-22 21:30:42',NULL,1,1,1,0,1,1,0,0,0,0,0,NULL,0,1,3,78,54,0,'45','2023-10-22 21:30:42','2023-11-11 14:37:03',NULL),(29,32,4,45,'オサダからのご連絡があります（依頼番号：5-45-20231022195428）','<p>オサダからのご連絡があります</p><p><a href=\"http://127.0.0.1:8000/smartsupport/clinic/repair-request/show/78\" target=\"_blank\">こちら</a>より内容をご確認ください。</p>','2023-10-23 23:30:08','2023-10-23 23:30:08',NULL,1,1,1,0,1,1,0,0,0,0,0,NULL,0,1,3,78,55,0,'45','2023-10-23 23:30:08','2023-11-11 14:37:03',NULL),(30,33,4,45,'オサダからのご連絡があります（依頼番号：5-45-20231022195428）','<p>オサダからのご連絡があります</p><p><a href=\"http://127.0.0.1:8000/smartsupport/clinic/repair-request/show/78\" target=\"_blank\">こちら</a>より内容をご確認ください。</p>','2023-10-23 23:30:38','2023-10-23 23:30:38',NULL,1,1,1,0,1,1,0,0,0,0,0,NULL,0,1,3,78,56,0,'45','2023-10-23 23:30:38','2023-11-11 14:37:03',NULL),(31,34,4,45,'お見積りが登録されました（依頼番号：5-45-20231021080755） 回答期日:2023/11/08','<p>お見積りが登録されました。</p><p><a href=\"http://127.0.0.1:8000/smartsupport/clinic/repair-request/show/74\" target=\"_blank\">こちら</a>より内容をご確認ください。</p>','2023-10-25 09:12:31','2023-10-25 09:12:31',NULL,1,1,1,0,1,1,0,0,0,0,0,NULL,0,0,NULL,NULL,NULL,0,'45','2023-10-25 09:12:31','2023-11-11 14:37:03',NULL),(32,35,4,45,'お見積りが登録されました（依頼番号：5-45-20231021080755） 回答期日:2023/11/08','<p>お見積りが登録されました。</p><p><a href=\"http://127.0.0.1:8000/clinic/repair-request/show/74\" target=\"_blank\">こちら</a>より内容をご確認ください。</p>','2023-10-25 09:35:59','2023-10-25 09:35:59',NULL,1,1,1,0,1,1,0,0,0,0,0,NULL,0,0,NULL,NULL,NULL,0,'45','2023-10-25 09:35:59','2023-11-11 14:37:03',NULL),(33,36,4,45,'お見積りが登録されました（依頼番号：5-45-20231021080755） 回答期日:2023/11/08','<p>お見積りが登録されました。</p><p><a href=\"http://127.0.0.1:8000/smartsupport/clinic/repair-request/show/74\" target=\"_blank\">こちら</a>より内容をご確認ください。</p>','2023-10-25 09:41:27','2023-10-25 09:41:27',NULL,1,1,1,0,1,1,0,0,0,0,0,NULL,0,1,1,74,NULL,0,'45','2023-10-25 09:41:27','2023-11-11 14:37:03',NULL),(34,37,4,45,'オサダからのご連絡があります（依頼番号：5-45-20231026084155）','<p>オサダからのご連絡があります</p><p><a href=\"http://127.0.0.1:8000/clinic/repair-request/show/79\" target=\"_blank\">こちら</a>より内容をご確認ください。</p>','2023-10-26 09:14:49','2023-10-26 09:14:49',NULL,1,1,1,0,1,1,0,0,0,0,0,NULL,0,1,3,79,57,0,'45','2023-10-26 09:14:49','2023-11-11 14:37:03',NULL),(35,38,4,45,'オサダからのご連絡があります（依頼番号：5-45-20231026084155）','<p>オサダからのご連絡があります</p><p><a href=\"http://127.0.0.1:8000/clinic/repair-request/show/79\" target=\"_blank\">こちら</a>より内容をご確認ください。</p>','2023-10-26 09:30:52','2023-10-26 09:30:52',NULL,1,1,1,0,1,1,0,0,0,0,0,NULL,0,1,3,79,58,0,'45','2023-10-26 09:30:52','2023-11-11 14:37:03',NULL),(36,39,4,45,'オサダからのご連絡があります（依頼番号：5-45-20231026084155）','<p>オサダからのご連絡があります</p><p><a href=\"http://127.0.0.1:8000/clinic/repair-request/show/79\" target=\"_blank\">こちら</a>より内容をご確認ください。</p>','2023-10-26 09:44:18','2023-10-26 09:44:18',NULL,1,1,1,0,1,1,0,0,0,0,0,NULL,0,1,3,79,59,0,'45','2023-10-26 09:44:18','2023-11-11 14:37:03',NULL),(37,40,4,45,'お問い合わせに回答が来ています（依頼番号：5-45-20231026084155）','<p>お問い合わせに回答が来ています</p><p><a href=\"http://127.0.0.1:8000/clinic/repair-request/show/79\" target=\"_blank\">こちら</a>より内容をご確認ください。</p>','2023-10-26 13:36:48','2023-10-26 13:36:48',NULL,1,1,1,0,1,1,0,0,0,0,0,NULL,0,1,2,79,60,0,'45','2023-10-26 13:36:48','2023-11-11 14:37:03',NULL),(38,41,4,45,'お問い合わせに回答が来ています（依頼番号：5-45-20231026084155）','<p>お問い合わせに回答が来ています</p><p><a href=\"http://127.0.0.1:8000/clinic/repair-request/show/79\" target=\"_blank\">こちら</a>より内容をご確認ください。</p>','2023-10-26 13:38:10','2023-10-26 13:38:10',NULL,1,1,1,0,1,1,0,0,0,0,0,NULL,0,1,2,79,60,0,'45','2023-10-26 13:38:10','2023-11-11 14:37:03',NULL),(39,42,4,31,'お見積りが登録されました（依頼番号：1-31-20230724204942） 回答期日:2023/11/12','<p>お見積りが登録されました。</p><p><a href=\"http://127.0.0.1:8000/smartsupport/clinic/repair-request/show/60\" target=\"_blank\">こちら</a>より内容をご確認ください。</p>','2023-10-29 11:42:36','2023-10-29 11:42:36',NULL,1,1,1,0,1,1,0,0,0,0,0,NULL,0,1,1,60,NULL,0,'31','2023-10-29 11:42:36','2023-11-11 14:37:03',NULL),(40,43,4,31,'オサダからのご連絡があります（依頼番号：1-31-20230720190302）','<p>オサダからのご連絡があります</p><p><a href=\"http://127.0.0.1:8000/smartsupport/clinic/repair-request/show/58\" target=\"_blank\">こちら</a>より内容をご確認ください。</p>','2023-10-29 16:36:35','2023-10-29 16:36:35',NULL,1,1,1,0,1,1,0,0,0,0,0,NULL,0,1,3,58,64,0,'31','2023-10-29 16:36:35','2023-11-11 14:37:03',NULL),(41,44,4,31,'お問い合わせに回答が来ています（依頼番号：1-31-20230720190302）','<p>お問い合わせに回答が来ています</p><p><a href=\"http://127.0.0.1:8000/smartsupport/clinic/repair-request/show/58\" target=\"_blank\">こちら</a>より内容をご確認ください。</p>','2023-10-29 16:38:09','2023-10-29 16:38:09',NULL,1,1,1,0,1,1,0,0,0,0,0,NULL,0,1,2,58,65,0,'31','2023-10-29 16:38:09','2023-11-11 14:37:03',NULL),(42,45,4,34,'オサダからのご連絡があります（依頼番号：2-34-20230825153716）','<p>オサダからのご連絡があります</p><p><a href=\"http://127.0.0.1:8000/smartsupport/clinic/repair-request/show/66\" target=\"_blank\">こちら</a>より内容をご確認ください。</p>','2023-11-03 21:18:18','2023-11-03 21:18:18',NULL,1,1,1,0,1,1,0,0,0,0,0,NULL,0,1,3,66,67,0,'34','2023-11-03 21:18:18','2023-11-11 14:37:03',NULL),(43,46,4,31,'お問い合わせに回答が来ています（依頼番号：31-2307070909）','<p>お問い合わせに回答が来ています</p><p><a href=\"http://127.0.0.1:8000/smartsupport/clinic/repair-request/show/38\" target=\"_blank\">こちら</a>より内容をご確認ください。</p>','2023-11-03 21:20:48','2023-11-03 21:20:48',NULL,1,1,1,0,1,1,0,0,0,0,0,NULL,0,1,2,38,68,0,'31','2023-11-03 21:20:48','2023-11-11 14:37:03',NULL),(44,47,4,31,'お問い合わせに回答が来ています（依頼番号：31-2307041111）','<p>お問い合わせに回答が来ています（依頼番号：31-2307041111）</p><p><a href=\"http://127.0.0.1:8000/clinic/repair-request/show/36\" target=\"_blank\">こちら</a>より内容をご確認ください。</p>','2023-12-04 14:22:56','2023-12-04 14:22:56',NULL,1,1,1,0,1,1,0,0,0,0,0,NULL,0,1,2,36,76,0,'31','2023-12-04 14:22:56','2023-12-04 14:22:56',NULL),(45,48,4,31,'オサダからのご連絡があります（依頼番号：1-31-20231124114815）','<p>オサダからのご連絡があります（依頼番号：1-31-20231124114815）</p><p><a href=\"http://127.0.0.1:8000/smartsupport/clinic/repair-request/show/82\" target=\"_blank\">こちら</a>より内容をご確認ください。</p>','2023-12-09 13:20:08','2023-12-09 13:20:08',NULL,1,1,1,0,1,1,0,0,0,0,0,NULL,0,1,3,82,79,0,'31','2023-12-09 13:20:08','2023-12-09 13:20:08',NULL),(46,49,4,31,'お見積りが登録されました（依頼番号：1-31-20231220140418） 回答期日:2024/01/03','<p>お見積りが登録されました。</p><p><a href=\"http://127.0.0.1:8000/smartsupport/clinic/repair-request/show/84\" target=\"_blank\">こちら</a>より内容をご確認ください。</p>','2023-12-20 14:06:24','2023-12-20 14:06:24',NULL,1,1,1,0,1,1,0,0,0,0,0,NULL,0,1,1,84,NULL,0,'31','2023-12-20 14:06:24','2023-12-20 14:06:24',NULL),(47,50,4,31,'お問い合わせに回答が来ています（依頼番号：31-2307041111）','<p>お問い合わせに回答が来ています（依頼番号：31-2307041111）</p><p><a href=\"http://127.0.0.1:8000/smartsupport/clinic/repair-request/show/36\" target=\"_blank\">こちら</a>より内容をご確認ください。</p>','2024-02-25 20:20:03','2024-02-25 20:20:03',NULL,1,1,1,0,1,1,0,0,0,0,0,NULL,0,1,2,36,75,0,'31','2024-02-25 20:20:03','2024-02-25 20:20:03',NULL),(48,51,4,31,'お見積りが登録されました（依頼番号：1-31-20240321211535） 回答期日:2024/04/04','<p>お見積りが登録されました。</p><p><a href=\"http://127.0.0.1:8000/smartsupport/clinic/repair-request/show/85\" target=\"_blank\">こちら</a>より内容をご確認ください。</p>','2024-03-21 21:23:37','2024-03-21 21:23:37',NULL,1,1,1,0,1,1,0,0,0,0,0,NULL,0,1,1,85,NULL,0,'31','2024-03-21 21:23:37','2024-03-21 21:23:37',NULL),(49,52,4,31,'お見積りが登録されました（依頼番号：1-31-20240410001412） 回答期日:2024/04/24','<p>お見積りが登録されました。</p><p><a href=\"http://127.0.0.1:8000/smartsupport/clinic/repair-request/show/86\" target=\"_blank\">こちら</a>より内容をご確認ください。</p>','2024-04-10 23:20:04','2024-04-10 23:20:04',NULL,1,1,1,0,1,1,0,0,0,0,0,NULL,0,1,1,86,NULL,0,'31','2024-04-10 23:20:04','2024-04-10 23:20:04',NULL),(50,53,4,31,'お見積りが登録されました（依頼番号：1-31-20231015213801） 回答期日:2024/04/25','<p>お見積りが登録されました。</p><p><a href=\"http://127.0.0.1:8000/clinic/repair-request/show/73\" target=\"_blank\">こちら</a>より内容をご確認ください。</p>','2024-04-11 20:17:57','2024-04-11 20:17:57',NULL,1,1,1,0,1,1,0,0,0,0,0,NULL,0,1,1,73,NULL,0,'31','2024-04-11 20:17:57','2024-04-11 20:17:57',NULL),(51,54,4,31,'お見積りが登録されました（依頼番号：1-31-20240413145332） 回答期日:2024/04/27','<p>お見積りが登録されました。</p><p><a href=\"http://127.0.0.1:8000/smartsupport/clinic/repair-request/show/92\" target=\"_blank\">こちら</a>より内容をご確認ください。</p>','2024-04-13 21:48:32','2024-04-13 21:48:32',NULL,1,1,1,0,1,1,0,0,0,0,0,NULL,0,1,1,92,NULL,0,'31','2024-04-13 21:48:32','2024-04-13 21:48:32',NULL),(52,55,4,31,'お見積りが登録されました（依頼番号：1-31-20240411204912） 回答期日:2024/04/29','<p>お見積りが登録されました。</p><p><a href=\"http://127.0.0.1:8000/smartsupport/clinic/repair-request/show/89\" target=\"_blank\">こちら</a>より内容をご確認ください。</p>','2024-04-15 22:12:43','2024-04-15 22:12:43',NULL,1,1,1,0,1,1,0,0,0,0,0,NULL,0,1,1,89,NULL,0,'31','2024-04-15 22:12:43','2024-04-15 22:12:43',NULL),(53,56,4,31,'お見積りが登録されました(依頼番号:1-31-20240602132700) 回答期日:2024/06/14','<p>こちらより内容をご確認ください。</p><p><a href=\"http://127.0.0.1:8000/smartsupport/clinic/repair-request/show/96\" target=\"_blank\">1-31-20240602132700</a></p>','2024-06-02 13:43:20','2024-06-02 13:43:20',NULL,1,1,1,0,1,1,0,0,0,0,0,NULL,0,1,1,96,NULL,0,'31','2024-06-02 13:43:20','2024-06-02 13:43:20',NULL),(54,57,4,31,'お見積りが登録されました（依頼番号：1-31-20230720190302） 回答期日:2024/07/23','<p>お見積りが登録されました。</p><p><a href=\"http://127.0.0.1:8000/clinic/repair-request/show/58\" target=\"_blank\">こちら</a>より内容をご確認ください。</p>','2024-07-09 20:45:41','2024-07-09 20:45:41',NULL,1,1,1,0,1,1,0,0,0,0,0,NULL,0,1,1,58,NULL,0,'31','2024-07-09 20:45:41','2024-07-09 20:45:41',NULL);

--
-- Table structure for table `news_categories`
--

CREATE TABLE `news_categories` (
  `id` int unsigned NOT NULL AUTO_INCREMENT COMMENT 'ID',
  `name_ja` varchar(255) CHARACTER SET utf8mb4 COLLATE utf8mb4_unicode_ci NOT NULL COMMENT 'カテゴリ',
  `name_en` varchar(255) CHARACTER SET utf8mb4 COLLATE utf8mb4_unicode_ci NOT NULL COMMENT 'カテゴリ(英語)',
  `background_color` char(6) CHARACTER SET utf8mb4 COLLATE utf8mb4_unicode_ci NOT NULL COMMENT '背景色',
  `display_order` int unsigned NOT NULL COMMENT '表示順序',
  `created_at` datetime NOT NULL DEFAULT CURRENT_TIMESTAMP COMMENT '作成日時',
  `updated_at` datetime NOT NULL DEFAULT CURRENT_TIMESTAMP COMMENT '更新日時',
  `deleted_at` datetime DEFAULT NULL COMMENT '削除日時',
  PRIMARY KEY (`id`)
) ENGINE=InnoDB AUTO_INCREMENT=5 DEFAULT CHARSET=utf8mb4 COLLATE=utf8mb4_unicode_ci;

--
-- Dumping data for table `news_categories`
--

INSERT INTO `news_categories` VALUES (1,'サービス情報','Services','274a78',1,'2023-10-14 14:34:32','2023-10-14 14:34:32',NULL),(2,'機器情報','Equipments','460e44',2,'2023-10-14 14:34:32','2023-10-14 14:34:32',NULL),(3,'スケジュール情報','Events','556b2f',3,'2023-10-14 14:34:32','2023-10-14 14:34:32',NULL),(4,'要対応','Action required','8b0000',4,'2023-10-14 14:34:32','2023-10-14 14:34:32',NULL);

--
-- Table structure for table `news_clinic_action_histories`
--

CREATE TABLE `news_clinic_action_histories` (
  `id` bigint unsigned NOT NULL AUTO_INCREMENT COMMENT 'ID',
  `news_id` int unsigned NOT NULL COMMENT 'お知らせID',
  `news_group_id` int unsigned NOT NULL COMMENT 'お知らせグループID',
  `clinic_id` int unsigned NOT NULL COMMENT '医院ID',
  `checked_clinic_staff_id` int unsigned DEFAULT NULL COMMENT 'ポップアップ表示確認医院従業員ID',
  `checked_clinic_staff_name` varchar(255) CHARACTER SET utf8mb4 COLLATE utf8mb4_unicode_ci DEFAULT NULL COMMENT 'ポップアップ表示確認医院従業員名',
  `checked_at` datetime DEFAULT NULL COMMENT 'ポップアップ表示確認日時',
  `is_stop_endless_popup` tinyint(1) NOT NULL DEFAULT '0' COMMENT 'ポップアップ表示不要フラグ',
  `completed_clinic_staff_id` int unsigned DEFAULT NULL COMMENT '対応完了医院従業員ID',
  `completed_clinic_staff_name` varchar(255) CHARACTER SET utf8mb4 COLLATE utf8mb4_unicode_ci DEFAULT NULL COMMENT '対応完了医院従業員名',
  `completed_at` datetime DEFAULT NULL COMMENT '対応完了日時',
  `created_at` datetime NOT NULL DEFAULT CURRENT_TIMESTAMP COMMENT '作成日時',
  `updated_at` datetime NOT NULL DEFAULT CURRENT_TIMESTAMP COMMENT '更新日時',
  `deleted_at` datetime DEFAULT NULL COMMENT '削除日時',
  PRIMARY KEY (`id`),
  KEY `news_clinic_action_histories_news_id_index` (`news_id`),
  KEY `news_clinic_action_histories_news_group_id_index` (`news_group_id`),
  KEY `news_clinic_action_histories_clinic_id_index` (`clinic_id`),
  KEY `news_clinic_action_histories_checked_clinic_staff_id_foreign` (`checked_clinic_staff_id`),
  KEY `news_clinic_action_histories_completed_clinic_staff_id_foreign` (`completed_clinic_staff_id`),
  CONSTRAINT `news_clinic_action_histories_checked_clinic_staff_id_foreign` FOREIGN KEY (`checked_clinic_staff_id`) REFERENCES `clinic_staffs` (`id`),
  CONSTRAINT `news_clinic_action_histories_clinic_id_foreign` FOREIGN KEY (`clinic_id`) REFERENCES `clinics` (`id`),
  CONSTRAINT `news_clinic_action_histories_completed_clinic_staff_id_foreign` FOREIGN KEY (`completed_clinic_staff_id`) REFERENCES `clinic_staffs` (`id`),
  CONSTRAINT `news_clinic_action_histories_news_group_id_foreign` FOREIGN KEY (`news_group_id`) REFERENCES `news_group_sequences` (`id`),
  CONSTRAINT `news_clinic_action_histories_news_id_foreign` FOREIGN KEY (`news_id`) REFERENCES `news` (`id`)
) ENGINE=InnoDB AUTO_INCREMENT=54 DEFAULT CHARSET=utf8mb4 COLLATE=utf8mb4_unicode_ci;

--
-- Dumping data for table `news_clinic_action_histories`
--

INSERT INTO `news_clinic_action_histories` VALUES (1,1,1,31,31,'グランダー　次郎','2023-10-15 21:22:42',0,NULL,NULL,NULL,'2023-10-15 21:22:42','2023-11-11 14:23:54',NULL),(2,2,2,31,31,'グランダー　次郎','2023-10-15 21:22:47',0,NULL,NULL,NULL,'2023-10-15 21:22:47','2023-11-11 14:23:54',NULL),(3,3,3,31,31,'グランダー　次郎','2023-10-15 21:22:50',0,NULL,NULL,NULL,'2023-10-15 21:22:50','2023-11-11 14:23:54',NULL),(4,4,4,31,31,'グランダー　次郎','2023-10-15 21:22:52',0,NULL,NULL,NULL,'2023-10-15 21:22:52','2023-11-11 14:23:54',NULL),(5,5,5,31,31,'グランダー　次郎','2023-10-15 21:22:54',0,NULL,NULL,NULL,'2023-10-15 21:22:54','2023-11-11 14:23:54',NULL),(6,6,6,31,31,'グランダー　次郎','2023-10-16 10:23:23',0,NULL,NULL,NULL,'2023-10-16 10:23:23','2023-11-11 14:23:54',NULL),(7,9,9,45,45,'タイ　次郎','2023-10-22 10:18:16',0,NULL,NULL,NULL,'2023-10-22 10:18:16','2023-11-11 14:23:54',NULL),(8,10,10,45,45,'タイ　次郎','2023-10-22 10:18:19',0,NULL,NULL,NULL,'2023-10-22 10:18:19','2023-11-11 14:23:54',NULL),(9,11,11,45,45,'タイ　次郎','2023-10-22 10:18:21',0,NULL,NULL,NULL,'2023-10-22 10:18:21','2023-11-11 14:23:54',NULL),(10,12,12,45,45,'タイ　次郎','2023-10-22 10:18:22',0,NULL,NULL,NULL,'2023-10-22 10:18:22','2023-11-11 14:23:54',NULL),(11,13,13,45,45,'タイ　次郎','2023-10-22 10:18:23',0,NULL,NULL,NULL,'2023-10-22 10:18:23','2023-11-11 14:23:54',NULL),(12,14,14,45,45,'タイ　次郎','2023-10-22 10:18:24',0,NULL,NULL,NULL,'2023-10-22 10:18:24','2023-11-11 14:23:54',NULL),(13,15,15,45,45,'タイ　次郎','2023-10-22 10:18:26',0,NULL,NULL,NULL,'2023-10-22 10:18:26','2023-11-11 14:23:54',NULL),(14,16,16,45,45,'タイ　次郎','2023-10-22 10:18:27',0,NULL,NULL,NULL,'2023-10-22 10:18:27','2023-11-11 14:23:54',NULL),(15,17,17,45,45,'タイ　次郎','2023-10-22 10:18:28',0,NULL,NULL,NULL,'2023-10-22 10:18:28','2023-11-11 14:23:54',NULL),(16,18,18,45,45,'タイ　次郎','2023-10-22 10:18:29',0,NULL,NULL,NULL,'2023-10-22 10:18:29','2023-11-11 14:23:54',NULL),(17,19,19,45,45,'タイ　次郎','2023-10-22 10:18:30',0,NULL,NULL,NULL,'2023-10-22 10:18:30','2023-11-11 14:23:54',NULL),(18,20,20,45,45,'タイ　次郎','2023-10-22 10:18:31',0,NULL,NULL,NULL,'2023-10-22 10:18:31','2023-11-11 14:23:54',NULL),(19,21,21,45,45,'タイ　次郎','2023-10-22 10:18:32',0,NULL,NULL,NULL,'2023-10-22 10:18:32','2023-11-11 14:23:54',NULL),(20,22,23,45,45,'タイ　次郎','2023-10-22 10:34:12',0,NULL,NULL,NULL,'2023-10-22 10:34:12','2023-11-11 14:23:54',NULL),(21,23,24,45,45,'タイ　次郎','2023-10-22 10:34:14',0,NULL,NULL,NULL,'2023-10-22 10:34:14','2023-11-11 14:23:54',NULL),(22,24,25,45,45,'タイ　次郎','2023-10-22 10:35:59',0,NULL,NULL,NULL,'2023-10-22 10:35:59','2023-11-11 14:23:54',NULL),(23,25,26,45,45,'タイ　次郎','2023-10-22 10:55:10',0,NULL,NULL,NULL,'2023-10-22 10:55:10','2023-11-11 14:23:54',NULL),(24,26,27,45,45,'タイ　次郎','2023-10-22 10:55:12',0,NULL,NULL,NULL,'2023-10-22 10:55:12','2023-11-11 14:23:54',NULL),(25,27,30,45,45,'タイ　次郎','2023-10-22 16:42:00',0,NULL,NULL,NULL,'2023-10-22 16:42:00','2023-11-11 14:23:54',NULL),(26,28,31,45,45,'タイ　次郎','2023-10-22 22:42:36',0,45,'タイ　次郎','2023-10-23 23:23:55','2023-10-22 22:42:36','2023-11-11 14:23:55',NULL),(27,29,32,45,45,'タイ　次郎','2023-10-23 23:30:17',0,NULL,NULL,NULL,'2023-10-23 23:30:17','2023-11-11 14:23:54',NULL),(28,30,33,45,45,'タイ　次郎','2023-10-25 09:26:38',0,NULL,NULL,NULL,'2023-10-25 09:26:38','2023-11-11 14:23:54',NULL),(29,31,34,45,45,'タイ　次郎','2023-10-25 09:26:44',0,NULL,NULL,NULL,'2023-10-25 09:26:44','2023-11-11 14:23:54',NULL),(30,32,35,45,45,'タイ　次郎','2023-10-25 09:41:12',0,NULL,NULL,NULL,'2023-10-25 09:41:12','2023-11-11 14:23:54',NULL),(31,33,36,45,45,'タイ　次郎','2023-10-25 12:43:06',0,NULL,NULL,NULL,'2023-10-25 12:43:06','2023-11-11 14:23:54',NULL),(32,39,42,31,31,'グランダー　次郎','2023-10-29 15:47:15',0,31,'グランダー　次郎','2023-10-29 12:01:57','2023-10-29 15:47:15','2023-11-11 14:23:55',NULL),(33,40,43,31,31,'グランダー　次郎','2023-10-29 16:38:21',0,31,'グランダー　次郎','2023-10-29 16:37:05','2023-10-29 16:38:21','2023-11-11 14:23:55',NULL),(34,41,44,31,31,'グランダー　次郎','2023-11-02 18:33:52',0,31,'グランダー　次郎','2023-10-29 16:38:15','2023-11-02 18:33:52','2023-11-11 14:23:55',NULL),(35,43,46,31,31,'グランダー　次郎','2023-11-03 21:25:22',0,NULL,NULL,NULL,'2023-11-03 21:25:22','2023-11-11 14:23:54',NULL),(36,42,45,34,34,'阿部島　誉幸','2023-11-04 21:38:36',0,NULL,NULL,NULL,'2023-11-04 21:38:36','2023-11-11 14:23:54',NULL),(37,34,37,45,NULL,NULL,NULL,0,45,'タイ　次郎','2023-10-26 13:53:31','2023-11-11 14:23:55','2023-11-11 14:23:55',NULL),(38,35,38,45,NULL,NULL,NULL,0,45,'タイ　次郎','2023-10-26 13:42:33','2023-11-11 14:23:55','2023-11-11 14:23:55',NULL),(39,36,39,45,NULL,NULL,NULL,0,45,'タイ　次郎','2023-10-26 13:53:29','2023-11-11 14:23:55','2023-11-11 14:23:55',NULL),(40,37,40,45,NULL,NULL,NULL,0,45,'タイ　次郎','2023-10-26 13:53:33','2023-11-11 14:23:55','2023-11-11 14:23:55',NULL),(41,38,41,45,NULL,NULL,NULL,0,45,'タイ　次郎','2023-10-26 13:53:33','2023-11-11 14:23:55','2023-11-11 14:23:55',NULL),(42,44,47,31,31,'グランダー　次郎','2023-12-04 14:23:08',0,31,'グランダー　次郎','2023-12-04 14:23:08','2023-12-04 14:23:08','2023-12-04 14:23:08',NULL),(43,46,49,31,31,'グランダー　次郎','2023-12-20 14:08:29',0,31,'グランダー　次郎','2023-12-20 14:08:29','2023-12-20 14:08:29','2023-12-20 14:08:29',NULL),(44,45,48,31,31,'グランダー　次郎','2024-01-27 21:01:57',0,NULL,NULL,NULL,'2024-01-27 21:01:57','2024-01-27 21:01:57',NULL),(45,47,50,31,31,'グランダー 次郎','2024-02-26 10:18:05',0,31,'グランダー 次郎','2024-03-22 10:40:08','2024-02-26 10:18:05','2024-03-22 10:40:08',NULL),(46,1,1,34,34,'阿部島　誉幸','2024-03-05 14:40:09',0,NULL,NULL,NULL,'2024-03-05 14:40:09','2024-03-05 14:40:09',NULL),(47,48,51,31,31,'グランダー 次郎','2024-03-22 09:13:56',0,31,'グランダー 次郎','2024-04-11 20:26:03','2024-03-22 09:13:56','2024-04-11 20:26:03',NULL),(48,50,53,31,31,'グランダー 次郎','2024-04-11 20:18:50',0,31,'グランダー 次郎','2024-04-11 20:18:50','2024-04-11 20:18:50','2024-04-11 20:18:50',NULL),(49,49,52,31,31,'グランダー 次郎','2024-04-12 09:24:15',0,NULL,NULL,NULL,'2024-04-12 09:24:15','2024-04-12 09:24:15',NULL),(50,51,54,31,31,'グランダー 次郎','2024-04-15 08:50:20',0,31,'グランダー 次郎','2024-04-15 10:56:01','2024-04-15 08:50:20','2024-04-15 10:56:01',NULL),(51,52,55,31,31,'グランダー 次郎','2024-04-16 14:17:13',0,NULL,NULL,NULL,'2024-04-16 14:17:13','2024-04-16 14:17:13',NULL),(52,53,56,31,31,'グランダー 次郎','2024-06-20 10:07:14',0,NULL,NULL,NULL,'2024-06-20 10:07:14','2024-06-20 10:07:14',NULL),(53,54,57,31,31,'グランダー 次郎','2024-07-20 21:50:49',0,NULL,NULL,NULL,'2024-07-20 21:50:49','2024-07-20 21:50:49',NULL);

--
